{"id":17,"date":"2024-08-28T21:21:45","date_gmt":"2024-08-29T00:21:45","guid":{"rendered":"https:\/\/memo.museudapessoa.org\/bibliotecadalalinha\/conte-sua-historia\/"},"modified":"2024-08-28T21:21:46","modified_gmt":"2024-08-29T00:21:46","slug":"conte-sua-historia","status":"publish","type":"page","link":"https:\/\/memo.museudapessoa.org\/bibliotecadalalinha\/conte-sua-historia\/","title":{"rendered":"Conte sua hist\u00f3ria"},"content":{"rendered":"\n<section class=' margin-top-none margin-bottom-medium padding-top-none padding-bottom-none' style='background-color:rgba(255,255,255,0);'>\n    <div class=\"container\">\n      <div class=\"row\">\n                  <div class=\"col-12\">\n            <h2>Hist\u00f3rias enviadas<\/h2>\n          <\/div>\n                      <div class=\"history-item col-6 col-md-3 mb-3  wow fadeInUp\" data-wow-delay=\"0.0s\">\n            <a href=\"https:\/\/memo.museudapessoa.org\/bibliotecadalalinha\/historia-detalhe\/54247\"  class=\"gallery-item w-100 home-gallery__item \" >\n              <picture><source srcset='https:\/\/memo.museudapessoa.org\/wp-content\/uploads\/avatar66cfca23afd04.png' \/>\n\t\t<img  src='https:\/\/memo.museudapessoa.org\/wp-content\/uploads\/avatar66cfca23afd04.png' alt='' loading='lazy' \/><\/picture>            <\/a>\n            <a href=\"https:\/\/memo.museudapessoa.org\/bibliotecadalalinha\/historia-detalhe\/54247\" ><h3>A Jornada de Carla Maria: O Encanto da Biblioteca e o Poder de Compartilhar Hist\u00f3rias<\/h3><\/a>\n        <\/div>\n        \n                  <div class=\"col-md-10 offset-md-1 text-center py-3\"><a class=\"btn\" href=\"https:\/\/memo.museudapessoa.org\/csh\/historias-de-bibliotecarias-compartilhando-leitura-com-amor\">Conte sua hist\u00f3ria!<\/a><\/div>\n      \n\n<!-- PAGINA\u00c7\u00c3O -->\n      \n\n\n      <\/div>\n    <\/div>\n<\/section>\n\n","protected":false},"excerpt":{"rendered":"","protected":false},"author":0,"featured_media":0,"parent":0,"menu_order":0,"comment_status":"closed","ping_status":"closed","template":"","meta":{"_acf_changed":false,"footnotes":""},"class_list":["post-17","page","type-page","status-publish","hentry"],"acf":[],"yoast_head":"<!-- This site is optimized with the Yoast SEO plugin v23.3 - https:\/\/yoast.com\/wordpress\/plugins\/seo\/ -->\n<title>Conte sua hist\u00f3ria - HIST\u00d3RIAS DE BIBLIOTEC\u00c1RIAS COMPARTILHANDO LEITURA COM AMOR<\/title>\n<meta name=\"robots\" content=\"index, follow, max-snippet:-1, max-image-preview:large, max-video-preview:-1\" \/>\n<link rel=\"canonical\" href=\"https:\/\/memo.museudapessoa.org\/bibliotecadalalinha\/conte-sua-historia\/\" \/>\n<meta property=\"og:locale\" content=\"pt_BR\" \/>\n<meta property=\"og:type\" content=\"article\" \/>\n<meta property=\"og:title\" content=\"Conte sua hist\u00f3ria - HIST\u00d3RIAS DE BIBLIOTEC\u00c1RIAS COMPARTILHANDO LEITURA COM AMOR\" \/>\n<meta property=\"og:url\" content=\"https:\/\/memo.museudapessoa.org\/bibliotecadalalinha\/conte-sua-historia\/\" \/>\n<meta property=\"og:site_name\" content=\"HIST\u00d3RIAS DE BIBLIOTEC\u00c1RIAS COMPARTILHANDO LEITURA COM AMOR\" \/>\n<meta property=\"article:modified_time\" content=\"2024-08-29T00:21:46+00:00\" \/>\n<meta name=\"twitter:card\" content=\"summary_large_image\" \/>\n<script type=\"application\/ld+json\" class=\"yoast-schema-graph\">{\"@context\":\"https:\/\/schema.org\",\"@graph\":[{\"@type\":\"WebPage\",\"@id\":\"https:\/\/memo.museudapessoa.org\/bibliotecadalalinha\/conte-sua-historia\/\",\"url\":\"https:\/\/memo.museudapessoa.org\/bibliotecadalalinha\/conte-sua-historia\/\",\"name\":\"Conte sua hist\u00f3ria - HIST\u00d3RIAS DE BIBLIOTEC\u00c1RIAS COMPARTILHANDO LEITURA COM AMOR\",\"isPartOf\":{\"@id\":\"https:\/\/memo.museudapessoa.org\/bibliotecadalalinha\/#website\"},\"datePublished\":\"2024-08-29T00:21:45+00:00\",\"dateModified\":\"2024-08-29T00:21:46+00:00\",\"breadcrumb\":{\"@id\":\"https:\/\/memo.museudapessoa.org\/bibliotecadalalinha\/conte-sua-historia\/#breadcrumb\"},\"inLanguage\":\"pt-BR\",\"potentialAction\":[{\"@type\":\"ReadAction\",\"target\":[\"https:\/\/memo.museudapessoa.org\/bibliotecadalalinha\/conte-sua-historia\/\"]}]},{\"@type\":\"BreadcrumbList\",\"@id\":\"https:\/\/memo.museudapessoa.org\/bibliotecadalalinha\/conte-sua-historia\/#breadcrumb\",\"itemListElement\":[{\"@type\":\"ListItem\",\"position\":1,\"name\":\"Home\",\"item\":\"https:\/\/memo.museudapessoa.org\/bibliotecadalalinha\/\"},{\"@type\":\"ListItem\",\"position\":2,\"name\":\"Conte sua hist\u00f3ria\"}]},{\"@type\":\"WebSite\",\"@id\":\"https:\/\/memo.museudapessoa.org\/bibliotecadalalinha\/#website\",\"url\":\"https:\/\/memo.museudapessoa.org\/bibliotecadalalinha\/\",\"name\":\"HIST\u00d3RIAS DE BIBLIOTEC\u00c1RIAS COMPARTILHANDO LEITURA COM AMOR\",\"description\":\"\",\"potentialAction\":[{\"@type\":\"SearchAction\",\"target\":{\"@type\":\"EntryPoint\",\"urlTemplate\":\"https:\/\/memo.museudapessoa.org\/bibliotecadalalinha\/?s={search_term_string}\"},\"query-input\":\"required name=search_term_string\"}],\"inLanguage\":\"pt-BR\"}]}<\/script>\n<!-- \/ Yoast SEO plugin. -->","yoast_head_json":{"title":"Conte sua hist\u00f3ria - HIST\u00d3RIAS DE BIBLIOTEC\u00c1RIAS COMPARTILHANDO LEITURA COM AMOR","robots":{"index":"index","follow":"follow","max-snippet":"max-snippet:-1","max-image-preview":"max-image-preview:large","max-video-preview":"max-video-preview:-1"},"canonical":"https:\/\/memo.museudapessoa.org\/bibliotecadalalinha\/conte-sua-historia\/","og_locale":"pt_BR","og_type":"article","og_title":"Conte sua hist\u00f3ria - HIST\u00d3RIAS DE BIBLIOTEC\u00c1RIAS COMPARTILHANDO LEITURA COM AMOR","og_url":"https:\/\/memo.museudapessoa.org\/bibliotecadalalinha\/conte-sua-historia\/","og_site_name":"HIST\u00d3RIAS DE BIBLIOTEC\u00c1RIAS COMPARTILHANDO LEITURA COM AMOR","article_modified_time":"2024-08-29T00:21:46+00:00","twitter_card":"summary_large_image","schema":{"@context":"https:\/\/schema.org","@graph":[{"@type":"WebPage","@id":"https:\/\/memo.museudapessoa.org\/bibliotecadalalinha\/conte-sua-historia\/","url":"https:\/\/memo.museudapessoa.org\/bibliotecadalalinha\/conte-sua-historia\/","name":"Conte sua hist\u00f3ria - HIST\u00d3RIAS DE BIBLIOTEC\u00c1RIAS COMPARTILHANDO LEITURA COM AMOR","isPartOf":{"@id":"https:\/\/memo.museudapessoa.org\/bibliotecadalalinha\/#website"},"datePublished":"2024-08-29T00:21:45+00:00","dateModified":"2024-08-29T00:21:46+00:00","breadcrumb":{"@id":"https:\/\/memo.museudapessoa.org\/bibliotecadalalinha\/conte-sua-historia\/#breadcrumb"},"inLanguage":"pt-BR","potentialAction":[{"@type":"ReadAction","target":["https:\/\/memo.museudapessoa.org\/bibliotecadalalinha\/conte-sua-historia\/"]}]},{"@type":"BreadcrumbList","@id":"https:\/\/memo.museudapessoa.org\/bibliotecadalalinha\/conte-sua-historia\/#breadcrumb","itemListElement":[{"@type":"ListItem","position":1,"name":"Home","item":"https:\/\/memo.museudapessoa.org\/bibliotecadalalinha\/"},{"@type":"ListItem","position":2,"name":"Conte sua hist\u00f3ria"}]},{"@type":"WebSite","@id":"https:\/\/memo.museudapessoa.org\/bibliotecadalalinha\/#website","url":"https:\/\/memo.museudapessoa.org\/bibliotecadalalinha\/","name":"HIST\u00d3RIAS DE BIBLIOTEC\u00c1RIAS COMPARTILHANDO LEITURA COM AMOR","description":"","potentialAction":[{"@type":"SearchAction","target":{"@type":"EntryPoint","urlTemplate":"https:\/\/memo.museudapessoa.org\/bibliotecadalalinha\/?s={search_term_string}"},"query-input":"required name=search_term_string"}],"inLanguage":"pt-BR"}]}},"_links":{"self":[{"href":"https:\/\/memo.museudapessoa.org\/bibliotecadalalinha\/wp-json\/wp\/v2\/pages\/17"}],"collection":[{"href":"https:\/\/memo.museudapessoa.org\/bibliotecadalalinha\/wp-json\/wp\/v2\/pages"}],"about":[{"href":"https:\/\/memo.museudapessoa.org\/bibliotecadalalinha\/wp-json\/wp\/v2\/types\/page"}],"replies":[{"embeddable":true,"href":"https:\/\/memo.museudapessoa.org\/bibliotecadalalinha\/wp-json\/wp\/v2\/comments?post=17"}],"version-history":[{"count":1,"href":"https:\/\/memo.museudapessoa.org\/bibliotecadalalinha\/wp-json\/wp\/v2\/pages\/17\/revisions"}],"predecessor-version":[{"id":18,"href":"https:\/\/memo.museudapessoa.org\/bibliotecadalalinha\/wp-json\/wp\/v2\/pages\/17\/revisions\/18"}],"wp:attachment":[{"href":"https:\/\/memo.museudapessoa.org\/bibliotecadalalinha\/wp-json\/wp\/v2\/media?parent=17"}],"curies":[{"name":"wp","href":"https:\/\/api.w.org\/{rel}","templated":true}]}}

Conte sua história

<section class=' margin-top-none margin-bottom-medium padding-top-none padding-bottom-none' style='background-color:rgba(255,255,255,0);'>
    <div class="container">
      <div class="row">
                  <div class="col-12">
            <h2>Histórias enviadas</h2>
          </div>
                      <div class="history-item col-6 col-md-3 mb-3  wow fadeInUp" data-wow-delay="0.0s">
            <a href="https://memo.museudapessoa.org/bibliotecadalalinha/historia-detalhe/54247"  class="gallery-item w-100 home-gallery__item " >
              <picture><source srcset='https://memo.museudapessoa.org/wp-content/uploads/avatar66cfca23afd04.png' />
		<img  src='https://memo.museudapessoa.org/wp-content/uploads/avatar66cfca23afd04.png' alt='' loading='lazy' /></picture>            </a>
            <a href="https://memo.museudapessoa.org/bibliotecadalalinha/historia-detalhe/54247" ><h3>A Jornada de Carla Maria: O Encanto da Biblioteca e o Poder de Compartilhar Histórias</h3></a>
        </div>
        
                  <div class="col-md-10 offset-md-1 text-center py-3"><a class="btn" href="https://memo.museudapessoa.org/csh/historias-de-bibliotecarias-compartilhando-leitura-com-amor">Conte sua história!</a></div>
      

<!-- PAGINAÇÃO -->
      


      </div>
    </div>
</section>

<!-- This site is optimized with the Yoast SEO plugin v23.3 - https://yoast.com/wordpress/plugins/seo/ -->
<title>Conte sua história - HISTÓRIAS DE BIBLIOTECÁRIAS COMPARTILHANDO LEITURA COM AMOR</title>
<meta name="robots" content="index, follow, max-snippet:-1, max-image-preview:large, max-video-preview:-1" />
<link rel="canonical" href="https://memo.museudapessoa.org/bibliotecadalalinha/conte-sua-historia/" />
<meta property="og:locale" content="pt_BR" />
<meta property="og:type" content="article" />
<meta property="og:title" content="Conte sua história - HISTÓRIAS DE BIBLIOTECÁRIAS COMPARTILHANDO LEITURA COM AMOR" />
<meta property="og:url" content="https://memo.museudapessoa.org/bibliotecadalalinha/conte-sua-historia/" />
<meta property="og:site_name" content="HISTÓRIAS DE BIBLIOTECÁRIAS COMPARTILHANDO LEITURA COM AMOR" />
<meta property="article:modified_time" content="2024-08-29T00:21:46+00:00" />
<meta name="twitter:card" content="summary_large_image" />
<script type="application/ld+json" class="yoast-schema-graph">{"@context":"https://schema.org","@graph":[{"@type":"WebPage","@id":"https://memo.museudapessoa.org/bibliotecadalalinha/conte-sua-historia/","url":"https://memo.museudapessoa.org/bibliotecadalalinha/conte-sua-historia/","name":"Conte sua história - HISTÓRIAS DE BIBLIOTECÁRIAS COMPARTILHANDO LEITURA COM AMOR","isPartOf":{"@id":"https://memo.museudapessoa.org/bibliotecadalalinha/#website"},"datePublished":"2024-08-29T00:21:45+00:00","dateModified":"2024-08-29T00:21:46+00:00","breadcrumb":{"@id":"https://memo.museudapessoa.org/bibliotecadalalinha/conte-sua-historia/#breadcrumb"},"inLanguage":"pt-BR","potentialAction":[{"@type":"ReadAction","target":["https://memo.museudapessoa.org/bibliotecadalalinha/conte-sua-historia/"]}]},{"@type":"BreadcrumbList","@id":"https://memo.museudapessoa.org/bibliotecadalalinha/conte-sua-historia/#breadcrumb","itemListElement":[{"@type":"ListItem","position":1,"name":"Home","item":"https://memo.museudapessoa.org/bibliotecadalalinha/"},{"@type":"ListItem","position":2,"name":"Conte sua história"}]},{"@type":"WebSite","@id":"https://memo.museudapessoa.org/bibliotecadalalinha/#website","url":"https://memo.museudapessoa.org/bibliotecadalalinha/","name":"HISTÓRIAS DE BIBLIOTECÁRIAS COMPARTILHANDO LEITURA COM AMOR","description":"","potentialAction":[{"@type":"SearchAction","target":{"@type":"EntryPoint","urlTemplate":"https://memo.museudapessoa.org/bibliotecadalalinha/?s={search_term_string}"},"query-input":"required name=search_term_string"}],"inLanguage":"pt-BR"}]}</script>
<!-- / Yoast SEO plugin. -->

Conte sua história - HISTÓRIAS DE BIBLIOTECÁRIAS COMPARTILHANDO LEITURA COM AMOR

HISTÓRIAS DE BIBLIOTECÁRIAS COMPARTILHANDO LEITURA COM AMOR
