{"id":122,"date":"2023-07-27T12:10:06","date_gmt":"2023-07-27T15:10:06","guid":{"rendered":"https:\/\/hhh.memo.museudapessoa.org\/biomas-que-transformam\/?page_id=122"},"modified":"2024-09-25T16:30:47","modified_gmt":"2024-09-25T19:30:47","slug":"conte-sua-historia","status":"publish","type":"page","link":"https:\/\/memo.museudapessoa.org\/biomas-que-transformam\/conte-sua-historia\/","title":{"rendered":"Conte Sua Hist\u00f3ria"},"content":{"rendered":"\n\n<div id=\"destaque-topo\" class='carousel block-header-highlight wow fadeIn  block_e7d0935c366b0637ed378743787c8434 no-nav  margin-top-none margin-bottom-medium padding-top-none padding-bottom-none' style='background-color:rgba(255,255,255,0);' data-wow-delay=\"0.5s\" >\n<style>\n    .block_e7d0935c366b0637ed378743787c8434 h2,  .block_e7d0935c366b0637ed378743787c8434 h4, .block_e7d0935c366b0637ed378743787c8434 a, .block_e7d0935c366b0637ed378743787c8434 a h2, .block_e7d0935c366b0637ed378743787c8434 a p, .block_e7d0935c366b0637ed378743787c8434 p{\n      color: #FFF !important;\n  }\n    .block_e7d0935c366b0637ed378743787c8434 .carousel-nav__link.active:after{\n    background-color: #FFF !important;\n  }\n  .block_e7d0935c366b0637ed378743787c8434 .carousel-item__content .arrow svg rect{\n    fill: #FFF !important;\n  }\n<\/style>\n    <div class=\"carousel-item h-100 py-md-5 item-1  active\"\n  role=\"tabpanel\" aria-hidden=\"false\" tabindex=\"0\"\n  >\n      <div class=\"carousel-item__overlay\"\n                \n          style=\"background-color:rgba(0,0,0,0);\"\n                    ><\/div>\n                          <div class=\"parallaxParent carousel-item__image\" >\n                  <div class=\"carousel-item__image-element\" \n                style=\"background-image: url(https:\/\/memo.museudapessoa.org\/biomas-que-transformam\/wp-content\/uploads\/sites\/20\/2023\/08\/Drone-80.Rio-na-frente-do-Porto-de-Sao-Francisco-JPG-scaled.jpg);\n                background-position: % %;\" >\n                  <\/div> \n              <\/div>\n                              <div class=\"container h-100\">\n        <div class=\"row h-100\">\n          <div class=\"col-md-8 col-md-8 align-self-center\">\n            <div class=\"carousel-item__content\">\n                                                                              <\/div>\n          <\/div>\n        <\/div>\n      <\/div>  \n    <\/div>\n          <\/div>\n\n\n\n        <section class=\"conteudo\">\n          <div class=\"container\">\n            <div class=\"row\">\n              <div class=\"col-md-12 conteudo content margin-center text-md-\">\n                \n<h2 id=\"conte-sua-historia\" class=\"wp-block-heading\">Conte sua hist\u00f3ria<\/h2>\n\n              <\/div>\n            <\/div>\n          <\/div>\n        <\/section>\n\n\n        <section class=\"conteudo\">\n          <div class=\"container\">\n            <div class=\"row\">\n              <div class=\"col-md-12 conteudo content margin-center text-md-\">\n                \n<p>Voc\u00ea tamb\u00e9m pode fazer parte da exposi\u00e7\u00e3o ao contar sua hist\u00f3ria. Nesta p\u00e1gina, confira alguns dos relatos que j\u00e1 recebemos dos visitantes.<\/p>\n\n              <\/div>\n            <\/div>\n          <\/div>\n        <\/section>\n\n\n        <section class=\"conteudo\">\n          <div class=\"container\">\n            <div class=\"row\">\n              <div class=\"col-md-12 conteudo content margin-center text-md-\">\n                \n<p>Para enviar seu depoimento, clique no bot\u00e3o flutuante \u201cConte sua Hist\u00f3ria\u201d (no canto inferior direito da sua tela) e registre seu conte\u00fado em v\u00eddeo, texto ou \u00e1udio. \u00c9 de gra\u00e7a!<\/p>\n\n              <\/div>\n            <\/div>\n          <\/div>\n        <\/section>\n\n<section id=\"historias-listagem\" class='block-historias-listagem margin-top-none margin-bottom-medium padding-top-none padding-bottom-none' style='background-color:rgba(255,255,255,0);'>\n    <div class=\"container\">\n         \n        <div class=\"row justify-content-md-center \">\n                        <div class=\"col-12 py-3\">\n                <h3>N\u00e3o existem hist\u00f3rias cadastradas no momento.<\/h3>\n            <\/div>\n                                <\/div>\n    <\/div>\n<\/section>\n\n\n","protected":false},"excerpt":{"rendered":"<p>Conte sua hist\u00f3ria Voc\u00ea tamb\u00e9m pode fazer parte da exposi\u00e7\u00e3o ao contar sua hist\u00f3ria. Nesta p\u00e1gina, confira alguns dos relatos que j\u00e1 recebemos dos visitantes. Para enviar seu depoimento, clique no bot\u00e3o flutuante \u201cConte sua Hist\u00f3ria\u201d (no canto inferior direito&#8230;<\/p>\n","protected":false},"author":4,"featured_media":0,"parent":0,"menu_order":0,"comment_status":"closed","ping_status":"closed","template":"","meta":{"_acf_changed":false,"footnotes":""},"class_list":["post-122","page","type-page","status-publish","hentry"],"acf":[],"yoast_head":"<!-- This site is optimized with the Yoast SEO plugin v23.3 - https:\/\/yoast.com\/wordpress\/plugins\/seo\/ -->\n<title>Conte Sua Hist\u00f3ria - Biomas que Transformam<\/title>\n<meta name=\"robots\" content=\"index, follow, max-snippet:-1, max-image-preview:large, max-video-preview:-1\" \/>\n<link rel=\"canonical\" href=\"https:\/\/memo.museudapessoa.org\/biomas-que-transformam\/conte-sua-historia\/\" \/>\n<meta property=\"og:locale\" content=\"pt_BR\" \/>\n<meta property=\"og:type\" content=\"article\" \/>\n<meta property=\"og:title\" content=\"Conte Sua Hist\u00f3ria - Biomas que Transformam\" \/>\n<meta property=\"og:description\" content=\"Conte sua hist\u00f3ria Voc\u00ea tamb\u00e9m pode fazer parte da exposi\u00e7\u00e3o ao contar sua hist\u00f3ria. Nesta p\u00e1gina, confira alguns dos relatos que j\u00e1 recebemos dos visitantes. Para enviar seu depoimento, clique no bot\u00e3o flutuante \u201cConte sua Hist\u00f3ria\u201d (no canto inferior direito...\" \/>\n<meta property=\"og:url\" content=\"https:\/\/memo.museudapessoa.org\/biomas-que-transformam\/conte-sua-historia\/\" \/>\n<meta property=\"og:site_name\" content=\"Biomas que Transformam\" \/>\n<meta property=\"article:modified_time\" content=\"2024-09-25T19:30:47+00:00\" \/>\n<meta name=\"twitter:card\" content=\"summary_large_image\" \/>\n<meta name=\"twitter:label1\" content=\"Est. tempo de leitura\" \/>\n\t<meta name=\"twitter:data1\" content=\"1 minuto\" \/>\n<script type=\"application\/ld+json\" class=\"yoast-schema-graph\">{\"@context\":\"https:\/\/schema.org\",\"@graph\":[{\"@type\":\"WebPage\",\"@id\":\"https:\/\/memo.museudapessoa.org\/biomas-que-transformam\/conte-sua-historia\/\",\"url\":\"https:\/\/memo.museudapessoa.org\/biomas-que-transformam\/conte-sua-historia\/\",\"name\":\"Conte Sua Hist\u00f3ria - Biomas que Transformam\",\"isPartOf\":{\"@id\":\"https:\/\/memo.museudapessoa.org\/biomas-que-transformam\/#website\"},\"datePublished\":\"2023-07-27T15:10:06+00:00\",\"dateModified\":\"2024-09-25T19:30:47+00:00\",\"breadcrumb\":{\"@id\":\"https:\/\/memo.museudapessoa.org\/biomas-que-transformam\/conte-sua-historia\/#breadcrumb\"},\"inLanguage\":\"pt-BR\",\"potentialAction\":[{\"@type\":\"ReadAction\",\"target\":[\"https:\/\/memo.museudapessoa.org\/biomas-que-transformam\/conte-sua-historia\/\"]}]},{\"@type\":\"BreadcrumbList\",\"@id\":\"https:\/\/memo.museudapessoa.org\/biomas-que-transformam\/conte-sua-historia\/#breadcrumb\",\"itemListElement\":[{\"@type\":\"ListItem\",\"position\":1,\"name\":\"Home\",\"item\":\"https:\/\/memo.museudapessoa.org\/biomas-que-transformam\/\"},{\"@type\":\"ListItem\",\"position\":2,\"name\":\"Conte Sua Hist\u00f3ria\"}]},{\"@type\":\"WebSite\",\"@id\":\"https:\/\/memo.museudapessoa.org\/biomas-que-transformam\/#website\",\"url\":\"https:\/\/memo.museudapessoa.org\/biomas-que-transformam\/\",\"name\":\"Biomas que Transformam\",\"description\":\"\",\"potentialAction\":[{\"@type\":\"SearchAction\",\"target\":{\"@type\":\"EntryPoint\",\"urlTemplate\":\"https:\/\/memo.museudapessoa.org\/biomas-que-transformam\/?s={search_term_string}\"},\"query-input\":\"required name=search_term_string\"}],\"inLanguage\":\"pt-BR\"}]}<\/script>\n<!-- \/ Yoast SEO plugin. -->","yoast_head_json":{"title":"Conte Sua Hist\u00f3ria - Biomas que Transformam","robots":{"index":"index","follow":"follow","max-snippet":"max-snippet:-1","max-image-preview":"max-image-preview:large","max-video-preview":"max-video-preview:-1"},"canonical":"https:\/\/memo.museudapessoa.org\/biomas-que-transformam\/conte-sua-historia\/","og_locale":"pt_BR","og_type":"article","og_title":"Conte Sua Hist\u00f3ria - Biomas que Transformam","og_description":"Conte sua hist\u00f3ria Voc\u00ea tamb\u00e9m pode fazer parte da exposi\u00e7\u00e3o ao contar sua hist\u00f3ria. Nesta p\u00e1gina, confira alguns dos relatos que j\u00e1 recebemos dos visitantes. Para enviar seu depoimento, clique no bot\u00e3o flutuante \u201cConte sua Hist\u00f3ria\u201d (no canto inferior direito...","og_url":"https:\/\/memo.museudapessoa.org\/biomas-que-transformam\/conte-sua-historia\/","og_site_name":"Biomas que Transformam","article_modified_time":"2024-09-25T19:30:47+00:00","twitter_card":"summary_large_image","twitter_misc":{"Est. tempo de leitura":"1 minuto"},"schema":{"@context":"https:\/\/schema.org","@graph":[{"@type":"WebPage","@id":"https:\/\/memo.museudapessoa.org\/biomas-que-transformam\/conte-sua-historia\/","url":"https:\/\/memo.museudapessoa.org\/biomas-que-transformam\/conte-sua-historia\/","name":"Conte Sua Hist\u00f3ria - Biomas que Transformam","isPartOf":{"@id":"https:\/\/memo.museudapessoa.org\/biomas-que-transformam\/#website"},"datePublished":"2023-07-27T15:10:06+00:00","dateModified":"2024-09-25T19:30:47+00:00","breadcrumb":{"@id":"https:\/\/memo.museudapessoa.org\/biomas-que-transformam\/conte-sua-historia\/#breadcrumb"},"inLanguage":"pt-BR","potentialAction":[{"@type":"ReadAction","target":["https:\/\/memo.museudapessoa.org\/biomas-que-transformam\/conte-sua-historia\/"]}]},{"@type":"BreadcrumbList","@id":"https:\/\/memo.museudapessoa.org\/biomas-que-transformam\/conte-sua-historia\/#breadcrumb","itemListElement":[{"@type":"ListItem","position":1,"name":"Home","item":"https:\/\/memo.museudapessoa.org\/biomas-que-transformam\/"},{"@type":"ListItem","position":2,"name":"Conte Sua Hist\u00f3ria"}]},{"@type":"WebSite","@id":"https:\/\/memo.museudapessoa.org\/biomas-que-transformam\/#website","url":"https:\/\/memo.museudapessoa.org\/biomas-que-transformam\/","name":"Biomas que Transformam","description":"","potentialAction":[{"@type":"SearchAction","target":{"@type":"EntryPoint","urlTemplate":"https:\/\/memo.museudapessoa.org\/biomas-que-transformam\/?s={search_term_string}"},"query-input":"required name=search_term_string"}],"inLanguage":"pt-BR"}]}},"_links":{"self":[{"href":"https:\/\/memo.museudapessoa.org\/biomas-que-transformam\/wp-json\/wp\/v2\/pages\/122"}],"collection":[{"href":"https:\/\/memo.museudapessoa.org\/biomas-que-transformam\/wp-json\/wp\/v2\/pages"}],"about":[{"href":"https:\/\/memo.museudapessoa.org\/biomas-que-transformam\/wp-json\/wp\/v2\/types\/page"}],"author":[{"embeddable":true,"href":"https:\/\/memo.museudapessoa.org\/biomas-que-transformam\/wp-json\/wp\/v2\/users\/4"}],"replies":[{"embeddable":true,"href":"https:\/\/memo.museudapessoa.org\/biomas-que-transformam\/wp-json\/wp\/v2\/comments?post=122"}],"version-history":[{"count":48,"href":"https:\/\/memo.museudapessoa.org\/biomas-que-transformam\/wp-json\/wp\/v2\/pages\/122\/revisions"}],"predecessor-version":[{"id":652,"href":"https:\/\/memo.museudapessoa.org\/biomas-que-transformam\/wp-json\/wp\/v2\/pages\/122\/revisions\/652"}],"wp:attachment":[{"href":"https:\/\/memo.museudapessoa.org\/biomas-que-transformam\/wp-json\/wp\/v2\/media?parent=122"}],"curies":[{"name":"wp","href":"https:\/\/api.w.org\/{rel}","templated":true}]}}

Conte Sua História

<div id="destaque-topo" class='carousel block-header-highlight wow fadeIn  block_e7d0935c366b0637ed378743787c8434 no-nav  margin-top-none margin-bottom-medium padding-top-none padding-bottom-none' style='background-color:rgba(255,255,255,0);' data-wow-delay="0.5s" >
<style>
    .block_e7d0935c366b0637ed378743787c8434 h2,  .block_e7d0935c366b0637ed378743787c8434 h4, .block_e7d0935c366b0637ed378743787c8434 a, .block_e7d0935c366b0637ed378743787c8434 a h2, .block_e7d0935c366b0637ed378743787c8434 a p, .block_e7d0935c366b0637ed378743787c8434 p{
      color: #FFF !important;
  }
    .block_e7d0935c366b0637ed378743787c8434 .carousel-nav__link.active:after{
    background-color: #FFF !important;
  }
  .block_e7d0935c366b0637ed378743787c8434 .carousel-item__content .arrow svg rect{
    fill: #FFF !important;
  }
</style>
    <div class="carousel-item h-100 py-md-5 item-1  active"
  role="tabpanel" aria-hidden="false" tabindex="0"
  >
      <div class="carousel-item__overlay"
                
          style="background-color:rgba(0,0,0,0);"
                    ></div>
                          <div class="parallaxParent carousel-item__image" >
                  <div class="carousel-item__image-element" 
                style="background-image: url(https://memo.museudapessoa.org/biomas-que-transformam/wp-content/uploads/sites/20/2023/08/Drone-80.Rio-na-frente-do-Porto-de-Sao-Francisco-JPG-scaled.jpg);
                background-position: % %;" >
                  </div> 
              </div>
                              <div class="container h-100">
        <div class="row h-100">
          <div class="col-md-8 col-md-8 align-self-center">
            <div class="carousel-item__content">
                                                                              </div>
          </div>
        </div>
      </div>  
    </div>
          </div>



        <section class="conteudo">
          <div class="container">
            <div class="row">
              <div class="col-md-12 conteudo content margin-center text-md-">
                
<h2 id="conte-sua-historia" class="wp-block-heading">Conte sua história</h2>

              </div>
            </div>
          </div>
        </section>


        <section class="conteudo">
          <div class="container">
            <div class="row">
              <div class="col-md-12 conteudo content margin-center text-md-">
                
<p>Você também pode fazer parte da exposição ao contar sua história. Nesta página, confira alguns dos relatos que já recebemos dos visitantes.</p>

              </div>
            </div>
          </div>
        </section>


        <section class="conteudo">
          <div class="container">
            <div class="row">
              <div class="col-md-12 conteudo content margin-center text-md-">
                
<p>Para enviar seu depoimento, clique no botão flutuante “Conte sua História” (no canto inferior direito da sua tela) e registre seu conteúdo em vídeo, texto ou áudio. É de graça!</p>

              </div>
            </div>
          </div>
        </section>

<section id="historias-listagem" class='block-historias-listagem margin-top-none margin-bottom-medium padding-top-none padding-bottom-none' style='background-color:rgba(255,255,255,0);'>
    <div class="container">
         
        <div class="row justify-content-md-center ">
                        <div class="col-12 py-3">
                <h3>Não existem histórias cadastradas no momento.</h3>
            </div>
                                </div>
    </div>
</section>

<p>Conte sua história Você também pode fazer parte da exposição ao contar sua história. Nesta página, confira alguns dos relatos que já recebemos dos visitantes. Para enviar seu depoimento, clique no botão flutuante “Conte sua História” (no canto inferior direito&#8230;</p>

<!-- This site is optimized with the Yoast SEO plugin v23.3 - https://yoast.com/wordpress/plugins/seo/ -->
<title>Conte Sua História - Biomas que Transformam</title>
<meta name="robots" content="index, follow, max-snippet:-1, max-image-preview:large, max-video-preview:-1" />
<link rel="canonical" href="https://memo.museudapessoa.org/biomas-que-transformam/conte-sua-historia/" />
<meta property="og:locale" content="pt_BR" />
<meta property="og:type" content="article" />
<meta property="og:title" content="Conte Sua História - Biomas que Transformam" />
<meta property="og:description" content="Conte sua história Você também pode fazer parte da exposição ao contar sua história. Nesta página, confira alguns dos relatos que já recebemos dos visitantes. Para enviar seu depoimento, clique no botão flutuante “Conte sua História” (no canto inferior direito..." />
<meta property="og:url" content="https://memo.museudapessoa.org/biomas-que-transformam/conte-sua-historia/" />
<meta property="og:site_name" content="Biomas que Transformam" />
<meta property="article:modified_time" content="2024-09-25T19:30:47+00:00" />
<meta name="twitter:card" content="summary_large_image" />
<meta name="twitter:label1" content="Est. tempo de leitura" />
	<meta name="twitter:data1" content="1 minuto" />
<script type="application/ld+json" class="yoast-schema-graph">{"@context":"https://schema.org","@graph":[{"@type":"WebPage","@id":"https://memo.museudapessoa.org/biomas-que-transformam/conte-sua-historia/","url":"https://memo.museudapessoa.org/biomas-que-transformam/conte-sua-historia/","name":"Conte Sua História - Biomas que Transformam","isPartOf":{"@id":"https://memo.museudapessoa.org/biomas-que-transformam/#website"},"datePublished":"2023-07-27T15:10:06+00:00","dateModified":"2024-09-25T19:30:47+00:00","breadcrumb":{"@id":"https://memo.museudapessoa.org/biomas-que-transformam/conte-sua-historia/#breadcrumb"},"inLanguage":"pt-BR","potentialAction":[{"@type":"ReadAction","target":["https://memo.museudapessoa.org/biomas-que-transformam/conte-sua-historia/"]}]},{"@type":"BreadcrumbList","@id":"https://memo.museudapessoa.org/biomas-que-transformam/conte-sua-historia/#breadcrumb","itemListElement":[{"@type":"ListItem","position":1,"name":"Home","item":"https://memo.museudapessoa.org/biomas-que-transformam/"},{"@type":"ListItem","position":2,"name":"Conte Sua História"}]},{"@type":"WebSite","@id":"https://memo.museudapessoa.org/biomas-que-transformam/#website","url":"https://memo.museudapessoa.org/biomas-que-transformam/","name":"Biomas que Transformam","description":"","potentialAction":[{"@type":"SearchAction","target":{"@type":"EntryPoint","urlTemplate":"https://memo.museudapessoa.org/biomas-que-transformam/?s={search_term_string}"},"query-input":"required name=search_term_string"}],"inLanguage":"pt-BR"}]}</script>
<!-- / Yoast SEO plugin. -->

Conte Sua História - Biomas que Transformam

Conte sua história Você também pode fazer parte da exposição ao contar sua história. Nesta página, confira alguns dos relatos que já recebemos dos visitantes. Para enviar seu depoimento, clique no botão flutuante “Conte sua História” (no canto inferior direito...
