{"id":124,"date":"2023-09-22T17:32:44","date_gmt":"2023-09-22T20:32:44","guid":{"rendered":"https:\/\/memo.museudapessoa.org\/cedaps\/?page_id=124"},"modified":"2023-10-03T22:11:13","modified_gmt":"2023-10-04T01:11:13","slug":"depoimentos","status":"publish","type":"page","link":"https:\/\/memo.museudapessoa.org\/cedaps\/depoimentos\/","title":{"rendered":"Depoimentos"},"content":{"rendered":"\n        <section class=\"conteudo\">\n          <div class=\"container\">\n            <div class=\"row\">\n              <div class=\"col-md-12 conteudo content margin-center text-md-\">\n                \n<h2 id=\"depoimentos-30-anos-de-momentos-marcantes-vividos-com-o-cedaps\" class=\"wp-block-heading\">DEPOIMENTOS: 30 anos de MOMENTOS MARCANTES VIVIDOS COM O CEDAPS<\/h2>\n\n              <\/div>\n            <\/div>\n          <\/div>\n        <\/section>\n\n\n        <section class=\"conteudo\">\n          <div class=\"container\">\n            <div class=\"row\">\n              <div class=\"col-md-12 conteudo content margin-center text-md-\">\n                \n<p>Para reconhecer e representar a rede de parcerias que contribu\u00edram para a constru\u00e7\u00e3o de 30 anos de hist\u00f3ria, e contribuem diariamente para sua continuidade, apresentamos depoimentos inspiradores de momentos marcantes com o Cedaps vividos por pessoas fundamentais nessa trajet\u00f3ria.<\/p>\n\n              <\/div>\n            <\/div>\n          <\/div>\n        <\/section>\n\n<section id=\"historias-categorias\" class=' margin-top-medium margin-bottom-medium padding-top-none padding-bottom-none' style='background-color:rgba(255,255,255,0);'>\n  <div class=\"container\">\n    <div class=\"row pb-5 justify-content-center history-category__btns\" role=\"tablist\">\n          <div class=\"col-12\">\n        <h2 class=\"mb-0\">Depoimentos<\/h2>\n      <\/div>\n        <\/div>\n          <div id='depoimentos' \n      role=\"tabpanel\" aria-labelledby=\"link-categoria-1\" aria-hidden=\"false\"\n      class=\"history-category history-category-depoimentos item-1 active\"\n          style=\"display:block;\"          >\n          <div class=\"row justify-content-center\">\n                                           <div class=\"col-md-3 history-item mb-5 mb-md-4 wow fadeInUp\" data-wow-delay=\"0.1s\">\n                  <a href=\"https:\/\/memo.museudapessoa.org\/cedaps\/historia-detalhe\/47114\/depoimentos\/1\">\n                      <picture><source srcset='https:\/\/memo.museudapessoa.org\/app\/_lib\/file\/img\/thumb\/Alice%20Natalizi%20oficial.jpeg' \/>\n\t\t<img  src='https:\/\/memo.museudapessoa.org\/app\/_lib\/file\/img\/thumb\/Alice%20Natalizi%20oficial.jpeg' alt='Alice Natalizi' loading='lazy' \/><\/picture>                      <p class=\"bold history-item__title mb-0\">\n                            Alice Natalizi                      <\/p>\n                  <\/a>\n                                 <\/div> \n                             <div class=\"col-md-3 history-item mb-5 mb-md-4 wow fadeInUp\" data-wow-delay=\"0.2s\">\n                  <a href=\"https:\/\/memo.museudapessoa.org\/cedaps\/historia-detalhe\/47112\/depoimentos\/1\">\n                      <picture><source srcset='https:\/\/memo.museudapessoa.org\/app\/_lib\/file\/img\/thumb\/Foto%20Bruna%20(1).jpeg' \/>\n\t\t<img  src='https:\/\/memo.museudapessoa.org\/app\/_lib\/file\/img\/thumb\/Foto%20Bruna%20(1).jpeg' alt='Bruna Guimaraes' \/><\/picture>                      <p class=\"bold history-item__title mb-0\">\n                            Bruna Guimaraes                      <\/p>\n                  <\/a>\n                                 <\/div> \n                             <div class=\"col-md-3 history-item mb-5 mb-md-4 wow fadeInUp\" data-wow-delay=\"0.3s\">\n                  <a href=\"https:\/\/memo.museudapessoa.org\/cedaps\/historia-detalhe\/47116\/depoimentos\/1\">\n                      <picture><source srcset='https:\/\/memo.museudapessoa.org\/app\/_lib\/file\/img\/thumb\/Carlos%20Basilia%20(2)%20(1)(2).jpeg' \/>\n\t\t<img  src='https:\/\/memo.museudapessoa.org\/app\/_lib\/file\/img\/thumb\/Carlos%20Basilia%20(2)%20(1)(2).jpeg' alt='Carlos Basilia' \/><\/picture>                      <p class=\"bold history-item__title mb-0\">\n                            Carlos Basilia                      <\/p>\n                  <\/a>\n                                 <\/div> \n                             <div class=\"col-md-3 history-item mb-5 mb-md-4 wow fadeInUp\" data-wow-delay=\"0.4s\">\n                  <a href=\"https:\/\/memo.museudapessoa.org\/cedaps\/historia-detalhe\/47113\/depoimentos\/1\">\n                      <picture><source srcset='https:\/\/memo.museudapessoa.org\/app\/_lib\/file\/img\/thumb\/Juan%20Carlos%20Raxach%20-%20ABIA%20(1)(1).jpeg' \/>\n\t\t<img  src='https:\/\/memo.museudapessoa.org\/app\/_lib\/file\/img\/thumb\/Juan%20Carlos%20Raxach%20-%20ABIA%20(1)(1).jpeg' alt='Juan Carlos Raxach' \/><\/picture>                      <p class=\"bold history-item__title mb-0\">\n                            Juan Carlos Raxach                      <\/p>\n                  <\/a>\n                                 <\/div> \n                             <div class=\"col-md-3 history-item mb-5 mb-md-4 wow fadeInUp\" data-wow-delay=\"0.1s\">\n                  <a href=\"https:\/\/memo.museudapessoa.org\/cedaps\/historia-detalhe\/47108\/depoimentos\/1\">\n                      <picture><source srcset='https:\/\/memo.museudapessoa.org\/app\/_lib\/file\/img\/thumb\/Maria%20Alice-%20oficial(1).jpeg' \/>\n\t\t<img  src='https:\/\/memo.museudapessoa.org\/app\/_lib\/file\/img\/thumb\/Maria%20Alice-%20oficial(1).jpeg' alt='Maria Alice Santos' \/><\/picture>                      <p class=\"bold history-item__title mb-0\">\n                            Maria Alice Santos                      <\/p>\n                  <\/a>\n                                 <\/div> \n                             <div class=\"col-md-3 history-item mb-5 mb-md-4 wow fadeInUp\" data-wow-delay=\"0.2s\">\n                  <a href=\"https:\/\/memo.museudapessoa.org\/cedaps\/historia-detalhe\/47111\/depoimentos\/1\">\n                      <picture><source srcset='https:\/\/memo.museudapessoa.org\/app\/_lib\/file\/img\/thumb\/Foto%201%20Miriam%20Ventura%2020220904_143826~3%20(2)%20(1).jpg' \/>\n\t\t<img  src='https:\/\/memo.museudapessoa.org\/app\/_lib\/file\/img\/thumb\/Foto%201%20Miriam%20Ventura%2020220904_143826~3%20(2)%20(1).jpg' alt='Miriam Ventura' \/><\/picture>                      <p class=\"bold history-item__title mb-0\">\n                            Miriam Ventura                      <\/p>\n                  <\/a>\n                                 <\/div> \n                             <div class=\"col-md-3 history-item mb-5 mb-md-4 wow fadeInUp\" data-wow-delay=\"0.3s\">\n                  <a href=\"https:\/\/memo.museudapessoa.org\/cedaps\/historia-detalhe\/47110\/depoimentos\/1\">\n                      <picture><source srcset='https:\/\/memo.museudapessoa.org\/app\/_lib\/file\/img\/thumb\/Rosilda.jpeg' \/>\n\t\t<img  src='https:\/\/memo.museudapessoa.org\/app\/_lib\/file\/img\/thumb\/Rosilda.jpeg' alt='Rosilda Mendes' loading='lazy' \/><\/picture>                      <p class=\"bold history-item__title mb-0\">\n                            Rosilda Mendes                      <\/p>\n                  <\/a>\n                                 <\/div> \n                             <div class=\"col-md-3 history-item mb-5 mb-md-4 wow fadeInUp\" data-wow-delay=\"0.4s\">\n                  <a href=\"https:\/\/memo.museudapessoa.org\/cedaps\/historia-detalhe\/47126\/depoimentos\/1\">\n                      <picture><source srcset='https:\/\/memo.museudapessoa.org\/app\/_lib\/file\/img\/thumb\/Salvador.jpeg' \/>\n\t\t<img  src='https:\/\/memo.museudapessoa.org\/app\/_lib\/file\/img\/thumb\/Salvador.jpeg' alt='Salvador Corr\u00eaa' loading='lazy' \/><\/picture>                      <p class=\"bold history-item__title mb-0\">\n                            Salvador Corr\u00eaa                      <\/p>\n                  <\/a>\n                                 <\/div> \n                            <\/div>\n          <\/div>\n      <\/div>\n<\/section>\n","protected":false},"excerpt":{"rendered":"<p>DEPOIMENTOS: 30 anos de MOMENTOS MARCANTES VIVIDOS COM O CEDAPS Para reconhecer e representar a rede de parcerias que contribu\u00edram para a constru\u00e7\u00e3o de 30 anos de hist\u00f3ria, e contribuem diariamente para sua continuidade, apresentamos depoimentos inspiradores de momentos marcantes&#8230;<\/p>\n","protected":false},"author":41,"featured_media":0,"parent":0,"menu_order":0,"comment_status":"closed","ping_status":"closed","template":"","meta":{"_acf_changed":false,"footnotes":""},"class_list":["post-124","page","type-page","status-publish","hentry"],"acf":[],"yoast_head":"<!-- This site is optimized with the Yoast SEO plugin v23.3 - https:\/\/yoast.com\/wordpress\/plugins\/seo\/ -->\n<title>Depoimentos - Cedaps - Um legado de Hist\u00f3rias Compartilhadas<\/title>\n<meta name=\"robots\" content=\"index, follow, max-snippet:-1, max-image-preview:large, max-video-preview:-1\" \/>\n<link rel=\"canonical\" href=\"https:\/\/memo.museudapessoa.org\/cedaps\/depoimentos\/\" \/>\n<meta property=\"og:locale\" content=\"pt_BR\" \/>\n<meta property=\"og:type\" content=\"article\" \/>\n<meta property=\"og:title\" content=\"Depoimentos - Cedaps - Um legado de Hist\u00f3rias Compartilhadas\" \/>\n<meta property=\"og:description\" content=\"DEPOIMENTOS: 30 anos de MOMENTOS MARCANTES VIVIDOS COM O CEDAPS Para reconhecer e representar a rede de parcerias que contribu\u00edram para a constru\u00e7\u00e3o de 30 anos de hist\u00f3ria, e contribuem diariamente para sua continuidade, apresentamos depoimentos inspiradores de momentos marcantes...\" \/>\n<meta property=\"og:url\" content=\"https:\/\/memo.museudapessoa.org\/cedaps\/depoimentos\/\" \/>\n<meta property=\"og:site_name\" content=\"Cedaps - Um legado de Hist\u00f3rias Compartilhadas\" \/>\n<meta property=\"article:modified_time\" content=\"2023-10-04T01:11:13+00:00\" \/>\n<meta name=\"twitter:card\" content=\"summary_large_image\" \/>\n<script type=\"application\/ld+json\" class=\"yoast-schema-graph\">{\"@context\":\"https:\/\/schema.org\",\"@graph\":[{\"@type\":\"WebPage\",\"@id\":\"https:\/\/memo.museudapessoa.org\/cedaps\/depoimentos\/\",\"url\":\"https:\/\/memo.museudapessoa.org\/cedaps\/depoimentos\/\",\"name\":\"Depoimentos - Cedaps - Um legado de Hist\u00f3rias Compartilhadas\",\"isPartOf\":{\"@id\":\"https:\/\/memo.museudapessoa.org\/cedaps\/#website\"},\"datePublished\":\"2023-09-22T20:32:44+00:00\",\"dateModified\":\"2023-10-04T01:11:13+00:00\",\"breadcrumb\":{\"@id\":\"https:\/\/memo.museudapessoa.org\/cedaps\/depoimentos\/#breadcrumb\"},\"inLanguage\":\"pt-BR\",\"potentialAction\":[{\"@type\":\"ReadAction\",\"target\":[\"https:\/\/memo.museudapessoa.org\/cedaps\/depoimentos\/\"]}]},{\"@type\":\"BreadcrumbList\",\"@id\":\"https:\/\/memo.museudapessoa.org\/cedaps\/depoimentos\/#breadcrumb\",\"itemListElement\":[{\"@type\":\"ListItem\",\"position\":1,\"name\":\"Home\",\"item\":\"https:\/\/memo.museudapessoa.org\/cedaps\/\"},{\"@type\":\"ListItem\",\"position\":2,\"name\":\"Depoimentos\"}]},{\"@type\":\"WebSite\",\"@id\":\"https:\/\/memo.museudapessoa.org\/cedaps\/#website\",\"url\":\"https:\/\/memo.museudapessoa.org\/cedaps\/\",\"name\":\"Cedaps - Um legado de Hist\u00f3rias Compartilhadas\",\"description\":\"\",\"potentialAction\":[{\"@type\":\"SearchAction\",\"target\":{\"@type\":\"EntryPoint\",\"urlTemplate\":\"https:\/\/memo.museudapessoa.org\/cedaps\/?s={search_term_string}\"},\"query-input\":\"required name=search_term_string\"}],\"inLanguage\":\"pt-BR\"}]}<\/script>\n<!-- \/ Yoast SEO plugin. -->","yoast_head_json":{"title":"Depoimentos - Cedaps - Um legado de Hist\u00f3rias Compartilhadas","robots":{"index":"index","follow":"follow","max-snippet":"max-snippet:-1","max-image-preview":"max-image-preview:large","max-video-preview":"max-video-preview:-1"},"canonical":"https:\/\/memo.museudapessoa.org\/cedaps\/depoimentos\/","og_locale":"pt_BR","og_type":"article","og_title":"Depoimentos - Cedaps - Um legado de Hist\u00f3rias Compartilhadas","og_description":"DEPOIMENTOS: 30 anos de MOMENTOS MARCANTES VIVIDOS COM O CEDAPS Para reconhecer e representar a rede de parcerias que contribu\u00edram para a constru\u00e7\u00e3o de 30 anos de hist\u00f3ria, e contribuem diariamente para sua continuidade, apresentamos depoimentos inspiradores de momentos marcantes...","og_url":"https:\/\/memo.museudapessoa.org\/cedaps\/depoimentos\/","og_site_name":"Cedaps - Um legado de Hist\u00f3rias Compartilhadas","article_modified_time":"2023-10-04T01:11:13+00:00","twitter_card":"summary_large_image","schema":{"@context":"https:\/\/schema.org","@graph":[{"@type":"WebPage","@id":"https:\/\/memo.museudapessoa.org\/cedaps\/depoimentos\/","url":"https:\/\/memo.museudapessoa.org\/cedaps\/depoimentos\/","name":"Depoimentos - Cedaps - Um legado de Hist\u00f3rias Compartilhadas","isPartOf":{"@id":"https:\/\/memo.museudapessoa.org\/cedaps\/#website"},"datePublished":"2023-09-22T20:32:44+00:00","dateModified":"2023-10-04T01:11:13+00:00","breadcrumb":{"@id":"https:\/\/memo.museudapessoa.org\/cedaps\/depoimentos\/#breadcrumb"},"inLanguage":"pt-BR","potentialAction":[{"@type":"ReadAction","target":["https:\/\/memo.museudapessoa.org\/cedaps\/depoimentos\/"]}]},{"@type":"BreadcrumbList","@id":"https:\/\/memo.museudapessoa.org\/cedaps\/depoimentos\/#breadcrumb","itemListElement":[{"@type":"ListItem","position":1,"name":"Home","item":"https:\/\/memo.museudapessoa.org\/cedaps\/"},{"@type":"ListItem","position":2,"name":"Depoimentos"}]},{"@type":"WebSite","@id":"https:\/\/memo.museudapessoa.org\/cedaps\/#website","url":"https:\/\/memo.museudapessoa.org\/cedaps\/","name":"Cedaps - Um legado de Hist\u00f3rias Compartilhadas","description":"","potentialAction":[{"@type":"SearchAction","target":{"@type":"EntryPoint","urlTemplate":"https:\/\/memo.museudapessoa.org\/cedaps\/?s={search_term_string}"},"query-input":"required name=search_term_string"}],"inLanguage":"pt-BR"}]}},"_links":{"self":[{"href":"https:\/\/memo.museudapessoa.org\/cedaps\/wp-json\/wp\/v2\/pages\/124"}],"collection":[{"href":"https:\/\/memo.museudapessoa.org\/cedaps\/wp-json\/wp\/v2\/pages"}],"about":[{"href":"https:\/\/memo.museudapessoa.org\/cedaps\/wp-json\/wp\/v2\/types\/page"}],"author":[{"embeddable":true,"href":"https:\/\/memo.museudapessoa.org\/cedaps\/wp-json\/wp\/v2\/users\/41"}],"replies":[{"embeddable":true,"href":"https:\/\/memo.museudapessoa.org\/cedaps\/wp-json\/wp\/v2\/comments?post=124"}],"version-history":[{"count":153,"href":"https:\/\/memo.museudapessoa.org\/cedaps\/wp-json\/wp\/v2\/pages\/124\/revisions"}],"predecessor-version":[{"id":1036,"href":"https:\/\/memo.museudapessoa.org\/cedaps\/wp-json\/wp\/v2\/pages\/124\/revisions\/1036"}],"wp:attachment":[{"href":"https:\/\/memo.museudapessoa.org\/cedaps\/wp-json\/wp\/v2\/media?parent=124"}],"curies":[{"name":"wp","href":"https:\/\/api.w.org\/{rel}","templated":true}]}}

<section class="conteudo">
          <div class="container">
            <div class="row">
              <div class="col-md-12 conteudo content margin-center text-md-">
                
<h2 id="depoimentos-30-anos-de-momentos-marcantes-vividos-com-o-cedaps" class="wp-block-heading">DEPOIMENTOS: 30 anos de MOMENTOS MARCANTES VIVIDOS COM O CEDAPS</h2>

              </div>
            </div>
          </div>
        </section>


        <section class="conteudo">
          <div class="container">
            <div class="row">
              <div class="col-md-12 conteudo content margin-center text-md-">
                
<p>Para reconhecer e representar a rede de parcerias que contribuíram para a construção de 30 anos de história, e contribuem diariamente para sua continuidade, apresentamos depoimentos inspiradores de momentos marcantes com o Cedaps vividos por pessoas fundamentais nessa trajetória.</p>

              </div>
            </div>
          </div>
        </section>

<section id="historias-categorias" class=' margin-top-medium margin-bottom-medium padding-top-none padding-bottom-none' style='background-color:rgba(255,255,255,0);'>
  <div class="container">
    <div class="row pb-5 justify-content-center history-category__btns" role="tablist">
          <div class="col-12">
        <h2 class="mb-0">Depoimentos</h2>
      </div>
        </div>
          <div id='depoimentos' 
      role="tabpanel" aria-labelledby="link-categoria-1" aria-hidden="false"
      class="history-category history-category-depoimentos item-1 active"
          style="display:block;"          >
          <div class="row justify-content-center">
                                           <div class="col-md-3 history-item mb-5 mb-md-4 wow fadeInUp" data-wow-delay="0.1s">
                  <a href="https://memo.museudapessoa.org/cedaps/historia-detalhe/47114/depoimentos/1">
                      <picture><source srcset='https://memo.museudapessoa.org/app/_lib/file/img/thumb/Alice%20Natalizi%20oficial.jpeg' />
		<img  src='https://memo.museudapessoa.org/app/_lib/file/img/thumb/Alice%20Natalizi%20oficial.jpeg' alt='Alice Natalizi' loading='lazy' /></picture>                      <p class="bold history-item__title mb-0">
                            Alice Natalizi                      </p>
                  </a>
                                 </div> 
                             <div class="col-md-3 history-item mb-5 mb-md-4 wow fadeInUp" data-wow-delay="0.2s">
                  <a href="https://memo.museudapessoa.org/cedaps/historia-detalhe/47112/depoimentos/1">
                      <picture><source srcset='https://memo.museudapessoa.org/app/_lib/file/img/thumb/Foto%20Bruna%20(1).jpeg' />
		<img  src='https://memo.museudapessoa.org/app/_lib/file/img/thumb/Foto%20Bruna%20(1).jpeg' alt='Bruna Guimaraes' /></picture>                      <p class="bold history-item__title mb-0">
                            Bruna Guimaraes                      </p>
                  </a>
                                 </div> 
                             <div class="col-md-3 history-item mb-5 mb-md-4 wow fadeInUp" data-wow-delay="0.3s">
                  <a href="https://memo.museudapessoa.org/cedaps/historia-detalhe/47116/depoimentos/1">
                      <picture><source srcset='https://memo.museudapessoa.org/app/_lib/file/img/thumb/Carlos%20Basilia%20(2)%20(1)(2).jpeg' />
		<img  src='https://memo.museudapessoa.org/app/_lib/file/img/thumb/Carlos%20Basilia%20(2)%20(1)(2).jpeg' alt='Carlos Basilia' /></picture>                      <p class="bold history-item__title mb-0">
                            Carlos Basilia                      </p>
                  </a>
                                 </div> 
                             <div class="col-md-3 history-item mb-5 mb-md-4 wow fadeInUp" data-wow-delay="0.4s">
                  <a href="https://memo.museudapessoa.org/cedaps/historia-detalhe/47113/depoimentos/1">
                      <picture><source srcset='https://memo.museudapessoa.org/app/_lib/file/img/thumb/Juan%20Carlos%20Raxach%20-%20ABIA%20(1)(1).jpeg' />
		<img  src='https://memo.museudapessoa.org/app/_lib/file/img/thumb/Juan%20Carlos%20Raxach%20-%20ABIA%20(1)(1).jpeg' alt='Juan Carlos Raxach' /></picture>                      <p class="bold history-item__title mb-0">
                            Juan Carlos Raxach                      </p>
                  </a>
                                 </div> 
                             <div class="col-md-3 history-item mb-5 mb-md-4 wow fadeInUp" data-wow-delay="0.1s">
                  <a href="https://memo.museudapessoa.org/cedaps/historia-detalhe/47108/depoimentos/1">
                      <picture><source srcset='https://memo.museudapessoa.org/app/_lib/file/img/thumb/Maria%20Alice-%20oficial(1).jpeg' />
		<img  src='https://memo.museudapessoa.org/app/_lib/file/img/thumb/Maria%20Alice-%20oficial(1).jpeg' alt='Maria Alice Santos' /></picture>                      <p class="bold history-item__title mb-0">
                            Maria Alice Santos                      </p>
                  </a>
                                 </div> 
                             <div class="col-md-3 history-item mb-5 mb-md-4 wow fadeInUp" data-wow-delay="0.2s">
                  <a href="https://memo.museudapessoa.org/cedaps/historia-detalhe/47111/depoimentos/1">
                      <picture><source srcset='https://memo.museudapessoa.org/app/_lib/file/img/thumb/Foto%201%20Miriam%20Ventura%2020220904_143826~3%20(2)%20(1).jpg' />
		<img  src='https://memo.museudapessoa.org/app/_lib/file/img/thumb/Foto%201%20Miriam%20Ventura%2020220904_143826~3%20(2)%20(1).jpg' alt='Miriam Ventura' /></picture>                      <p class="bold history-item__title mb-0">
                            Miriam Ventura                      </p>
                  </a>
                                 </div> 
                             <div class="col-md-3 history-item mb-5 mb-md-4 wow fadeInUp" data-wow-delay="0.3s">
                  <a href="https://memo.museudapessoa.org/cedaps/historia-detalhe/47110/depoimentos/1">
                      <picture><source srcset='https://memo.museudapessoa.org/app/_lib/file/img/thumb/Rosilda.jpeg' />
		<img  src='https://memo.museudapessoa.org/app/_lib/file/img/thumb/Rosilda.jpeg' alt='Rosilda Mendes' loading='lazy' /></picture>                      <p class="bold history-item__title mb-0">
                            Rosilda Mendes                      </p>
                  </a>
                                 </div> 
                             <div class="col-md-3 history-item mb-5 mb-md-4 wow fadeInUp" data-wow-delay="0.4s">
                  <a href="https://memo.museudapessoa.org/cedaps/historia-detalhe/47126/depoimentos/1">
                      <picture><source srcset='https://memo.museudapessoa.org/app/_lib/file/img/thumb/Salvador.jpeg' />
		<img  src='https://memo.museudapessoa.org/app/_lib/file/img/thumb/Salvador.jpeg' alt='Salvador Corrêa' loading='lazy' /></picture>                      <p class="bold history-item__title mb-0">
                            Salvador Corrêa                      </p>
                  </a>
                                 </div> 
                            </div>
          </div>
      </div>
</section>

<p>DEPOIMENTOS: 30 anos de MOMENTOS MARCANTES VIVIDOS COM O CEDAPS Para reconhecer e representar a rede de parcerias que contribuíram para a construção de 30 anos de história, e contribuem diariamente para sua continuidade, apresentamos depoimentos inspiradores de momentos marcantes&#8230;</p>

<!-- This site is optimized with the Yoast SEO plugin v23.3 - https://yoast.com/wordpress/plugins/seo/ -->
<title>Depoimentos - Cedaps - Um legado de Histórias Compartilhadas</title>
<meta name="robots" content="index, follow, max-snippet:-1, max-image-preview:large, max-video-preview:-1" />
<link rel="canonical" href="https://memo.museudapessoa.org/cedaps/depoimentos/" />
<meta property="og:locale" content="pt_BR" />
<meta property="og:type" content="article" />
<meta property="og:title" content="Depoimentos - Cedaps - Um legado de Histórias Compartilhadas" />
<meta property="og:description" content="DEPOIMENTOS: 30 anos de MOMENTOS MARCANTES VIVIDOS COM O CEDAPS Para reconhecer e representar a rede de parcerias que contribuíram para a construção de 30 anos de história, e contribuem diariamente para sua continuidade, apresentamos depoimentos inspiradores de momentos marcantes..." />
<meta property="og:url" content="https://memo.museudapessoa.org/cedaps/depoimentos/" />
<meta property="og:site_name" content="Cedaps - Um legado de Histórias Compartilhadas" />
<meta property="article:modified_time" content="2023-10-04T01:11:13+00:00" />
<meta name="twitter:card" content="summary_large_image" />
<script type="application/ld+json" class="yoast-schema-graph">{"@context":"https://schema.org","@graph":[{"@type":"WebPage","@id":"https://memo.museudapessoa.org/cedaps/depoimentos/","url":"https://memo.museudapessoa.org/cedaps/depoimentos/","name":"Depoimentos - Cedaps - Um legado de Histórias Compartilhadas","isPartOf":{"@id":"https://memo.museudapessoa.org/cedaps/#website"},"datePublished":"2023-09-22T20:32:44+00:00","dateModified":"2023-10-04T01:11:13+00:00","breadcrumb":{"@id":"https://memo.museudapessoa.org/cedaps/depoimentos/#breadcrumb"},"inLanguage":"pt-BR","potentialAction":[{"@type":"ReadAction","target":["https://memo.museudapessoa.org/cedaps/depoimentos/"]}]},{"@type":"BreadcrumbList","@id":"https://memo.museudapessoa.org/cedaps/depoimentos/#breadcrumb","itemListElement":[{"@type":"ListItem","position":1,"name":"Home","item":"https://memo.museudapessoa.org/cedaps/"},{"@type":"ListItem","position":2,"name":"Depoimentos"}]},{"@type":"WebSite","@id":"https://memo.museudapessoa.org/cedaps/#website","url":"https://memo.museudapessoa.org/cedaps/","name":"Cedaps - Um legado de Histórias Compartilhadas","description":"","potentialAction":[{"@type":"SearchAction","target":{"@type":"EntryPoint","urlTemplate":"https://memo.museudapessoa.org/cedaps/?s={search_term_string}"},"query-input":"required name=search_term_string"}],"inLanguage":"pt-BR"}]}</script>
<!-- / Yoast SEO plugin. -->

Depoimentos - Cedaps - Um legado de Histórias Compartilhadas

DEPOIMENTOS: 30 anos de MOMENTOS MARCANTES VIVIDOS COM O CEDAPS Para reconhecer e representar a rede de parcerias que contribuíram para a construção de 30 anos de história, e contribuem diariamente para sua continuidade, apresentamos depoimentos inspiradores de momentos marcantes...

Cedaps - Um legado de Histórias Compartilhadas
