
{"id":1039,"date":"2025-02-26T11:50:56","date_gmt":"2025-02-26T14:50:56","guid":{"rendered":"https:\/\/dst2025.org\/?page_id=1039"},"modified":"2025-09-01T13:46:18","modified_gmt":"2025-09-01T16:46:18","slug":"contato","status":"publish","type":"page","link":"https:\/\/memo.museudapessoa.org\/conferencia-2025\/contato\/","title":{"rendered":"Contato"},"content":{"rendered":"\n\n<section id=\"contato\" class='block-contact margin-top-none margin-bottom-medium padding-top-none padding-bottom-none' style='background-color:rgba(255,255,255,0);'>\n  <div class=\"container\">\n    <div class=\"row\">\n      <div class=\"col\">\n          <h2>Contato<\/h2>\n          <p>Gostaria de tirar d\u00favidas, fazer sugest\u00f5es ou elogios? Ent\u00e3o, entre em contato conosco. Preencha o formul\u00e1rio abaixo e aguarde o retorno da equipe respons\u00e1vel.<\/p>\n      <\/div>\n      <duv class=\"col-md-6 offset-md-1\">\n        <form class=\"contact-form\">\n          <input type=\"hidden\" value=\"https:\/\/memo.museudapessoa.org\/conferencia-2025\/wp-admin\/admin-ajax.php\" id=\"ajax_url\">\n          <input class=\"email_to\" type=\"hidden\" value=\"digitalstorytelling@museudapessoa.org\"  name='email_to'>\n          <div class=\"row\">\n            <div class=\"col-12 mb-2\">\n              <label for=\"nome\">Nome<\/label>\n              <input class=\"nome\" type=\"text\" required name='nome'>\n            <\/div>\n            <div class=\"col-12 mb-2\">\n              <label for=\"nome\">E-mail<\/label>\n              <input class=\"email\" type=\"email\" required name='email'>\n            <\/div>\n            <div class=\"col-12\">\n              <label for=\"mensagem\">Mensagem<\/label>\n              <textarea required class=\"mensagem\" name=\"mensagem\"><\/textarea>\n            <\/div>\n            <div class=\"col-12\">\n              <input type=\"submit\" value=\"Enviar\">\n              <div class=\"alert\"><\/div>\n            <\/div>\n          <\/div>\n        <\/form>\n      <\/duv>\n    <\/div>\n  <\/div>\n<\/section>\n\n\n","protected":false},"excerpt":{"rendered":"","protected":false},"author":1,"featured_media":0,"parent":0,"menu_order":0,"comment_status":"closed","ping_status":"closed","template":"","meta":{"_acf_changed":false,"footnotes":""},"class_list":["post-1039","page","type-page","status-publish","hentry"],"acf":[],"yoast_head":"<!-- This site is optimized with the Yoast SEO plugin v23.3 - https:\/\/yoast.com\/wordpress\/plugins\/seo\/ -->\n<title>Contato - 1\u00aa Confer\u00eancia Internacional de Tecnologias Sociais da Mem\u00f3ria<\/title>\n<meta name=\"robots\" content=\"index, follow, max-snippet:-1, max-image-preview:large, max-video-preview:-1\" \/>\n<link rel=\"canonical\" href=\"https:\/\/memo.museudapessoa.org\/conferencia-2025\/contato\/\" \/>\n<meta property=\"og:locale\" content=\"pt_BR\" \/>\n<meta property=\"og:type\" content=\"article\" \/>\n<meta property=\"og:title\" content=\"Contato - 1\u00aa Confer\u00eancia Internacional de Tecnologias Sociais da Mem\u00f3ria\" \/>\n<meta property=\"og:url\" content=\"https:\/\/memo.museudapessoa.org\/conferencia-2025\/contato\/\" \/>\n<meta property=\"og:site_name\" content=\"1\u00aa Confer\u00eancia Internacional de Tecnologias Sociais da Mem\u00f3ria\" \/>\n<meta property=\"article:modified_time\" content=\"2025-09-01T16:46:18+00:00\" \/>\n<meta name=\"twitter:card\" content=\"summary_large_image\" \/>\n<script type=\"application\/ld+json\" class=\"yoast-schema-graph\">{\"@context\":\"https:\/\/schema.org\",\"@graph\":[{\"@type\":\"WebPage\",\"@id\":\"https:\/\/memo.museudapessoa.org\/conferencia-2025\/contato\/\",\"url\":\"https:\/\/memo.museudapessoa.org\/conferencia-2025\/contato\/\",\"name\":\"Contato - 1\u00aa Confer\u00eancia Internacional de Tecnologias Sociais da Mem\u00f3ria\",\"isPartOf\":{\"@id\":\"https:\/\/dst2025.org\/#website\"},\"datePublished\":\"2025-02-26T14:50:56+00:00\",\"dateModified\":\"2025-09-01T16:46:18+00:00\",\"breadcrumb\":{\"@id\":\"https:\/\/memo.museudapessoa.org\/conferencia-2025\/contato\/#breadcrumb\"},\"inLanguage\":\"pt-BR\",\"potentialAction\":[{\"@type\":\"ReadAction\",\"target\":[\"https:\/\/memo.museudapessoa.org\/conferencia-2025\/contato\/\"]}]},{\"@type\":\"BreadcrumbList\",\"@id\":\"https:\/\/memo.museudapessoa.org\/conferencia-2025\/contato\/#breadcrumb\",\"itemListElement\":[{\"@type\":\"ListItem\",\"position\":1,\"name\":\"Home\",\"item\":\"https:\/\/dst2025.org\/\"},{\"@type\":\"ListItem\",\"position\":2,\"name\":\"Contato\"}]},{\"@type\":\"WebSite\",\"@id\":\"https:\/\/dst2025.org\/#website\",\"url\":\"https:\/\/dst2025.org\/\",\"name\":\"1\u00aa Confer\u00eancia Internacional de Tecnologias Sociais da Mem\u00f3ria\",\"description\":\"\",\"potentialAction\":[{\"@type\":\"SearchAction\",\"target\":{\"@type\":\"EntryPoint\",\"urlTemplate\":\"https:\/\/dst2025.org\/?s={search_term_string}\"},\"query-input\":\"required name=search_term_string\"}],\"inLanguage\":\"pt-BR\"}]}<\/script>\n<!-- \/ Yoast SEO plugin. -->","yoast_head_json":{"title":"Contato - 1\u00aa Confer\u00eancia Internacional de Tecnologias Sociais da Mem\u00f3ria","robots":{"index":"index","follow":"follow","max-snippet":"max-snippet:-1","max-image-preview":"max-image-preview:large","max-video-preview":"max-video-preview:-1"},"canonical":"https:\/\/memo.museudapessoa.org\/conferencia-2025\/contato\/","og_locale":"pt_BR","og_type":"article","og_title":"Contato - 1\u00aa Confer\u00eancia Internacional de Tecnologias Sociais da Mem\u00f3ria","og_url":"https:\/\/memo.museudapessoa.org\/conferencia-2025\/contato\/","og_site_name":"1\u00aa Confer\u00eancia Internacional de Tecnologias Sociais da Mem\u00f3ria","article_modified_time":"2025-09-01T16:46:18+00:00","twitter_card":"summary_large_image","schema":{"@context":"https:\/\/schema.org","@graph":[{"@type":"WebPage","@id":"https:\/\/memo.museudapessoa.org\/conferencia-2025\/contato\/","url":"https:\/\/memo.museudapessoa.org\/conferencia-2025\/contato\/","name":"Contato - 1\u00aa Confer\u00eancia Internacional de Tecnologias Sociais da Mem\u00f3ria","isPartOf":{"@id":"https:\/\/dst2025.org\/#website"},"datePublished":"2025-02-26T14:50:56+00:00","dateModified":"2025-09-01T16:46:18+00:00","breadcrumb":{"@id":"https:\/\/memo.museudapessoa.org\/conferencia-2025\/contato\/#breadcrumb"},"inLanguage":"pt-BR","potentialAction":[{"@type":"ReadAction","target":["https:\/\/memo.museudapessoa.org\/conferencia-2025\/contato\/"]}]},{"@type":"BreadcrumbList","@id":"https:\/\/memo.museudapessoa.org\/conferencia-2025\/contato\/#breadcrumb","itemListElement":[{"@type":"ListItem","position":1,"name":"Home","item":"https:\/\/dst2025.org\/"},{"@type":"ListItem","position":2,"name":"Contato"}]},{"@type":"WebSite","@id":"https:\/\/dst2025.org\/#website","url":"https:\/\/dst2025.org\/","name":"1\u00aa Confer\u00eancia Internacional de Tecnologias Sociais da Mem\u00f3ria","description":"","potentialAction":[{"@type":"SearchAction","target":{"@type":"EntryPoint","urlTemplate":"https:\/\/dst2025.org\/?s={search_term_string}"},"query-input":"required name=search_term_string"}],"inLanguage":"pt-BR"}]}},"_links":{"self":[{"href":"https:\/\/memo.museudapessoa.org\/conferencia-2025\/wp-json\/wp\/v2\/pages\/1039"}],"collection":[{"href":"https:\/\/memo.museudapessoa.org\/conferencia-2025\/wp-json\/wp\/v2\/pages"}],"about":[{"href":"https:\/\/memo.museudapessoa.org\/conferencia-2025\/wp-json\/wp\/v2\/types\/page"}],"author":[{"embeddable":true,"href":"https:\/\/memo.museudapessoa.org\/conferencia-2025\/wp-json\/wp\/v2\/users\/1"}],"replies":[{"embeddable":true,"href":"https:\/\/memo.museudapessoa.org\/conferencia-2025\/wp-json\/wp\/v2\/comments?post=1039"}],"version-history":[{"count":10,"href":"https:\/\/memo.museudapessoa.org\/conferencia-2025\/wp-json\/wp\/v2\/pages\/1039\/revisions"}],"predecessor-version":[{"id":1372,"href":"https:\/\/memo.museudapessoa.org\/conferencia-2025\/wp-json\/wp\/v2\/pages\/1039\/revisions\/1372"}],"wp:attachment":[{"href":"https:\/\/memo.museudapessoa.org\/conferencia-2025\/wp-json\/wp\/v2\/media?parent=1039"}],"curies":[{"name":"wp","href":"https:\/\/api.w.org\/{rel}","templated":true}]}}