{"id":5,"date":"2024-11-07T12:53:47","date_gmt":"2024-11-07T15:53:47","guid":{"rendered":"https:\/\/memo.museudapessoa.org\/maravilhasdobrasil\/sobre\/"},"modified":"2024-11-13T12:11:06","modified_gmt":"2024-11-13T15:11:06","slug":"sobre-os-artistas-da-apbp","status":"publish","type":"page","link":"https:\/\/memo.museudapessoa.org\/maravilhasdobrasil\/sobre-os-artistas-da-apbp\/","title":{"rendered":"Sobre os artistas da APBP"},"content":{"rendered":"\n        <section class=\"conteudo\">\n          <div class=\"container\">\n            <div class=\"row\">\n              <div class=\"col-md-12 conteudo content margin-center text-md-\">\n                \n<p><\/p>\n\n              <\/div>\n            <\/div>\n          <\/div>\n        <\/section>\n\n\n        <section class=\"conteudo\">\n          <div class=\"container\">\n            <div class=\"row\">\n              <div class=\"col-md-12 conteudo content margin-center text-md-\">\n                \n<p><\/p>\n\n              <\/div>\n            <\/div>\n          <\/div>\n        <\/section>\n\n\n        <section class=\"conteudo\">\n          <div class=\"container\">\n            <div class=\"row\">\n              <div class=\"col-md-12 conteudo content margin-center text-md-\">\n                \n<h2 id=\"conheca-a-historia-da-associacao-dos-pintores-com-a-boca-e-os-pes--apbp\" class=\"wp-block-heading\">Conhe\u00e7a a hist\u00f3ria da <strong>Associa\u00e7\u00e3o dos Pintores com a Boca e os P\u00e9s \u2013 APBP<\/strong><\/h2>\n\n              <\/div>\n            <\/div>\n          <\/div>\n        <\/section>\n\n\n        <section class=\"conteudo\">\n          <div class=\"container\">\n            <div class=\"row\">\n              <div class=\"col-md-12 conteudo content margin-center text-md-\">\n                \n<p><\/p>\n\n              <\/div>\n            <\/div>\n          <\/div>\n        <\/section>\n\n\n        <section class=\"conteudo\">\n          <div class=\"container\">\n            <div class=\"row\">\n              <div class=\"col-md-12 conteudo content margin-center text-md-\">\n                \n<p>A&nbsp;<a href=\"https:\/\/apbp.com.br\/quem-somos\/\">Associa\u00e7\u00e3o dos Pintores com a Boca e os P\u00e9s<\/a>&nbsp;come\u00e7ou em 1956 quando Erich Stegmann, um artista que pintava com a boca, reuniu um pequeno grupo de artistas com defici\u00eancia f\u00edsica de 8 pa\u00edses europeus. Seu objetivo era ganharem o seu pr\u00f3prio sustento atrav\u00e9s de seus esfor\u00e7os art\u00edsticos e obter uma seguran\u00e7a de trabalho que at\u00e9 ent\u00e3o eles n\u00e3o tinham.<\/p>\n\n              <\/div>\n            <\/div>\n          <\/div>\n        <\/section>\n\n\n        <section class=\"conteudo\">\n          <div class=\"container\">\n            <div class=\"row\">\n              <div class=\"col-md-12 conteudo content margin-center text-md-\">\n                \n<p>Juntando suas habilidades criativas com uma vis\u00e3o de neg\u00f3cios, Stegmann fundou a Associa\u00e7\u00e3o dos Pintores com a Boca e os P\u00e9s como uma organiza\u00e7\u00e3o corporativa que reproduz os trabalhos dos seus artistas principalmente na forma de cart\u00f5es, calend\u00e1rios e outros produtos.<\/p>\n\n              <\/div>\n            <\/div>\n          <\/div>\n        <\/section>\n\n\n        <section class=\"conteudo\">\n          <div class=\"container\">\n            <div class=\"row\">\n              <div class=\"col-md-12 conteudo content margin-center text-md-\">\n                \n<p>O pequeno grupo que ele reuniu no encontro inaugural da Associa\u00e7\u00e3o dos Pintores com a Boca e os P\u00e9s agora cresceu significativamente e representa aproximadamente 800 artistas em 75 pa\u00edses ao redor do mundo.<\/p>\n\n              <\/div>\n            <\/div>\n          <\/div>\n        <\/section>\n\n\n        <section class=\"conteudo\">\n          <div class=\"container\">\n            <div class=\"row\">\n              <div class=\"col-md-12 conteudo content margin-center text-md-\">\n                \n<p>Um dos principais focos de Stegmann era que a Associa\u00e7\u00e3o dos Pintores com a Boca e os P\u00e9s nunca deveria ser considerada uma institui\u00e7\u00e3o de caridade pelo fato de seus membros serem deficientes f\u00edsicos. Para Stegmann, a palavra \u201ccaridade\u201d era t\u00e3o abomin\u00e1vel como a palavra \u201cpena\u201d. A Associa\u00e7\u00e3o sustenta que n\u00e3o \u00e9 uma institui\u00e7\u00e3o de caridade e n\u00e3o se qualifica para a assist\u00eancia caritativa.<\/p>\n\n              <\/div>\n            <\/div>\n          <\/div>\n        <\/section>\n\n\n        <section class=\"conteudo\">\n          <div class=\"container\">\n            <div class=\"row\">\n              <div class=\"col-md-12 conteudo content margin-center text-md-\">\n                \n<p>Atualmente h\u00e1 55 artistas no Brasil, muitos d\u00e3o palestras e demonstra\u00e7\u00f5es de pintura para escolas, empresas e outros grupos interessados, oferecendo uma melhor compreens\u00e3o do trabalho que est\u00e1 sendo feito pela Associa\u00e7\u00e3o e as possibilidades dispon\u00edveis como oportunidade para as pessoas com defici\u00eancia.<\/p>\n\n              <\/div>\n            <\/div>\n          <\/div>\n        <\/section>\n\n\n        <section class=\"conteudo\">\n          <div class=\"container\">\n            <div class=\"row\">\n              <div class=\"col-md-12 conteudo content margin-center text-md-\">\n                \n<p>Neste site, dedicado \u00e0 mostra&nbsp;<strong>MARAVILHAS DO BRASIL<\/strong>, reunimos a produ\u00e7\u00e3o art\u00edstica de um grupo de artistas brasileiros que fazem parte da Associa\u00e7\u00e3o. Na foto abaixo, registro da inaugura\u00e7\u00e3o do projeto MARAVILHAS DO BRASIL realizado na <a href=\"https:\/\/ibeugaleria.blogspot.com\/2024\/07\/maravilhas-do-brasil.html\">Galeria de Arte IBEU<\/a> (RJ, agosto 2024), com a presen\u00e7a dos artistas: (da esquerda para a direita) <a href=\"https:\/\/www.instagram.com\/marcelocunha.arte\/\">Marcelo Cunha<\/a>, <a href=\"https:\/\/www.instagram.com\/eduardoadoartes\/\">Eduardo Ado<\/a>, <a href=\"https:\/\/www.instagram.com\/lucianoartecomvida\/\">Luciano Alves<\/a>, <a href=\"https:\/\/www.instagram.com\/deborapintora\/\">D\u00e9bora Ferreira<\/a>, <a href=\"https:\/\/www.instagram.com\/babi_apbp\/\">B\u00e1rbara Corr\u00eaa<\/a>, <a href=\"https:\/\/www.instagram.com\/kazefraga\/\">Kaz\u00ea Fraga<\/a> e <a href=\"https:\/\/www.instagram.com\/atelier_goncalo_borges\/\">Gon\u00e7alo Borges<\/a>.<\/p>\n\n              <\/div>\n            <\/div>\n          <\/div>\n        <\/section>\n\n\n        <section class=\"conteudo\">\n          <div class=\"container\">\n            <div class=\"row\">\n              <div class=\"col-md-12 conteudo content margin-center text-md-\">\n                \n<p><\/p>\n\n              <\/div>\n            <\/div>\n          <\/div>\n        <\/section>\n\n\n<figure class=\"wp-block-image size-full\"><img decoding=\"async\" width=\"800\" height=\"515\" src=\"https:\/\/memo.museudapessoa.org\/maravilhasdobrasil\/wp-content\/uploads\/sites\/136\/2024\/11\/artistas2.png\" alt=\"\" class=\"wp-image-39\" srcset=\"https:\/\/memo.museudapessoa.org\/maravilhasdobrasil\/wp-content\/uploads\/sites\/136\/2024\/11\/artistas2.png 800w, https:\/\/memo.museudapessoa.org\/maravilhasdobrasil\/wp-content\/uploads\/sites\/136\/2024\/11\/artistas2-300x193.png 300w, https:\/\/memo.museudapessoa.org\/maravilhasdobrasil\/wp-content\/uploads\/sites\/136\/2024\/11\/artistas2-768x494.png 768w\" sizes=\"(max-width: 800px) 100vw, 800px\" loading=\"lazy\" \/><\/figure>\n\n\n\n        <section class=\"conteudo\">\n          <div class=\"container\">\n            <div class=\"row\">\n              <div class=\"col-md-12 conteudo content margin-center text-md-\">\n                \n<p><\/p>\n\n              <\/div>\n            <\/div>\n          <\/div>\n        <\/section>\n\n\n        <section class=\"conteudo\">\n          <div class=\"container\">\n            <div class=\"row\">\n              <div class=\"col-md-12 conteudo content margin-center text-md-\">\n                \n<h2 id=\"\" class=\"wp-block-heading\"><\/h2>\n\n              <\/div>\n            <\/div>\n          <\/div>\n        <\/section>\n\n\n        <section class=\"conteudo\">\n          <div class=\"container\">\n            <div class=\"row\">\n              <div class=\"col-md-12 conteudo content margin-center text-md-\">\n                \n<div class=\"wp-block-columns is-layout-flex wp-container-core-columns-is-layout-1 wp-block-columns-is-layout-flex\">\n<div class=\"wp-block-column is-layout-flow wp-block-column-is-layout-flow\">\n        <section class=\"conteudo\">\n          <div class=\"container\">\n            <div class=\"row\">\n              <div class=\"col-md-12 conteudo content margin-center text-md-\">\n                \n<p>Cr\u00e9ditos:<\/p>\n\n              <\/div>\n            <\/div>\n          <\/div>\n        <\/section>\n\n\n        <section class=\"conteudo\">\n          <div class=\"container\">\n            <div class=\"row\">\n              <div class=\"col-md-12 conteudo content margin-center text-md-\">\n                \n<p>Curadoria do Projeto MARAVILHAS DO BRASIL: <a href=\"https:\/\/www.instagram.com\/marcelocunha.arte\/\">Marcelo Cunha<\/a><\/p>\n\n              <\/div>\n            <\/div>\n          <\/div>\n        <\/section>\n\n\n        <section class=\"conteudo\">\n          <div class=\"container\">\n            <div class=\"row\">\n              <div class=\"col-md-12 conteudo content margin-center text-md-\">\n                \n<p>Produ\u00e7\u00e3o do Site e do Acervo Mem\u00f4\/Museu da Pessoa: <a href=\"https:\/\/www.instagram.com\/gestoeditorial\/\">Rebeca Rasel<\/a><\/p>\n\n              <\/div>\n            <\/div>\n          <\/div>\n        <\/section><\/div>\n<\/div>\n\n              <\/div>\n            <\/div>\n          <\/div>\n        <\/section>","protected":false},"excerpt":{"rendered":"<p>Conhe\u00e7a a hist\u00f3ria da Associa\u00e7\u00e3o dos Pintores com a Boca e os P\u00e9s \u2013 APBP A&nbsp;Associa\u00e7\u00e3o dos Pintores com a Boca e os P\u00e9s&nbsp;come\u00e7ou em 1956 quando Erich Stegmann, um artista que pintava com a boca, reuniu um pequeno grupo&#8230;<\/p>\n","protected":false},"author":11972,"featured_media":0,"parent":0,"menu_order":0,"comment_status":"closed","ping_status":"closed","template":"","meta":{"_acf_changed":false,"footnotes":""},"class_list":["post-5","page","type-page","status-publish","hentry"],"acf":[],"yoast_head":"<!-- This site is optimized with the Yoast SEO plugin v23.3 - https:\/\/yoast.com\/wordpress\/plugins\/seo\/ -->\n<title>Sobre os artistas da APBP - Maravilhas do Brasil<\/title>\n<meta name=\"robots\" content=\"index, follow, max-snippet:-1, max-image-preview:large, max-video-preview:-1\" \/>\n<link rel=\"canonical\" href=\"https:\/\/memo.museudapessoa.org\/maravilhasdobrasil\/sobre-os-artistas-da-apbp\/\" \/>\n<meta property=\"og:locale\" content=\"pt_BR\" \/>\n<meta property=\"og:type\" content=\"article\" \/>\n<meta property=\"og:title\" content=\"Sobre os artistas da APBP - Maravilhas do Brasil\" \/>\n<meta property=\"og:description\" content=\"Conhe\u00e7a a hist\u00f3ria da Associa\u00e7\u00e3o dos Pintores com a Boca e os P\u00e9s \u2013 APBP A&nbsp;Associa\u00e7\u00e3o dos Pintores com a Boca e os P\u00e9s&nbsp;come\u00e7ou em 1956 quando Erich Stegmann, um artista que pintava com a boca, reuniu um pequeno grupo...\" \/>\n<meta property=\"og:url\" content=\"https:\/\/memo.museudapessoa.org\/maravilhasdobrasil\/sobre-os-artistas-da-apbp\/\" \/>\n<meta property=\"og:site_name\" content=\"Maravilhas do Brasil\" \/>\n<meta property=\"article:modified_time\" content=\"2024-11-13T15:11:06+00:00\" \/>\n<meta property=\"og:image\" content=\"https:\/\/memo.museudapessoa.org\/maravilhasdobrasil\/wp-content\/uploads\/sites\/136\/2024\/11\/artistas2.png\" \/>\n<meta name=\"twitter:card\" content=\"summary_large_image\" \/>\n<meta name=\"twitter:label1\" content=\"Est. tempo de leitura\" \/>\n\t<meta name=\"twitter:data1\" content=\"3 minutos\" \/>\n<script type=\"application\/ld+json\" class=\"yoast-schema-graph\">{\"@context\":\"https:\/\/schema.org\",\"@graph\":[{\"@type\":\"WebPage\",\"@id\":\"https:\/\/memo.museudapessoa.org\/maravilhasdobrasil\/sobre-os-artistas-da-apbp\/\",\"url\":\"https:\/\/memo.museudapessoa.org\/maravilhasdobrasil\/sobre-os-artistas-da-apbp\/\",\"name\":\"Sobre os artistas da APBP - Maravilhas do Brasil\",\"isPartOf\":{\"@id\":\"https:\/\/memo.museudapessoa.org\/maravilhasdobrasil\/#website\"},\"primaryImageOfPage\":{\"@id\":\"https:\/\/memo.museudapessoa.org\/maravilhasdobrasil\/sobre-os-artistas-da-apbp\/#primaryimage\"},\"image\":{\"@id\":\"https:\/\/memo.museudapessoa.org\/maravilhasdobrasil\/sobre-os-artistas-da-apbp\/#primaryimage\"},\"thumbnailUrl\":\"https:\/\/memo.museudapessoa.org\/maravilhasdobrasil\/wp-content\/uploads\/sites\/136\/2024\/11\/artistas2.png\",\"datePublished\":\"2024-11-07T15:53:47+00:00\",\"dateModified\":\"2024-11-13T15:11:06+00:00\",\"breadcrumb\":{\"@id\":\"https:\/\/memo.museudapessoa.org\/maravilhasdobrasil\/sobre-os-artistas-da-apbp\/#breadcrumb\"},\"inLanguage\":\"pt-BR\",\"potentialAction\":[{\"@type\":\"ReadAction\",\"target\":[\"https:\/\/memo.museudapessoa.org\/maravilhasdobrasil\/sobre-os-artistas-da-apbp\/\"]}]},{\"@type\":\"ImageObject\",\"inLanguage\":\"pt-BR\",\"@id\":\"https:\/\/memo.museudapessoa.org\/maravilhasdobrasil\/sobre-os-artistas-da-apbp\/#primaryimage\",\"url\":\"https:\/\/memo.museudapessoa.org\/maravilhasdobrasil\/wp-content\/uploads\/sites\/136\/2024\/11\/artistas2.png\",\"contentUrl\":\"https:\/\/memo.museudapessoa.org\/maravilhasdobrasil\/wp-content\/uploads\/sites\/136\/2024\/11\/artistas2.png\",\"width\":800,\"height\":515},{\"@type\":\"BreadcrumbList\",\"@id\":\"https:\/\/memo.museudapessoa.org\/maravilhasdobrasil\/sobre-os-artistas-da-apbp\/#breadcrumb\",\"itemListElement\":[{\"@type\":\"ListItem\",\"position\":1,\"name\":\"Home\",\"item\":\"https:\/\/memo.museudapessoa.org\/maravilhasdobrasil\/\"},{\"@type\":\"ListItem\",\"position\":2,\"name\":\"Sobre os artistas da APBP\"}]},{\"@type\":\"WebSite\",\"@id\":\"https:\/\/memo.museudapessoa.org\/maravilhasdobrasil\/#website\",\"url\":\"https:\/\/memo.museudapessoa.org\/maravilhasdobrasil\/\",\"name\":\"Maravilhas do Brasil\",\"description\":\"\",\"potentialAction\":[{\"@type\":\"SearchAction\",\"target\":{\"@type\":\"EntryPoint\",\"urlTemplate\":\"https:\/\/memo.museudapessoa.org\/maravilhasdobrasil\/?s={search_term_string}\"},\"query-input\":\"required name=search_term_string\"}],\"inLanguage\":\"pt-BR\"}]}<\/script>\n<!-- \/ Yoast SEO plugin. -->","yoast_head_json":{"title":"Sobre os artistas da APBP - Maravilhas do Brasil","robots":{"index":"index","follow":"follow","max-snippet":"max-snippet:-1","max-image-preview":"max-image-preview:large","max-video-preview":"max-video-preview:-1"},"canonical":"https:\/\/memo.museudapessoa.org\/maravilhasdobrasil\/sobre-os-artistas-da-apbp\/","og_locale":"pt_BR","og_type":"article","og_title":"Sobre os artistas da APBP - Maravilhas do Brasil","og_description":"Conhe\u00e7a a hist\u00f3ria da Associa\u00e7\u00e3o dos Pintores com a Boca e os P\u00e9s \u2013 APBP A&nbsp;Associa\u00e7\u00e3o dos Pintores com a Boca e os P\u00e9s&nbsp;come\u00e7ou em 1956 quando Erich Stegmann, um artista que pintava com a boca, reuniu um pequeno grupo...","og_url":"https:\/\/memo.museudapessoa.org\/maravilhasdobrasil\/sobre-os-artistas-da-apbp\/","og_site_name":"Maravilhas do Brasil","article_modified_time":"2024-11-13T15:11:06+00:00","og_image":[{"url":"https:\/\/memo.museudapessoa.org\/maravilhasdobrasil\/wp-content\/uploads\/sites\/136\/2024\/11\/artistas2.png"}],"twitter_card":"summary_large_image","twitter_misc":{"Est. tempo de leitura":"3 minutos"},"schema":{"@context":"https:\/\/schema.org","@graph":[{"@type":"WebPage","@id":"https:\/\/memo.museudapessoa.org\/maravilhasdobrasil\/sobre-os-artistas-da-apbp\/","url":"https:\/\/memo.museudapessoa.org\/maravilhasdobrasil\/sobre-os-artistas-da-apbp\/","name":"Sobre os artistas da APBP - Maravilhas do Brasil","isPartOf":{"@id":"https:\/\/memo.museudapessoa.org\/maravilhasdobrasil\/#website"},"primaryImageOfPage":{"@id":"https:\/\/memo.museudapessoa.org\/maravilhasdobrasil\/sobre-os-artistas-da-apbp\/#primaryimage"},"image":{"@id":"https:\/\/memo.museudapessoa.org\/maravilhasdobrasil\/sobre-os-artistas-da-apbp\/#primaryimage"},"thumbnailUrl":"https:\/\/memo.museudapessoa.org\/maravilhasdobrasil\/wp-content\/uploads\/sites\/136\/2024\/11\/artistas2.png","datePublished":"2024-11-07T15:53:47+00:00","dateModified":"2024-11-13T15:11:06+00:00","breadcrumb":{"@id":"https:\/\/memo.museudapessoa.org\/maravilhasdobrasil\/sobre-os-artistas-da-apbp\/#breadcrumb"},"inLanguage":"pt-BR","potentialAction":[{"@type":"ReadAction","target":["https:\/\/memo.museudapessoa.org\/maravilhasdobrasil\/sobre-os-artistas-da-apbp\/"]}]},{"@type":"ImageObject","inLanguage":"pt-BR","@id":"https:\/\/memo.museudapessoa.org\/maravilhasdobrasil\/sobre-os-artistas-da-apbp\/#primaryimage","url":"https:\/\/memo.museudapessoa.org\/maravilhasdobrasil\/wp-content\/uploads\/sites\/136\/2024\/11\/artistas2.png","contentUrl":"https:\/\/memo.museudapessoa.org\/maravilhasdobrasil\/wp-content\/uploads\/sites\/136\/2024\/11\/artistas2.png","width":800,"height":515},{"@type":"BreadcrumbList","@id":"https:\/\/memo.museudapessoa.org\/maravilhasdobrasil\/sobre-os-artistas-da-apbp\/#breadcrumb","itemListElement":[{"@type":"ListItem","position":1,"name":"Home","item":"https:\/\/memo.museudapessoa.org\/maravilhasdobrasil\/"},{"@type":"ListItem","position":2,"name":"Sobre os artistas da APBP"}]},{"@type":"WebSite","@id":"https:\/\/memo.museudapessoa.org\/maravilhasdobrasil\/#website","url":"https:\/\/memo.museudapessoa.org\/maravilhasdobrasil\/","name":"Maravilhas do Brasil","description":"","potentialAction":[{"@type":"SearchAction","target":{"@type":"EntryPoint","urlTemplate":"https:\/\/memo.museudapessoa.org\/maravilhasdobrasil\/?s={search_term_string}"},"query-input":"required name=search_term_string"}],"inLanguage":"pt-BR"}]}},"_links":{"self":[{"href":"https:\/\/memo.museudapessoa.org\/maravilhasdobrasil\/wp-json\/wp\/v2\/pages\/5"}],"collection":[{"href":"https:\/\/memo.museudapessoa.org\/maravilhasdobrasil\/wp-json\/wp\/v2\/pages"}],"about":[{"href":"https:\/\/memo.museudapessoa.org\/maravilhasdobrasil\/wp-json\/wp\/v2\/types\/page"}],"author":[{"embeddable":true,"href":"https:\/\/memo.museudapessoa.org\/maravilhasdobrasil\/wp-json\/wp\/v2\/users\/11972"}],"replies":[{"embeddable":true,"href":"https:\/\/memo.museudapessoa.org\/maravilhasdobrasil\/wp-json\/wp\/v2\/comments?post=5"}],"version-history":[{"count":12,"href":"https:\/\/memo.museudapessoa.org\/maravilhasdobrasil\/wp-json\/wp\/v2\/pages\/5\/revisions"}],"predecessor-version":[{"id":251,"href":"https:\/\/memo.museudapessoa.org\/maravilhasdobrasil\/wp-json\/wp\/v2\/pages\/5\/revisions\/251"}],"wp:attachment":[{"href":"https:\/\/memo.museudapessoa.org\/maravilhasdobrasil\/wp-json\/wp\/v2\/media?parent=5"}],"curies":[{"name":"wp","href":"https:\/\/api.w.org\/{rel}","templated":true}]}}