{"id":17,"date":"2025-08-25T15:53:43","date_gmt":"2025-08-25T18:53:43","guid":{"rendered":"https:\/\/memo.museudapessoa.org\/memorias-que-nao-afundam\/conte-sua-historia\/"},"modified":"2025-11-06T08:43:57","modified_gmt":"2025-11-06T11:43:57","slug":"conte-sua-historia","status":"publish","type":"page","link":"https:\/\/memo.museudapessoa.org\/memorias-que-nao-afundam\/conte-sua-historia\/","title":{"rendered":"Conte sua hist\u00f3ria"},"content":{"rendered":"\n        <section class=\"conteudo\">\n          <div class=\"container\">\n            <div class=\"row\">\n              <div class=\"col-md-12 conteudo content margin-center text-md-\">\n                \n<p class=\"has-text-align-center\"><\/p>\n\n              <\/div>\n            <\/div>\n          <\/div>\n        <\/section>\n\n\n        <section class=\"conteudo\">\n          <div class=\"container\">\n            <div class=\"row\">\n              <div class=\"col-md-12 conteudo content margin-center text-md-\">\n                \n<h2 id=\"aqui-ainda-tem-vida\" class=\"wp-block-heading has-text-align-center\">&#8220;Aqui ainda tem vida&#8221;<\/h2>\n\n              <\/div>\n            <\/div>\n          <\/div>\n        <\/section>\n\n\n        <section class=\"conteudo\">\n          <div class=\"container\">\n            <div class=\"row\">\n              <div class=\"col-md-12 conteudo content margin-center text-md-\">\n                \n<p><strong>Conte sua hist\u00f3ria<\/strong><\/p>\n\n              <\/div>\n            <\/div>\n          <\/div>\n        <\/section>\n\n\n        <section class=\"conteudo\">\n          <div class=\"container\">\n            <div class=\"row\">\n              <div class=\"col-md-12 conteudo content margin-center text-md-\">\n                \n<p>Voc\u00ea tamb\u00e9m pode fazer parte dessa exposi\u00e7\u00e3o ao contar sua hist\u00f3ria. Nesta p\u00e1gina, confira alguns dos relatos que j\u00e1 recebemos dos visitantes.<\/p>\n\n              <\/div>\n            <\/div>\n          <\/div>\n        <\/section>\n\n\n        <section class=\"conteudo\">\n          <div class=\"container\">\n            <div class=\"row\">\n              <div class=\"col-md-12 conteudo content margin-center text-md-\">\n                \n<p>Para enviar seu depoimento, clique no bot\u00e3o flutuante \u201cConte sua Hist\u00f3ria\u201d (no canto inferior direito da sua tela) e registre seu conte\u00fado em v\u00eddeo, texto ou \u00e1udio. \u00c9 de gra\u00e7a!<\/p>\n\n              <\/div>\n            <\/div>\n          <\/div>\n        <\/section>\n\n\n<section class=' margin-top-none margin-bottom-medium padding-top-none padding-bottom-none' style='background-color:rgba(255,255,255,0);'>\n    <div class=\"container\">\n      <div class=\"row\">\n                      <div class=\"history-item col-6 col-md-3 mb-3  wow fadeInUp\" data-wow-delay=\"0.0s\">\n            <a href=\"https:\/\/memo.museudapessoa.org\/memorias-que-nao-afundam\/historia-detalhe\/67263\"  class=\"gallery-item w-100 home-gallery__item \" >\n              <picture><source srcset='https:\/\/memo.museudapessoa.org\/wp-content\/uploads\/avatar\/20251202165829e8deaaf6-87e6-46d5-998f-af6c210989d7.jpeg' \/>\n\t\t<img  src='https:\/\/memo.museudapessoa.org\/wp-content\/uploads\/avatar\/20251202165829e8deaaf6-87e6-46d5-998f-af6c210989d7.jpeg' alt='' loading='lazy' \/><\/picture>            <\/a>\n            <a href=\"https:\/\/memo.museudapessoa.org\/memorias-que-nao-afundam\/historia-detalhe\/67263\" ><h3>1997 ( pouco da hist\u00f3ria que eu vivi e escutei)<\/h3><\/a>\n        <\/div>\n              <div class=\"history-item col-6 col-md-3 mb-3  wow fadeInUp\" data-wow-delay=\"0.1s\">\n            <a href=\"https:\/\/memo.museudapessoa.org\/memorias-que-nao-afundam\/historia-detalhe\/67035?autoplay=1\"  class=\"gallery-item w-100 home-gallery__item play\" >\n              <picture><source srcset='https:\/\/memo.museudapessoa.org\/wp-content\/uploads\/avatar692a0dfeb4ead.png' \/>\n\t\t<img  src='https:\/\/memo.museudapessoa.org\/wp-content\/uploads\/avatar692a0dfeb4ead.png' alt='' loading='lazy' \/><\/picture>            <\/a>\n            <a href=\"https:\/\/memo.museudapessoa.org\/memorias-que-nao-afundam\/historia-detalhe\/67035?autoplay=1\" ><h3>Mem\u00f3ria encarnada<\/h3><\/a>\n        <\/div>\n              <div class=\"history-item col-6 col-md-3 mb-3  wow fadeInUp\" data-wow-delay=\"0.2s\">\n            <a href=\"https:\/\/memo.museudapessoa.org\/memorias-que-nao-afundam\/historia-detalhe\/67015?autoplay=1\"  class=\"gallery-item w-100 home-gallery__item play\" >\n              <picture><source srcset='https:\/\/memo.museudapessoa.org\/wp-content\/uploads\/avatar6929cca9247e2.png' \/>\n\t\t<img  src='https:\/\/memo.museudapessoa.org\/wp-content\/uploads\/avatar6929cca9247e2.png' alt='' loading='lazy' \/><\/picture>            <\/a>\n            <a href=\"https:\/\/memo.museudapessoa.org\/memorias-que-nao-afundam\/historia-detalhe\/67015?autoplay=1\" ><h3>Rua da mangueira &#8211; mem\u00f3rias em familia<\/h3><\/a>\n        <\/div>\n        \n                  <div class=\"col-md-10 offset-md-1 text-center py-3\"><a class=\"btn\" href=\"https:\/\/memo.museudapessoa.org\/csh\/memorias-que-nao-afundam\">Conte sua hist\u00f3ria!<\/a><\/div>\n      \n\n<!-- PAGINA\u00c7\u00c3O -->\n      \n\n\n      <\/div>\n    <\/div>\n<\/section>\n\n","protected":false},"excerpt":{"rendered":"<p>&#8220;Aqui ainda tem vida&#8221; Conte sua hist\u00f3ria Voc\u00ea tamb\u00e9m pode fazer parte dessa exposi\u00e7\u00e3o ao contar sua hist\u00f3ria. Nesta p\u00e1gina, confira alguns dos relatos que j\u00e1 recebemos dos visitantes. Para enviar seu depoimento, clique no bot\u00e3o flutuante \u201cConte sua Hist\u00f3ria\u201d&#8230;<\/p>\n","protected":false},"author":1,"featured_media":0,"parent":0,"menu_order":0,"comment_status":"closed","ping_status":"closed","template":"","meta":{"_acf_changed":false,"footnotes":""},"class_list":["post-17","page","type-page","status-publish","hentry"],"acf":[],"yoast_head":"<!-- This site is optimized with the Yoast SEO plugin v23.3 - https:\/\/yoast.com\/wordpress\/plugins\/seo\/ -->\n<title>Conte sua hist\u00f3ria - Mem\u00f3rias que N\u00e3o Afundam<\/title>\n<meta name=\"robots\" content=\"index, follow, max-snippet:-1, max-image-preview:large, max-video-preview:-1\" \/>\n<link rel=\"canonical\" href=\"https:\/\/memo.museudapessoa.org\/memorias-que-nao-afundam\/conte-sua-historia\/\" \/>\n<meta property=\"og:locale\" content=\"pt_BR\" \/>\n<meta property=\"og:type\" content=\"article\" \/>\n<meta property=\"og:title\" content=\"Conte sua hist\u00f3ria - Mem\u00f3rias que N\u00e3o Afundam\" \/>\n<meta property=\"og:description\" content=\"&#8220;Aqui ainda tem vida&#8221; Conte sua hist\u00f3ria Voc\u00ea tamb\u00e9m pode fazer parte dessa exposi\u00e7\u00e3o ao contar sua hist\u00f3ria. Nesta p\u00e1gina, confira alguns dos relatos que j\u00e1 recebemos dos visitantes. Para enviar seu depoimento, clique no bot\u00e3o flutuante \u201cConte sua Hist\u00f3ria\u201d...\" \/>\n<meta property=\"og:url\" content=\"https:\/\/memo.museudapessoa.org\/memorias-que-nao-afundam\/conte-sua-historia\/\" \/>\n<meta property=\"og:site_name\" content=\"Mem\u00f3rias que N\u00e3o Afundam\" \/>\n<meta property=\"article:modified_time\" content=\"2025-11-06T11:43:57+00:00\" \/>\n<meta name=\"twitter:card\" content=\"summary_large_image\" \/>\n<meta name=\"twitter:label1\" content=\"Est. tempo de leitura\" \/>\n\t<meta name=\"twitter:data1\" content=\"1 minuto\" \/>\n<script type=\"application\/ld+json\" class=\"yoast-schema-graph\">{\"@context\":\"https:\/\/schema.org\",\"@graph\":[{\"@type\":\"WebPage\",\"@id\":\"https:\/\/memo.museudapessoa.org\/memorias-que-nao-afundam\/conte-sua-historia\/\",\"url\":\"https:\/\/memo.museudapessoa.org\/memorias-que-nao-afundam\/conte-sua-historia\/\",\"name\":\"Conte sua hist\u00f3ria - Mem\u00f3rias que N\u00e3o Afundam\",\"isPartOf\":{\"@id\":\"https:\/\/memo.museudapessoa.org\/memorias-que-nao-afundam\/#website\"},\"datePublished\":\"2025-08-25T18:53:43+00:00\",\"dateModified\":\"2025-11-06T11:43:57+00:00\",\"breadcrumb\":{\"@id\":\"https:\/\/memo.museudapessoa.org\/memorias-que-nao-afundam\/conte-sua-historia\/#breadcrumb\"},\"inLanguage\":\"pt-BR\",\"potentialAction\":[{\"@type\":\"ReadAction\",\"target\":[\"https:\/\/memo.museudapessoa.org\/memorias-que-nao-afundam\/conte-sua-historia\/\"]}]},{\"@type\":\"BreadcrumbList\",\"@id\":\"https:\/\/memo.museudapessoa.org\/memorias-que-nao-afundam\/conte-sua-historia\/#breadcrumb\",\"itemListElement\":[{\"@type\":\"ListItem\",\"position\":1,\"name\":\"In\u00edcio\",\"item\":\"https:\/\/memo.museudapessoa.org\/memorias-que-nao-afundam\/\"},{\"@type\":\"ListItem\",\"position\":2,\"name\":\"Conte sua hist\u00f3ria\"}]},{\"@type\":\"WebSite\",\"@id\":\"https:\/\/memo.museudapessoa.org\/memorias-que-nao-afundam\/#website\",\"url\":\"https:\/\/memo.museudapessoa.org\/memorias-que-nao-afundam\/\",\"name\":\"Mem\u00f3rias que N\u00e3o Afundam\",\"description\":\"\",\"potentialAction\":[{\"@type\":\"SearchAction\",\"target\":{\"@type\":\"EntryPoint\",\"urlTemplate\":\"https:\/\/memo.museudapessoa.org\/memorias-que-nao-afundam\/?s={search_term_string}\"},\"query-input\":\"required name=search_term_string\"}],\"inLanguage\":\"pt-BR\"}]}<\/script>\n<!-- \/ Yoast SEO plugin. -->","yoast_head_json":{"title":"Conte sua hist\u00f3ria - Mem\u00f3rias que N\u00e3o Afundam","robots":{"index":"index","follow":"follow","max-snippet":"max-snippet:-1","max-image-preview":"max-image-preview:large","max-video-preview":"max-video-preview:-1"},"canonical":"https:\/\/memo.museudapessoa.org\/memorias-que-nao-afundam\/conte-sua-historia\/","og_locale":"pt_BR","og_type":"article","og_title":"Conte sua hist\u00f3ria - Mem\u00f3rias que N\u00e3o Afundam","og_description":"&#8220;Aqui ainda tem vida&#8221; Conte sua hist\u00f3ria Voc\u00ea tamb\u00e9m pode fazer parte dessa exposi\u00e7\u00e3o ao contar sua hist\u00f3ria. Nesta p\u00e1gina, confira alguns dos relatos que j\u00e1 recebemos dos visitantes. Para enviar seu depoimento, clique no bot\u00e3o flutuante \u201cConte sua Hist\u00f3ria\u201d...","og_url":"https:\/\/memo.museudapessoa.org\/memorias-que-nao-afundam\/conte-sua-historia\/","og_site_name":"Mem\u00f3rias que N\u00e3o Afundam","article_modified_time":"2025-11-06T11:43:57+00:00","twitter_card":"summary_large_image","twitter_misc":{"Est. tempo de leitura":"1 minuto"},"schema":{"@context":"https:\/\/schema.org","@graph":[{"@type":"WebPage","@id":"https:\/\/memo.museudapessoa.org\/memorias-que-nao-afundam\/conte-sua-historia\/","url":"https:\/\/memo.museudapessoa.org\/memorias-que-nao-afundam\/conte-sua-historia\/","name":"Conte sua hist\u00f3ria - Mem\u00f3rias que N\u00e3o Afundam","isPartOf":{"@id":"https:\/\/memo.museudapessoa.org\/memorias-que-nao-afundam\/#website"},"datePublished":"2025-08-25T18:53:43+00:00","dateModified":"2025-11-06T11:43:57+00:00","breadcrumb":{"@id":"https:\/\/memo.museudapessoa.org\/memorias-que-nao-afundam\/conte-sua-historia\/#breadcrumb"},"inLanguage":"pt-BR","potentialAction":[{"@type":"ReadAction","target":["https:\/\/memo.museudapessoa.org\/memorias-que-nao-afundam\/conte-sua-historia\/"]}]},{"@type":"BreadcrumbList","@id":"https:\/\/memo.museudapessoa.org\/memorias-que-nao-afundam\/conte-sua-historia\/#breadcrumb","itemListElement":[{"@type":"ListItem","position":1,"name":"In\u00edcio","item":"https:\/\/memo.museudapessoa.org\/memorias-que-nao-afundam\/"},{"@type":"ListItem","position":2,"name":"Conte sua hist\u00f3ria"}]},{"@type":"WebSite","@id":"https:\/\/memo.museudapessoa.org\/memorias-que-nao-afundam\/#website","url":"https:\/\/memo.museudapessoa.org\/memorias-que-nao-afundam\/","name":"Mem\u00f3rias que N\u00e3o Afundam","description":"","potentialAction":[{"@type":"SearchAction","target":{"@type":"EntryPoint","urlTemplate":"https:\/\/memo.museudapessoa.org\/memorias-que-nao-afundam\/?s={search_term_string}"},"query-input":"required name=search_term_string"}],"inLanguage":"pt-BR"}]}},"_links":{"self":[{"href":"https:\/\/memo.museudapessoa.org\/memorias-que-nao-afundam\/wp-json\/wp\/v2\/pages\/17"}],"collection":[{"href":"https:\/\/memo.museudapessoa.org\/memorias-que-nao-afundam\/wp-json\/wp\/v2\/pages"}],"about":[{"href":"https:\/\/memo.museudapessoa.org\/memorias-que-nao-afundam\/wp-json\/wp\/v2\/types\/page"}],"author":[{"embeddable":true,"href":"https:\/\/memo.museudapessoa.org\/memorias-que-nao-afundam\/wp-json\/wp\/v2\/users\/1"}],"replies":[{"embeddable":true,"href":"https:\/\/memo.museudapessoa.org\/memorias-que-nao-afundam\/wp-json\/wp\/v2\/comments?post=17"}],"version-history":[{"count":16,"href":"https:\/\/memo.museudapessoa.org\/memorias-que-nao-afundam\/wp-json\/wp\/v2\/pages\/17\/revisions"}],"predecessor-version":[{"id":388,"href":"https:\/\/memo.museudapessoa.org\/memorias-que-nao-afundam\/wp-json\/wp\/v2\/pages\/17\/revisions\/388"}],"wp:attachment":[{"href":"https:\/\/memo.museudapessoa.org\/memorias-que-nao-afundam\/wp-json\/wp\/v2\/media?parent=17"}],"curies":[{"name":"wp","href":"https:\/\/api.w.org\/{rel}","templated":true}]}}

Conte sua história

<section class="conteudo">
          <div class="container">
            <div class="row">
              <div class="col-md-12 conteudo content margin-center text-md-">
                
<p class="has-text-align-center"></p>

              </div>
            </div>
          </div>
        </section>


        <section class="conteudo">
          <div class="container">
            <div class="row">
              <div class="col-md-12 conteudo content margin-center text-md-">
                
<h2 id="aqui-ainda-tem-vida" class="wp-block-heading has-text-align-center">&#8220;Aqui ainda tem vida&#8221;</h2>

              </div>
            </div>
          </div>
        </section>


        <section class="conteudo">
          <div class="container">
            <div class="row">
              <div class="col-md-12 conteudo content margin-center text-md-">
                
<p><strong>Conte sua história</strong></p>

              </div>
            </div>
          </div>
        </section>


        <section class="conteudo">
          <div class="container">
            <div class="row">
              <div class="col-md-12 conteudo content margin-center text-md-">
                
<p>Você também pode fazer parte dessa exposição ao contar sua história. Nesta página, confira alguns dos relatos que já recebemos dos visitantes.</p>

              </div>
            </div>
          </div>
        </section>


        <section class="conteudo">
          <div class="container">
            <div class="row">
              <div class="col-md-12 conteudo content margin-center text-md-">
                
<p>Para enviar seu depoimento, clique no botão flutuante “Conte sua História” (no canto inferior direito da sua tela) e registre seu conteúdo em vídeo, texto ou áudio. É de graça!</p>

              </div>
            </div>
          </div>
        </section>


<section class=' margin-top-none margin-bottom-medium padding-top-none padding-bottom-none' style='background-color:rgba(255,255,255,0);'>
    <div class="container">
      <div class="row">
                      <div class="history-item col-6 col-md-3 mb-3  wow fadeInUp" data-wow-delay="0.0s">
            <a href="https://memo.museudapessoa.org/memorias-que-nao-afundam/historia-detalhe/67263"  class="gallery-item w-100 home-gallery__item " >
              <picture><source srcset='https://memo.museudapessoa.org/wp-content/uploads/avatar/20251202165829e8deaaf6-87e6-46d5-998f-af6c210989d7.jpeg' />
		<img  src='https://memo.museudapessoa.org/wp-content/uploads/avatar/20251202165829e8deaaf6-87e6-46d5-998f-af6c210989d7.jpeg' alt='' loading='lazy' /></picture>            </a>
            <a href="https://memo.museudapessoa.org/memorias-que-nao-afundam/historia-detalhe/67263" ><h3>1997 ( pouco da história que eu vivi e escutei)</h3></a>
        </div>
              <div class="history-item col-6 col-md-3 mb-3  wow fadeInUp" data-wow-delay="0.1s">
            <a href="https://memo.museudapessoa.org/memorias-que-nao-afundam/historia-detalhe/67035?autoplay=1"  class="gallery-item w-100 home-gallery__item play" >
              <picture><source srcset='https://memo.museudapessoa.org/wp-content/uploads/avatar692a0dfeb4ead.png' />
		<img  src='https://memo.museudapessoa.org/wp-content/uploads/avatar692a0dfeb4ead.png' alt='' loading='lazy' /></picture>            </a>
            <a href="https://memo.museudapessoa.org/memorias-que-nao-afundam/historia-detalhe/67035?autoplay=1" ><h3>Memória encarnada</h3></a>
        </div>
              <div class="history-item col-6 col-md-3 mb-3  wow fadeInUp" data-wow-delay="0.2s">
            <a href="https://memo.museudapessoa.org/memorias-que-nao-afundam/historia-detalhe/67015?autoplay=1"  class="gallery-item w-100 home-gallery__item play" >
              <picture><source srcset='https://memo.museudapessoa.org/wp-content/uploads/avatar6929cca9247e2.png' />
		<img  src='https://memo.museudapessoa.org/wp-content/uploads/avatar6929cca9247e2.png' alt='' loading='lazy' /></picture>            </a>
            <a href="https://memo.museudapessoa.org/memorias-que-nao-afundam/historia-detalhe/67015?autoplay=1" ><h3>Rua da mangueira &#8211; memórias em familia</h3></a>
        </div>
        
                  <div class="col-md-10 offset-md-1 text-center py-3"><a class="btn" href="https://memo.museudapessoa.org/csh/memorias-que-nao-afundam">Conte sua história!</a></div>
      

<!-- PAGINAÇÃO -->
      


      </div>
    </div>
</section>

<p>&#8220;Aqui ainda tem vida&#8221; Conte sua história Você também pode fazer parte dessa exposição ao contar sua história. Nesta página, confira alguns dos relatos que já recebemos dos visitantes. Para enviar seu depoimento, clique no botão flutuante “Conte sua História”&#8230;</p>

<!-- This site is optimized with the Yoast SEO plugin v23.3 - https://yoast.com/wordpress/plugins/seo/ -->
<title>Conte sua história - Memórias que Não Afundam</title>
<meta name="robots" content="index, follow, max-snippet:-1, max-image-preview:large, max-video-preview:-1" />
<link rel="canonical" href="https://memo.museudapessoa.org/memorias-que-nao-afundam/conte-sua-historia/" />
<meta property="og:locale" content="pt_BR" />
<meta property="og:type" content="article" />
<meta property="og:title" content="Conte sua história - Memórias que Não Afundam" />
<meta property="og:description" content="&#8220;Aqui ainda tem vida&#8221; Conte sua história Você também pode fazer parte dessa exposição ao contar sua história. Nesta página, confira alguns dos relatos que já recebemos dos visitantes. Para enviar seu depoimento, clique no botão flutuante “Conte sua História”..." />
<meta property="og:url" content="https://memo.museudapessoa.org/memorias-que-nao-afundam/conte-sua-historia/" />
<meta property="og:site_name" content="Memórias que Não Afundam" />
<meta property="article:modified_time" content="2025-11-06T11:43:57+00:00" />
<meta name="twitter:card" content="summary_large_image" />
<meta name="twitter:label1" content="Est. tempo de leitura" />
	<meta name="twitter:data1" content="1 minuto" />
<script type="application/ld+json" class="yoast-schema-graph">{"@context":"https://schema.org","@graph":[{"@type":"WebPage","@id":"https://memo.museudapessoa.org/memorias-que-nao-afundam/conte-sua-historia/","url":"https://memo.museudapessoa.org/memorias-que-nao-afundam/conte-sua-historia/","name":"Conte sua história - Memórias que Não Afundam","isPartOf":{"@id":"https://memo.museudapessoa.org/memorias-que-nao-afundam/#website"},"datePublished":"2025-08-25T18:53:43+00:00","dateModified":"2025-11-06T11:43:57+00:00","breadcrumb":{"@id":"https://memo.museudapessoa.org/memorias-que-nao-afundam/conte-sua-historia/#breadcrumb"},"inLanguage":"pt-BR","potentialAction":[{"@type":"ReadAction","target":["https://memo.museudapessoa.org/memorias-que-nao-afundam/conte-sua-historia/"]}]},{"@type":"BreadcrumbList","@id":"https://memo.museudapessoa.org/memorias-que-nao-afundam/conte-sua-historia/#breadcrumb","itemListElement":[{"@type":"ListItem","position":1,"name":"Início","item":"https://memo.museudapessoa.org/memorias-que-nao-afundam/"},{"@type":"ListItem","position":2,"name":"Conte sua história"}]},{"@type":"WebSite","@id":"https://memo.museudapessoa.org/memorias-que-nao-afundam/#website","url":"https://memo.museudapessoa.org/memorias-que-nao-afundam/","name":"Memórias que Não Afundam","description":"","potentialAction":[{"@type":"SearchAction","target":{"@type":"EntryPoint","urlTemplate":"https://memo.museudapessoa.org/memorias-que-nao-afundam/?s={search_term_string}"},"query-input":"required name=search_term_string"}],"inLanguage":"pt-BR"}]}</script>
<!-- / Yoast SEO plugin. -->

Conte sua história - Memórias que Não Afundam

&#8220;Aqui ainda tem vida&#8221; Conte sua história Você também pode fazer parte dessa exposição ao contar sua história. Nesta página, confira alguns dos relatos que já recebemos dos visitantes. Para enviar seu depoimento, clique no botão flutuante “Conte sua História”...

Memórias que Não Afundam

Início
