{"id":14,"date":"2023-06-22T12:20:46","date_gmt":"2023-06-22T15:20:46","guid":{"rendered":"https:\/\/hhh.memo.museudapessoa.org\/escola-massanori-karazawa\/linha-do-tempo\/"},"modified":"2024-10-23T09:53:01","modified_gmt":"2024-10-23T12:53:01","slug":"linha-do-tempo","status":"publish","type":"page","link":"https:\/\/memo.museudapessoa.org\/memoriasdoarcanjo\/linha-do-tempo\/","title":{"rendered":"Linha do tempo"},"content":{"rendered":"\n<section id=\"\" class='timeline margin-top-none margin-bottom-medium padding-top-none padding-bottom-none' style='background-color:rgba(255,255,255,0);' >\n  <div class=\"container\">\n        <div class=\"row\">\n        <div class=\"col-12 py-4\"><h2>Linha do tempo<\/h2><\/div>\n    <\/div>\n            <div class=\"row timeline__item\"> \n      <div class=\"col-md-12\">\n          <div class=\"row\">\n            <div class=\"timeline__title col-4 col-md-3 me-5\" >\n               <div class=\"wow fadeInLeft\">2021<\/div>\n            <\/div> \n            <div class=\"col timeline__content wow fadeInRight\">\n              <div class=\"row\">\n                                    <div class=\"col-12 col-md-10 mb-2 \">\n                      <img decoding=\"async\" src=\"https:\/\/memo.museudapessoa.org\/memoriasdoarcanjo\/wp-content\/uploads\/sites\/22\/2023\/07\/Imagem1.png\" alt=\"2021\" loading=\"lazy\">\n                  <\/div>\n                                  <div class=\"col-12 align-self-center mb-2\">\n                    <p>Processo de cria\u00e7\u00e3o do N\u00facleo Museu da Pessoa na Escola Massanori Karazawa<\/p>\n                <\/div>\n              <\/div>\n            <\/div>\n          <\/div>\n      <\/div>\n    <\/div>\n        <div class=\"row timeline__item\"> \n      <div class=\"col-md-12\">\n          <div class=\"row\">\n            <div class=\"timeline__title col-4 col-md-3 me-5\" >\n               <div class=\"wow fadeInLeft\">2022<\/div>\n            <\/div> \n            <div class=\"col timeline__content wow fadeInRight\">\n              <div class=\"row\">\n                                    <div class=\"col-12 col-md-10 mb-2 \">\n                      <img decoding=\"async\" src=\"https:\/\/memo.museudapessoa.org\/memoriasdoarcanjo\/wp-content\/uploads\/sites\/22\/2023\/07\/Imagem4.png\" alt=\"2022\" loading=\"lazy\">\n                  <\/div>\n                                  <div class=\"col-12 align-self-center mb-2\">\n                    <p>Cria\u00e7\u00e3o dos primieros v\u00eddeos do N\u00facleo &#8211; Roda de Hist\u00f3rias com Professores e Doc. Col\u00f4nia Fukui.<\/p>\n                <\/div>\n              <\/div>\n            <\/div>\n          <\/div>\n      <\/div>\n    <\/div>\n        <div class=\"row timeline__item\"> \n      <div class=\"col-md-12\">\n          <div class=\"row\">\n            <div class=\"timeline__title col-4 col-md-3 me-5\" >\n               <div class=\"wow fadeInLeft\">Nov. -2023<\/div>\n            <\/div> \n            <div class=\"col timeline__content wow fadeInRight\">\n              <div class=\"row\">\n                                    <div class=\"col-12 col-md-10 mb-2 \">\n                      <img decoding=\"async\" src=\"https:\/\/memo.museudapessoa.org\/memoriasdoarcanjo\/wp-content\/uploads\/sites\/22\/2024\/10\/IMG-20231207-WA0152-768x1024.jpg\" alt=\"Nov. -2023\" loading=\"lazy\">\n                  <\/div>\n                                  <div class=\"col-12 align-self-center mb-2\">\n                    <p>Realiza\u00e7\u00e3o do Itiner\u00e1rio Formativo sobre Territ\u00f3rio e Cultura<\/p>\n                <\/div>\n              <\/div>\n            <\/div>\n          <\/div>\n      <\/div>\n    <\/div>\n        <div class=\"row timeline__item\"> \n      <div class=\"col-md-12\">\n          <div class=\"row\">\n            <div class=\"timeline__title col-4 col-md-3 me-5\" >\n               <div class=\"wow fadeInLeft\">Dez. &#8211; 2023<\/div>\n            <\/div> \n            <div class=\"col timeline__content wow fadeInRight\">\n              <div class=\"row\">\n                                    <div class=\"col-12 col-md-10 mb-2 \">\n                      <img decoding=\"async\" src=\"https:\/\/memo.museudapessoa.org\/memoriasdoarcanjo\/wp-content\/uploads\/sites\/22\/2024\/10\/Imagem-do-WhatsApp-de-2024-10-23-as-09.04.18_b3b4dd60-768x1024.jpg\" alt=\"Dez. - 2023\" loading=\"lazy\">\n                  <\/div>\n                                  <div class=\"col-12 align-self-center mb-2\">\n                    <p>Doc. A Apari\u00e7\u00e3o de S\u00e3o Miguel Durante a Revolu\u00e7\u00e3o de 1932<\/p>\n                <\/div>\n              <\/div>\n            <\/div>\n          <\/div>\n      <\/div>\n    <\/div>\n        <div class=\"row timeline__item\"> \n      <div class=\"col-md-12\">\n          <div class=\"row\">\n            <div class=\"timeline__title col-4 col-md-3 me-5\" >\n               <div class=\"wow fadeInLeft\">Out. &#8211; 2024<\/div>\n            <\/div> \n            <div class=\"col timeline__content wow fadeInRight\">\n              <div class=\"row\">\n                                    <div class=\"col-12 col-md-10 mb-2 \">\n                      <img decoding=\"async\" src=\"https:\/\/memo.museudapessoa.org\/memoriasdoarcanjo\/wp-content\/uploads\/sites\/22\/2024\/10\/Imagem-do-WhatsApp-de-2024-10-01-as-15.53.12_d105523c-1024x682.jpg\" alt=\"Out. - 2024\" loading=\"lazy\">\n                  <\/div>\n                                  <div class=\"col-12 align-self-center mb-2\">\n                    <p>Reorganiza\u00e7\u00e3o do N\u00facleo visando ressignificar a identidade de nosso trabalho abrangendo S\u00e3o Miguel Arcanjo e regi\u00e3o.<\/p>\n                <\/div>\n              <\/div>\n            <\/div>\n          <\/div>\n      <\/div>\n    <\/div>\n      <\/div>\n<\/section>\n\n\n","protected":false},"excerpt":{"rendered":"","protected":false},"author":1,"featured_media":0,"parent":0,"menu_order":0,"comment_status":"closed","ping_status":"closed","template":"","meta":{"_acf_changed":false,"footnotes":""},"class_list":["post-14","page","type-page","status-publish","hentry"],"acf":[],"yoast_head":"<!-- This site is optimized with the Yoast SEO plugin v23.3 - https:\/\/yoast.com\/wordpress\/plugins\/seo\/ -->\n<title>Linha do tempo - Mem\u00f3rias do Arcanjo<\/title>\n<meta name=\"robots\" content=\"index, follow, max-snippet:-1, max-image-preview:large, max-video-preview:-1\" \/>\n<link rel=\"canonical\" href=\"https:\/\/memo.museudapessoa.org\/memoriasdoarcanjo\/linha-do-tempo\/\" \/>\n<meta property=\"og:locale\" content=\"pt_BR\" \/>\n<meta property=\"og:type\" content=\"article\" \/>\n<meta property=\"og:title\" content=\"Linha do tempo - Mem\u00f3rias do Arcanjo\" \/>\n<meta property=\"og:url\" content=\"https:\/\/memo.museudapessoa.org\/memoriasdoarcanjo\/linha-do-tempo\/\" \/>\n<meta property=\"og:site_name\" content=\"Mem\u00f3rias do Arcanjo\" \/>\n<meta property=\"article:modified_time\" content=\"2024-10-23T12:53:01+00:00\" \/>\n<meta name=\"twitter:card\" content=\"summary_large_image\" \/>\n<script type=\"application\/ld+json\" class=\"yoast-schema-graph\">{\"@context\":\"https:\/\/schema.org\",\"@graph\":[{\"@type\":\"WebPage\",\"@id\":\"https:\/\/memo.museudapessoa.org\/memoriasdoarcanjo\/linha-do-tempo\/\",\"url\":\"https:\/\/memo.museudapessoa.org\/memoriasdoarcanjo\/linha-do-tempo\/\",\"name\":\"Linha do tempo - Mem\u00f3rias do Arcanjo\",\"isPartOf\":{\"@id\":\"https:\/\/memo.museudapessoa.org\/memoriasdoarcanjo\/#website\"},\"datePublished\":\"2023-06-22T15:20:46+00:00\",\"dateModified\":\"2024-10-23T12:53:01+00:00\",\"breadcrumb\":{\"@id\":\"https:\/\/memo.museudapessoa.org\/memoriasdoarcanjo\/linha-do-tempo\/#breadcrumb\"},\"inLanguage\":\"pt-BR\",\"potentialAction\":[{\"@type\":\"ReadAction\",\"target\":[\"https:\/\/memo.museudapessoa.org\/memoriasdoarcanjo\/linha-do-tempo\/\"]}]},{\"@type\":\"BreadcrumbList\",\"@id\":\"https:\/\/memo.museudapessoa.org\/memoriasdoarcanjo\/linha-do-tempo\/#breadcrumb\",\"itemListElement\":[{\"@type\":\"ListItem\",\"position\":1,\"name\":\"Home\",\"item\":\"https:\/\/memo.museudapessoa.org\/memoriasdoarcanjo\/\"},{\"@type\":\"ListItem\",\"position\":2,\"name\":\"Linha do tempo\"}]},{\"@type\":\"WebSite\",\"@id\":\"https:\/\/memo.museudapessoa.org\/memoriasdoarcanjo\/#website\",\"url\":\"https:\/\/memo.museudapessoa.org\/memoriasdoarcanjo\/\",\"name\":\"Mem\u00f3rias do Arcanjo\",\"description\":\"\",\"potentialAction\":[{\"@type\":\"SearchAction\",\"target\":{\"@type\":\"EntryPoint\",\"urlTemplate\":\"https:\/\/memo.museudapessoa.org\/memoriasdoarcanjo\/?s={search_term_string}\"},\"query-input\":\"required name=search_term_string\"}],\"inLanguage\":\"pt-BR\"}]}<\/script>\n<!-- \/ Yoast SEO plugin. -->","yoast_head_json":{"title":"Linha do tempo - Mem\u00f3rias do Arcanjo","robots":{"index":"index","follow":"follow","max-snippet":"max-snippet:-1","max-image-preview":"max-image-preview:large","max-video-preview":"max-video-preview:-1"},"canonical":"https:\/\/memo.museudapessoa.org\/memoriasdoarcanjo\/linha-do-tempo\/","og_locale":"pt_BR","og_type":"article","og_title":"Linha do tempo - Mem\u00f3rias do Arcanjo","og_url":"https:\/\/memo.museudapessoa.org\/memoriasdoarcanjo\/linha-do-tempo\/","og_site_name":"Mem\u00f3rias do Arcanjo","article_modified_time":"2024-10-23T12:53:01+00:00","twitter_card":"summary_large_image","schema":{"@context":"https:\/\/schema.org","@graph":[{"@type":"WebPage","@id":"https:\/\/memo.museudapessoa.org\/memoriasdoarcanjo\/linha-do-tempo\/","url":"https:\/\/memo.museudapessoa.org\/memoriasdoarcanjo\/linha-do-tempo\/","name":"Linha do tempo - Mem\u00f3rias do Arcanjo","isPartOf":{"@id":"https:\/\/memo.museudapessoa.org\/memoriasdoarcanjo\/#website"},"datePublished":"2023-06-22T15:20:46+00:00","dateModified":"2024-10-23T12:53:01+00:00","breadcrumb":{"@id":"https:\/\/memo.museudapessoa.org\/memoriasdoarcanjo\/linha-do-tempo\/#breadcrumb"},"inLanguage":"pt-BR","potentialAction":[{"@type":"ReadAction","target":["https:\/\/memo.museudapessoa.org\/memoriasdoarcanjo\/linha-do-tempo\/"]}]},{"@type":"BreadcrumbList","@id":"https:\/\/memo.museudapessoa.org\/memoriasdoarcanjo\/linha-do-tempo\/#breadcrumb","itemListElement":[{"@type":"ListItem","position":1,"name":"Home","item":"https:\/\/memo.museudapessoa.org\/memoriasdoarcanjo\/"},{"@type":"ListItem","position":2,"name":"Linha do tempo"}]},{"@type":"WebSite","@id":"https:\/\/memo.museudapessoa.org\/memoriasdoarcanjo\/#website","url":"https:\/\/memo.museudapessoa.org\/memoriasdoarcanjo\/","name":"Mem\u00f3rias do Arcanjo","description":"","potentialAction":[{"@type":"SearchAction","target":{"@type":"EntryPoint","urlTemplate":"https:\/\/memo.museudapessoa.org\/memoriasdoarcanjo\/?s={search_term_string}"},"query-input":"required name=search_term_string"}],"inLanguage":"pt-BR"}]}},"_links":{"self":[{"href":"https:\/\/memo.museudapessoa.org\/memoriasdoarcanjo\/wp-json\/wp\/v2\/pages\/14"}],"collection":[{"href":"https:\/\/memo.museudapessoa.org\/memoriasdoarcanjo\/wp-json\/wp\/v2\/pages"}],"about":[{"href":"https:\/\/memo.museudapessoa.org\/memoriasdoarcanjo\/wp-json\/wp\/v2\/types\/page"}],"author":[{"embeddable":true,"href":"https:\/\/memo.museudapessoa.org\/memoriasdoarcanjo\/wp-json\/wp\/v2\/users\/1"}],"replies":[{"embeddable":true,"href":"https:\/\/memo.museudapessoa.org\/memoriasdoarcanjo\/wp-json\/wp\/v2\/comments?post=14"}],"version-history":[{"count":5,"href":"https:\/\/memo.museudapessoa.org\/memoriasdoarcanjo\/wp-json\/wp\/v2\/pages\/14\/revisions"}],"predecessor-version":[{"id":104,"href":"https:\/\/memo.museudapessoa.org\/memoriasdoarcanjo\/wp-json\/wp\/v2\/pages\/14\/revisions\/104"}],"wp:attachment":[{"href":"https:\/\/memo.museudapessoa.org\/memoriasdoarcanjo\/wp-json\/wp\/v2\/media?parent=14"}],"curies":[{"name":"wp","href":"https:\/\/api.w.org\/{rel}","templated":true}]}}