{"id":64,"date":"2023-12-06T15:02:20","date_gmt":"2023-12-06T18:02:20","guid":{"rendered":"https:\/\/memo.museudapessoa.org\/patrimonios-rio-negro\/?page_id=64"},"modified":"2023-12-13T11:01:13","modified_gmt":"2023-12-13T14:01:13","slug":"floresta-das-historias","status":"publish","type":"page","link":"https:\/\/memo.museudapessoa.org\/patrimonios-rio-negro\/floresta-das-historias\/","title":{"rendered":"Floresta das Hist\u00f3rias"},"content":{"rendered":"\n\n<div id=\"destaque-topo\" class='carousel block-header-highlight wow fadeIn  block_4c5251ee3c03055a0eb6595bd94b3f3a no-nav  margin-top-none margin-bottom-medium padding-top-none padding-bottom-none' style='background-color:rgba(255,255,255,0);' data-wow-delay=\"0.5s\" >\n<style>\n    .block_4c5251ee3c03055a0eb6595bd94b3f3a h2,  .block_4c5251ee3c03055a0eb6595bd94b3f3a h4, .block_4c5251ee3c03055a0eb6595bd94b3f3a a, .block_4c5251ee3c03055a0eb6595bd94b3f3a a h2, .block_4c5251ee3c03055a0eb6595bd94b3f3a a p, .block_4c5251ee3c03055a0eb6595bd94b3f3a p{\n      color: #FFF !important;\n  }\n    .block_4c5251ee3c03055a0eb6595bd94b3f3a .carousel-nav__link.active:after{\n    background-color: #FFF !important;\n  }\n  .block_4c5251ee3c03055a0eb6595bd94b3f3a .carousel-item__content .arrow svg rect{\n    fill: #FFF !important;\n  }\n<\/style>\n    <div class=\"carousel-item h-100 py-md-5 item-1  active\"\n  role=\"tabpanel\" aria-hidden=\"false\" tabindex=\"0\"\n  >\n      <div class=\"carousel-item__overlay\"\n                \n          style=\"background-color:rgba(0,0,0,0.4);\"\n                    ><\/div>\n                          <div class=\"parallaxParent carousel-item__image\" >\n                  <div class=\"carousel-item__image-element\" \n                style=\"background-image: url(https:\/\/memo.museudapessoa.org\/patrimonios-rio-negro\/wp-content\/uploads\/sites\/28\/2023\/12\/Rio-Negro4-scaled-e1701885726666.jpg);\n                background-position: % %;\" >\n                  <\/div> \n              <\/div>\n                              <div class=\"container h-100\">\n        <div class=\"row h-100\">\n          <div class=\"col-md-8 offset-md-2 text-center d-flex justify-content-center col-md-8 align-self-center\">\n            <div class=\"carousel-item__content\">\n                                                                      <h2 class='my-3 big'>Floresta das Hist\u00f3rias<\/h2>\n                                              <\/div>\n          <\/div>\n        <\/div>\n      <\/div>  \n    <\/div>\n          <\/div>\n\n\n\n        <section class=\"conteudo\">\n          <div class=\"container\">\n            <div class=\"row\">\n              <div class=\"col-md-12 conteudo content margin-center text-md-\">\n                \n<h4 class=\"wp-block-heading\">Entrar em um museu n\u00e3o significa necessariamente ocupar uma galeria de arte. Afinal, as hist\u00f3rias dos povos ind\u00edgenas tamb\u00e9m est\u00e3o escritas nas florestas. <\/h4>\n\n              <\/div>\n            <\/div>\n          <\/div>\n        <\/section>\n\n\n        <section class=\"conteudo\">\n          <div class=\"container\">\n            <div class=\"row\">\n              <div class=\"col-md-12 conteudo content margin-center text-md-\">\n                \n<p>Foi com essa vis\u00e3o que os participantes do projeto criaram a Floresta das Hist\u00f3rias, visando prestar uma homenagem a todos os entrevistados e promover uma a\u00e7\u00e3o de musealiza\u00e7\u00e3o no territ\u00f3rio.<\/p>\n\n              <\/div>\n            <\/div>\n          <\/div>\n        <\/section>\n\n\n        <section class=\"conteudo\">\n          <div class=\"container\">\n            <div class=\"row\">\n              <div class=\"col-md-12 conteudo content margin-center text-md-\">\n                \n<p>Conhe\u00e7a abaixo a iniciativa! <\/p>\n\n              <\/div>\n            <\/div>\n          <\/div>\n        <\/section>\n\n\n\n<section id=\"block-carousel\"  class=' margin-top-small margin-bottom-medium padding-top-small padding-bottom-small' style='background-color:rgba(255,255,255,0);'>\n  <div class=\"container\">\n        <\/div>\n    <div class=\"container-fluid\">\n    <div class=\"row\">\n      <div class=\"col-md-12 px-0\">\n        <div data-items=\"2\" class=\"block-carousel owl-theme owl-carousel\">\n                          <div class=\"row\">\n                <div class=\"col-md-12 mb-4 mb-md-0\">\n                  <div class=\"block-carousel-item\">\n                                        <img decoding=\"async\" class=\"w-100\" src=\"https:\/\/memo.museudapessoa.org\/patrimonios-rio-negro\/wp-content\/uploads\/sites\/28\/2023\/12\/Dona-Maria-Tereza-posando-pra-foto-ao-lado-da-placa-em-sua-homenagem-na-floresta-das-historias_Iauarete-1024x683.jpg\" alt=\"Dona Maria Tereza posando pra foto ao lado da placa em sua homenagem\" loading=\"lazy\">\n                                        <div class=\"block-carousel-item__description\">\n                        Dona Maria Tereza posando pra foto ao lado da placa em sua homenagem                    <\/div>\n                                                          <\/div>\n                <\/div>\n              <\/div>\n                          <div class=\"row\">\n                <div class=\"col-md-12 mb-4 mb-md-0\">\n                  <div class=\"block-carousel-item\">\n                                        <img decoding=\"async\" class=\"w-100\" src=\"https:\/\/memo.museudapessoa.org\/patrimonios-rio-negro\/wp-content\/uploads\/sites\/28\/2023\/12\/Plantando-mudas-da-floresta-de-historias_Iauarete-1024x683.jpg\" alt=\"Plantando mudas da Floresta das Hist\u00f3rias\" loading=\"lazy\">\n                                        <div class=\"block-carousel-item__description\">\n                        Plantando mudas da Floresta das Hist\u00f3rias                    <\/div>\n                                                          <\/div>\n                <\/div>\n              <\/div>\n                          <div class=\"row\">\n                <div class=\"col-md-12 mb-4 mb-md-0\">\n                  <div class=\"block-carousel-item\">\n                                        <img decoding=\"async\" class=\"w-100\" src=\"https:\/\/memo.museudapessoa.org\/patrimonios-rio-negro\/wp-content\/uploads\/sites\/28\/2023\/12\/Dona-Lucelia-posando-pra-foto-ao-lado-da-placa-em-sua-homenagem-na-floresta-das-historias_Iauarete-1024x683.jpg\" alt=\"Dona Luc\u00e9lia posando pra foto ao lado da placa em sua homenagem\" loading=\"lazy\">\n                                        <div class=\"block-carousel-item__description\">\n                        Dona Luc\u00e9lia posando pra foto ao lado da placa em sua homenagem                    <\/div>\n                                                          <\/div>\n                <\/div>\n              <\/div>\n                    <\/div>\n      <\/div>\n    <\/div>\n  <\/div>\n<\/section>\n\n\n\n\n\n        <section class=\"conteudo\">\n          <div class=\"container\">\n            <div class=\"row\">\n              <div class=\"col-md-12 conteudo content margin-center text-md-\">\n                \n<p>No processo de registro das hist\u00f3rias de vida, os anci\u00e3os, detentores dos saberes, eram vistos como \u00e1rvores de conhecimentos, com suas ra\u00edzes ancestrais, tronco, galhos, flores e frutos. Com essa inspira\u00e7\u00e3o, os Guardi\u00f5es da Mem\u00f3ria de Iauaret\u00ea decidiram fazer uma homenagem aos seus anci\u00e3os com o plantio de mudas de \u00e1rvores simbolizando a vida, mem\u00f3rias e saberes de cada entrevistado. Junto com a muda de \u00e1rvore, foram instaladas placas com poesias feitas pelos participantes representando a hist\u00f3ria de cada um. Muitos dos entrevistados se emocionaram ao visitar o local e ver a placa com o poema e a muda de \u00e1rvore plantada em sua homenagem.<\/p>\n\n              <\/div>\n            <\/div>\n          <\/div>\n        <\/section>\n\n\n        <section class=\"conteudo\">\n          <div class=\"container\">\n            <div class=\"row\">\n              <div class=\"col-md-12 conteudo content margin-center text-md-\">\n                \n<p>J\u00e1 na regi\u00e3o do M\u00e9dio Rio Negro, foram elaboradas apenas as placas em homenagem aos entrevistados, mas a Floresta ser\u00e1 plantada posteriormente junto com o \u201cfrutal da diversidade&#8221;: uma \u00e1rea que est\u00e1 sendo planejada na cidade de Santa Isabel do Rio Negro para o plantio e salvaguarda de esp\u00e9cies que fazem parte do Sistema Agr\u00edcola Tradicional do Rio Negro. As placas produzidas foram expostas durante evento de culmin\u00e2ncia do projeto e ficar\u00e3o fixadas em um mural na sede da Associa\u00e7\u00e3o das Comunidades Ind\u00edgenas do M\u00e9dio Rio Negro (ACIMRN) at\u00e9 a montagem do \u201cfrutal da diversidade\u201d.&nbsp;<\/p>\n\n              <\/div>\n            <\/div>\n          <\/div>\n        <\/section>\n\n\n\n<section id=\"\" class=' margin-top-medium margin-bottom-none padding-top-medium padding-bottom-medium' style='background-color:rgb(255,251,216);'>\n  <div class=\"container\">\n        <div class=\"row\">\n      <div class=\"col-md-12 mb-4\">\n        <h2>Depoimentos<\/h2>\n      <\/div>\n    <\/div>\n      <div class=\"row\">\n      <div class=\"col-md-8 offset-md-2\">\n        <div class=\"home-depoiments owl-theme owl-carousel\">\n                              <div class=\"row\">\n                                      <div class=\"col-md-5 mb-4 mb-md-0\">\n                        <img decoding=\"async\" class=\"w-100\" src=\"https:\/\/memo.museudapessoa.org\/patrimonios-rio-negro\/wp-content\/uploads\/sites\/28\/2023\/12\/Sr.-Arlindo-e-o-formando-Lucas-com-certificado-e-folheto-de-poesias_Evento-de-culminancia_Etapa-3_Iauarete-scaled-e1702476017910-1024x980.jpg\" alt=\"Sr. Arlindo Maia, do povo Tukano\" loading=\"lazy\">\n                    <\/div>\n                                    <div class=\"col col align-self-center\">\n                    <div class=\"home-depoiments__depoiment\">\n                      <p>&#8220;Foi a primeira vez que fizemos grava\u00e7\u00e3o da hist\u00f3ria da nossa vida. Isso me emocionou. Acho que emocionou a todos.&#8221;<\/p>\n                      <p class=\"mb-0 bold\">Sr. Arlindo Maia, do povo Tukano<\/p>\n                                          <\/div>\n                  <\/div>\n              <\/div>\n                              <div class=\"row\">\n                                      <div class=\"col-md-5 mb-4 mb-md-0\">\n                        <img decoding=\"async\" class=\"w-100\" src=\"https:\/\/memo.museudapessoa.org\/patrimonios-rio-negro\/wp-content\/uploads\/sites\/28\/2023\/12\/PCSH_HV1362-Domingos-Lana-povo-Tariano-e1702475286659-1024x989.jpg\" alt=\"Domingos Lana, do povo Tariano\" loading=\"lazy\">\n                    <\/div>\n                                    <div class=\"col col align-self-center\">\n                    <div class=\"home-depoiments__depoiment\">\n                      <p>&#8220;Foi marcante a emo\u00e7\u00e3o que senti no momento que estava contando a minha hist\u00f3ria. Fortalece a auto-estima das pessoas, a identidade cultural dos povos que vivem em Iauaret\u00ea. Fortalece a divulga\u00e7\u00e3o das hist\u00f3rias de vida das pessoas e os conhecimentos.&#8221;<\/p>\n                      <p class=\"mb-0 bold\">Domingos Lana, do povo Tariano<\/p>\n                                          <\/div>\n                  <\/div>\n              <\/div>\n                              <div class=\"row\">\n                                      <div class=\"col-md-5 mb-4 mb-md-0\">\n                        <img decoding=\"async\" class=\"w-100\" src=\"https:\/\/memo.museudapessoa.org\/patrimonios-rio-negro\/wp-content\/uploads\/sites\/28\/2023\/12\/Lucas-scaled-e1702475374594-1024x1021.jpg\" alt=\"Lucas Matos, do povo Tariano\" loading=\"lazy\">\n                    <\/div>\n                                    <div class=\"col col align-self-center\">\n                    <div class=\"home-depoiments__depoiment\">\n                      <p>&#8220;O anci\u00e3o, o mais velho, \u00e9 o nosso equil\u00edbrio. Ele \u00e9 o nosso orientador espiritual, o nosso orientador do mundo. Na nossa regi\u00e3o, h\u00e1 uma diversidade de anci\u00f5es.&#8221;<\/p>\n                      <p class=\"mb-0 bold\">Lucas Matos, do povo Tariano<\/p>\n                                          <\/div>\n                  <\/div>\n              <\/div>\n                              <div class=\"row\">\n                                      <div class=\"col-md-5 mb-4 mb-md-0\">\n                        <img decoding=\"async\" class=\"w-100\" src=\"https:\/\/memo.museudapessoa.org\/patrimonios-rio-negro\/wp-content\/uploads\/sites\/28\/2023\/12\/Sr.-Joaquim-e-familia-vendo-a-placa-com-a-poesia-em-sua-homenagem-na-floresta-de-historias-1-scaled-e1702476068637-1024x930.jpg\" alt=\"Sr. Joaquim Lustosa, do povo Tukano\" loading=\"lazy\">\n                    <\/div>\n                                    <div class=\"col col align-self-center\">\n                    <div class=\"home-depoiments__depoiment\">\n                      <p>&#8220;Agora eu j\u00e1 estou na mem\u00f3ria aqui nessa floresta de conhecimento.&#8221;<\/p>\n                      <p class=\"mb-0 bold\">Sr. Joaquim Lustosa, do povo Tukano<\/p>\n                                          <\/div>\n                  <\/div>\n              <\/div>\n                      <\/div>\n        <!-- <div class=\"home-depoiments__nav owl-theme owl-carousel my-md-5 px-5\">\n                              <div class=\"px-md-3 home-depoiments__nav-item\">\n                  <h3 class=\"text-center title-small\">Sr. Joaquim Lustosa, do povo Tukano<\/h3>\n                <\/div>\n                      <\/div> -->\n      <\/div>\n    <\/div>\n  <\/div>\n<\/section>\n\n\n","protected":false},"excerpt":{"rendered":"<p>Entrar em um museu n\u00e3o significa necessariamente ocupar uma galeria de arte. Afinal, as hist\u00f3rias dos povos ind\u00edgenas tamb\u00e9m est\u00e3o escritas nas florestas. Foi com essa vis\u00e3o que os participantes do projeto criaram a Floresta das Hist\u00f3rias, visando prestar uma&#8230;<\/p>\n","protected":false},"author":18,"featured_media":0,"parent":0,"menu_order":0,"comment_status":"closed","ping_status":"closed","template":"","meta":{"_acf_changed":false,"footnotes":""},"class_list":["post-64","page","type-page","status-publish","hentry"],"acf":[],"yoast_head":"<!-- This site is optimized with the Yoast SEO plugin v23.3 - https:\/\/yoast.com\/wordpress\/plugins\/seo\/ -->\n<title>Floresta das Hist\u00f3rias - Patrim\u00f4nios do Rio Negro<\/title>\n<meta name=\"robots\" content=\"index, follow, max-snippet:-1, max-image-preview:large, max-video-preview:-1\" \/>\n<link rel=\"canonical\" href=\"https:\/\/memo.museudapessoa.org\/patrimonios-rio-negro\/floresta-das-historias\/\" \/>\n<meta property=\"og:locale\" content=\"pt_BR\" \/>\n<meta property=\"og:type\" content=\"article\" \/>\n<meta property=\"og:title\" content=\"Floresta das Hist\u00f3rias - Patrim\u00f4nios do Rio Negro\" \/>\n<meta property=\"og:description\" content=\"Entrar em um museu n\u00e3o significa necessariamente ocupar uma galeria de arte. Afinal, as hist\u00f3rias dos povos ind\u00edgenas tamb\u00e9m est\u00e3o escritas nas florestas. Foi com essa vis\u00e3o que os participantes do projeto criaram a Floresta das Hist\u00f3rias, visando prestar uma...\" \/>\n<meta property=\"og:url\" content=\"https:\/\/memo.museudapessoa.org\/patrimonios-rio-negro\/floresta-das-historias\/\" \/>\n<meta property=\"og:site_name\" content=\"Patrim\u00f4nios do Rio Negro\" \/>\n<meta property=\"article:modified_time\" content=\"2023-12-13T14:01:13+00:00\" \/>\n<meta name=\"twitter:card\" content=\"summary_large_image\" \/>\n<meta name=\"twitter:label1\" content=\"Est. tempo de leitura\" \/>\n\t<meta name=\"twitter:data1\" content=\"1 minuto\" \/>\n<script type=\"application\/ld+json\" class=\"yoast-schema-graph\">{\"@context\":\"https:\/\/schema.org\",\"@graph\":[{\"@type\":\"WebPage\",\"@id\":\"https:\/\/memo.museudapessoa.org\/patrimonios-rio-negro\/floresta-das-historias\/\",\"url\":\"https:\/\/memo.museudapessoa.org\/patrimonios-rio-negro\/floresta-das-historias\/\",\"name\":\"Floresta das Hist\u00f3rias - Patrim\u00f4nios do Rio Negro\",\"isPartOf\":{\"@id\":\"https:\/\/memo.museudapessoa.org\/patrimonios-rio-negro\/#website\"},\"datePublished\":\"2023-12-06T18:02:20+00:00\",\"dateModified\":\"2023-12-13T14:01:13+00:00\",\"breadcrumb\":{\"@id\":\"https:\/\/memo.museudapessoa.org\/patrimonios-rio-negro\/floresta-das-historias\/#breadcrumb\"},\"inLanguage\":\"pt-BR\",\"potentialAction\":[{\"@type\":\"ReadAction\",\"target\":[\"https:\/\/memo.museudapessoa.org\/patrimonios-rio-negro\/floresta-das-historias\/\"]}]},{\"@type\":\"BreadcrumbList\",\"@id\":\"https:\/\/memo.museudapessoa.org\/patrimonios-rio-negro\/floresta-das-historias\/#breadcrumb\",\"itemListElement\":[{\"@type\":\"ListItem\",\"position\":1,\"name\":\"Home\",\"item\":\"https:\/\/memo.museudapessoa.org\/patrimonios-rio-negro\/\"},{\"@type\":\"ListItem\",\"position\":2,\"name\":\"Floresta das Hist\u00f3rias\"}]},{\"@type\":\"WebSite\",\"@id\":\"https:\/\/memo.museudapessoa.org\/patrimonios-rio-negro\/#website\",\"url\":\"https:\/\/memo.museudapessoa.org\/patrimonios-rio-negro\/\",\"name\":\"Patrim\u00f4nios do Rio Negro\",\"description\":\"\",\"potentialAction\":[{\"@type\":\"SearchAction\",\"target\":{\"@type\":\"EntryPoint\",\"urlTemplate\":\"https:\/\/memo.museudapessoa.org\/patrimonios-rio-negro\/?s={search_term_string}\"},\"query-input\":\"required name=search_term_string\"}],\"inLanguage\":\"pt-BR\"}]}<\/script>\n<!-- \/ Yoast SEO plugin. -->","yoast_head_json":{"title":"Floresta das Hist\u00f3rias - Patrim\u00f4nios do Rio Negro","robots":{"index":"index","follow":"follow","max-snippet":"max-snippet:-1","max-image-preview":"max-image-preview:large","max-video-preview":"max-video-preview:-1"},"canonical":"https:\/\/memo.museudapessoa.org\/patrimonios-rio-negro\/floresta-das-historias\/","og_locale":"pt_BR","og_type":"article","og_title":"Floresta das Hist\u00f3rias - Patrim\u00f4nios do Rio Negro","og_description":"Entrar em um museu n\u00e3o significa necessariamente ocupar uma galeria de arte. Afinal, as hist\u00f3rias dos povos ind\u00edgenas tamb\u00e9m est\u00e3o escritas nas florestas. Foi com essa vis\u00e3o que os participantes do projeto criaram a Floresta das Hist\u00f3rias, visando prestar uma...","og_url":"https:\/\/memo.museudapessoa.org\/patrimonios-rio-negro\/floresta-das-historias\/","og_site_name":"Patrim\u00f4nios do Rio Negro","article_modified_time":"2023-12-13T14:01:13+00:00","twitter_card":"summary_large_image","twitter_misc":{"Est. tempo de leitura":"1 minuto"},"schema":{"@context":"https:\/\/schema.org","@graph":[{"@type":"WebPage","@id":"https:\/\/memo.museudapessoa.org\/patrimonios-rio-negro\/floresta-das-historias\/","url":"https:\/\/memo.museudapessoa.org\/patrimonios-rio-negro\/floresta-das-historias\/","name":"Floresta das Hist\u00f3rias - Patrim\u00f4nios do Rio Negro","isPartOf":{"@id":"https:\/\/memo.museudapessoa.org\/patrimonios-rio-negro\/#website"},"datePublished":"2023-12-06T18:02:20+00:00","dateModified":"2023-12-13T14:01:13+00:00","breadcrumb":{"@id":"https:\/\/memo.museudapessoa.org\/patrimonios-rio-negro\/floresta-das-historias\/#breadcrumb"},"inLanguage":"pt-BR","potentialAction":[{"@type":"ReadAction","target":["https:\/\/memo.museudapessoa.org\/patrimonios-rio-negro\/floresta-das-historias\/"]}]},{"@type":"BreadcrumbList","@id":"https:\/\/memo.museudapessoa.org\/patrimonios-rio-negro\/floresta-das-historias\/#breadcrumb","itemListElement":[{"@type":"ListItem","position":1,"name":"Home","item":"https:\/\/memo.museudapessoa.org\/patrimonios-rio-negro\/"},{"@type":"ListItem","position":2,"name":"Floresta das Hist\u00f3rias"}]},{"@type":"WebSite","@id":"https:\/\/memo.museudapessoa.org\/patrimonios-rio-negro\/#website","url":"https:\/\/memo.museudapessoa.org\/patrimonios-rio-negro\/","name":"Patrim\u00f4nios do Rio Negro","description":"","potentialAction":[{"@type":"SearchAction","target":{"@type":"EntryPoint","urlTemplate":"https:\/\/memo.museudapessoa.org\/patrimonios-rio-negro\/?s={search_term_string}"},"query-input":"required name=search_term_string"}],"inLanguage":"pt-BR"}]}},"_links":{"self":[{"href":"https:\/\/memo.museudapessoa.org\/patrimonios-rio-negro\/wp-json\/wp\/v2\/pages\/64"}],"collection":[{"href":"https:\/\/memo.museudapessoa.org\/patrimonios-rio-negro\/wp-json\/wp\/v2\/pages"}],"about":[{"href":"https:\/\/memo.museudapessoa.org\/patrimonios-rio-negro\/wp-json\/wp\/v2\/types\/page"}],"author":[{"embeddable":true,"href":"https:\/\/memo.museudapessoa.org\/patrimonios-rio-negro\/wp-json\/wp\/v2\/users\/18"}],"replies":[{"embeddable":true,"href":"https:\/\/memo.museudapessoa.org\/patrimonios-rio-negro\/wp-json\/wp\/v2\/comments?post=64"}],"version-history":[{"count":86,"href":"https:\/\/memo.museudapessoa.org\/patrimonios-rio-negro\/wp-json\/wp\/v2\/pages\/64\/revisions"}],"predecessor-version":[{"id":1732,"href":"https:\/\/memo.museudapessoa.org\/patrimonios-rio-negro\/wp-json\/wp\/v2\/pages\/64\/revisions\/1732"}],"wp:attachment":[{"href":"https:\/\/memo.museudapessoa.org\/patrimonios-rio-negro\/wp-json\/wp\/v2\/media?parent=64"}],"curies":[{"name":"wp","href":"https:\/\/api.w.org\/{rel}","templated":true}]}}