{"id":17,"date":"2023-10-05T15:24:30","date_gmt":"2023-10-05T18:24:30","guid":{"rendered":"https:\/\/memo.museudapessoa.org\/sentidos-da-memoria\/home\/"},"modified":"2023-11-21T11:06:58","modified_gmt":"2023-11-21T14:06:58","slug":"home","status":"publish","type":"page","link":"https:\/\/memo.museudapessoa.org\/sentidos-da-memoria\/","title":{"rendered":"Home"},"content":{"rendered":"<div class=\"wp-block-image\">\n<figure class=\"aligncenter size-large\"><img decoding=\"async\" width=\"1024\" height=\"421\" src=\"https:\/\/memo.museudapessoa.org\/sentidos-da-memoria\/wp-content\/uploads\/sites\/26\/2023\/10\/1-transformacao-Denise-Almeida-da-Silva-3-1024x421.png\" alt=\"\" class=\"wp-image-912\" srcset=\"https:\/\/memo.museudapessoa.org\/sentidos-da-memoria\/wp-content\/uploads\/sites\/26\/2023\/10\/1-transformacao-Denise-Almeida-da-Silva-3-1024x421.png 1024w, https:\/\/memo.museudapessoa.org\/sentidos-da-memoria\/wp-content\/uploads\/sites\/26\/2023\/10\/1-transformacao-Denise-Almeida-da-Silva-3-300x123.png 300w, https:\/\/memo.museudapessoa.org\/sentidos-da-memoria\/wp-content\/uploads\/sites\/26\/2023\/10\/1-transformacao-Denise-Almeida-da-Silva-3-768x315.png 768w, https:\/\/memo.museudapessoa.org\/sentidos-da-memoria\/wp-content\/uploads\/sites\/26\/2023\/10\/1-transformacao-Denise-Almeida-da-Silva-3-1536x631.png 1536w, https:\/\/memo.museudapessoa.org\/sentidos-da-memoria\/wp-content\/uploads\/sites\/26\/2023\/10\/1-transformacao-Denise-Almeida-da-Silva-3-2048x841.png 2048w\" sizes=\"(max-width: 1024px) 100vw, 1024px\" loading=\"lazy\" \/><\/figure><\/div>\n\n\n        <section class=\"conteudo\">\n          <div class=\"container\">\n            <div class=\"row\">\n              <div class=\"col-md-12 conteudo content margin-center text-md-left\">\n                \n<h2 id=\"a-exposicao\" class=\"wp-block-heading has-text-align-left\">A exposi\u00e7\u00e3o<\/h2>\n\n              <\/div>\n            <\/div>\n          <\/div>\n        <\/section>\n\n\n        <section class=\"conteudo\">\n          <div class=\"container\">\n            <div class=\"row\">\n              <div class=\"col-md-12 conteudo content margin-center text-md-left\">\n                \n<p>A exposi\u00e7\u00e3o virtual <em>Sentidos da Mem\u00f3ria<\/em> traz hist\u00f3rias distintas ligadas aos sentidos, que refletem lembran\u00e7as, vontades, saudade e pertencimento.<\/p>\n\n              <\/div>\n            <\/div>\n          <\/div>\n        <\/section>\n\n\n        <section class=\"conteudo\">\n          <div class=\"container\">\n            <div class=\"row\">\n              <div class=\"col-md-12 conteudo content margin-center text-md-left\">\n                \n<p>As quatorze hist\u00f3rias foram produzidas por seis N\u00facleos Museu da Pessoa distintos.<\/p>\n\n              <\/div>\n            <\/div>\n          <\/div>\n        <\/section>\n\n\n        <section class=\"conteudo\">\n          <div class=\"container\">\n            <div class=\"row\">\n              <div class=\"col-md-12 conteudo content margin-center text-md-left\">\n                \n<p>As hist\u00f3rias aqui encontradas s\u00e3o divididas em quatro cap\u00edtulos que abordam diferentes mem\u00f3rias:<\/p>\n\n              <\/div>\n            <\/div>\n          <\/div>\n        <\/section>\n\n\n<div style=\"height:17px\" aria-hidden=\"true\" class=\"wp-block-spacer\"><\/div>\n\n\n\n        <section class=\"conteudo\">\n          <div class=\"container\">\n            <div class=\"row\">\n              <div class=\"col-md-12 conteudo content margin-center text-md-left\">\n                \n<p><em>Na minha \u00e9poca:<\/em> relembrar daquilo que n\u00e3o volta mais.<br><em>Querido recinto:<\/em> a import\u00e2ncia de n\u00f3s mesmo fazermos nosso lar.<br><em>Corriqueiro popular:<\/em> hist\u00f3rias que misturam o passado com o costumeiro, o cotidiano.<br><em>De ontem a hoje:<\/em> uma reflex\u00e3o do passado como m\u00e9todo para seguir em frente.<\/p>\n\n              <\/div>\n            <\/div>\n          <\/div>\n        <\/section>\n\n\n<div style=\"height:17px\" aria-hidden=\"true\" class=\"wp-block-spacer\"><\/div>\n\n\n\n        <section class=\"conteudo\">\n          <div class=\"container\">\n            <div class=\"row\">\n              <div class=\"col-md-12 conteudo content margin-center text-md-left\">\n                \n<p>As hist\u00f3rias foram&nbsp;captadas&nbsp;gra\u00e7as aos N\u00facleos do Caf\u00e9 com Biscoitos, L&lt;&gt;L (Lanchonete) \/ Moinho Fluminense, Instituto Cec\u00edlio Elias Netto (ICEN), Museu Campos Gerais, Associa\u00e7\u00e3o Cultural Comunit\u00e1ria de Santa Luzia e Museu do Caf\u00e9, numa parceria com o Centro de Mem\u00f3ria Bunge e Museu da Pessoa, que incentivaram a busca, escuta e compartilhamento de trajet\u00f3rias de vida.<\/p>\n\n              <\/div>\n            <\/div>\n          <\/div>\n        <\/section>\n\n\n        <section class=\"conteudo\">\n          <div class=\"container\">\n            <div class=\"row\">\n              <div class=\"col-md-12 conteudo content margin-center text-md-left\">\n                \n<p>Desenvolvidos a partir de 2020, os N\u00facleos Museu da Pessoa s\u00e3o&nbsp;<strong>iniciativas aut\u00f4nomas<\/strong>&nbsp;que promovem&nbsp;<strong>a\u00e7\u00f5es<\/strong>&nbsp;<strong>locais e cont\u00ednuas&nbsp;<\/strong>de registro, preserva\u00e7\u00e3o e socializa\u00e7\u00e3o de&nbsp;<strong>hist\u00f3rias de vidas<\/strong>, estimulando a capacidade de ouvir e aprender com o outro.<\/p>\n\n              <\/div>\n            <\/div>\n          <\/div>\n        <\/section>\n\n\n        <section class=\"conteudo\">\n          <div class=\"container\">\n            <div class=\"row\">\n              <div class=\"col-md-12 conteudo content margin-center text-md-left\">\n                \n<p>No bot\u00e3o <strong>N\u00facleos<\/strong> voc\u00ea poder\u00e1 saber melhor sobre cada n\u00facleo, seus objetivos e miss\u00f5es.<\/p>\n\n              <\/div>\n            <\/div>\n          <\/div>\n        <\/section>\n\n\n        <section class=\"conteudo\">\n          <div class=\"container\">\n            <div class=\"row\">\n              <div class=\"col-md-12 conteudo content margin-center text-md-left\">\n                \n<p><strong>Navegue pelas hist\u00f3rias, conhe\u00e7a os n\u00facleos e os personagens.<\/strong><\/p>\n\n              <\/div>\n            <\/div>\n          <\/div>\n        <\/section>\n\n\n        <section class=\"conteudo\">\n          <div class=\"container\">\n            <div class=\"row\">\n              <div class=\"col-md-12 conteudo content margin-center text-md-left\">\n                \n<p><\/p>\n\n              <\/div>\n            <\/div>\n          <\/div>\n        <\/section>\n\n\n        <section class=\"conteudo\">\n          <div class=\"container\">\n            <div class=\"row\">\n              <div class=\"col-md-12 conteudo content margin-center text-md-left\">\n                \n<h2 id=\"se-interessou-pela-iniciativa\" class=\"wp-block-heading\">Se interessou pela iniciativa?<\/h2>\n\n              <\/div>\n            <\/div>\n          <\/div>\n        <\/section>\n\n\n        <section class=\"conteudo\">\n          <div class=\"container\">\n            <div class=\"row\">\n              <div class=\"col-md-12 conteudo content margin-center text-md-left\">\n                \n<p>Clique <a href=\"https:\/\/museudapessoa.us10.list-manage.com\/subscribe?u=50cf1cee8ddf1afde00b87af7&amp;id=f14bf03881\" target=\"_blank\" rel=\"noreferrer noopener\">aqui<\/a> para se inscrever no nosso formul\u00e1rio e tornar-se um N\u00facleo do Museu da Pessoa.<\/p>\n\n              <\/div>\n            <\/div>\n          <\/div>\n        <\/section>\n\n\n<div style=\"height:48px\" aria-hidden=\"true\" class=\"wp-block-spacer\"><\/div>\n\n\n\n\n<section id=\"\" class=' margin-top-none margin-bottom-none padding-top-medium padding-bottom-medium' style='background-color:rgba(178,76,57,0.2);'>\n  <div class=\"container\">\n        <div class=\"row\">\n      <div class=\"col-md-12 mb-4\">\n        <h2>Depoimentos<\/h2>\n      <\/div>\n    <\/div>\n      <div class=\"row\">\n      <div class=\"col-md-8 offset-md-2\">\n        <div class=\"home-depoiments owl-theme owl-carousel\">\n                              <div class=\"row\">\n                                      <div class=\"col-md-5 mb-4 mb-md-0\">\n                        <img decoding=\"async\" class=\"w-100\" src=\"https:\/\/memo.museudapessoa.org\/sentidos-da-memoria\/wp-content\/uploads\/sites\/26\/2023\/10\/vlcsnap-2023-10-25-14h09m08s026-e1698254004636.png\" alt=\"Ant\u00f4nio da Silva\" loading=\"lazy\">\n                    <\/div>\n                                    <div class=\"col col align-self-center\">\n                    <div class=\"home-depoiments__depoiment\">\n                      <p>&#8220;Meu pai era locutor de uma escola de samba chamada Cada Ano Sai Melhor. Minha m\u00e3e e minha madrinha costuravam as fantasias. Faziam a fantasia do Mestre Sala e Porta Bandeira.&#8221;<\/p>\n                      <p class=\"mb-0 bold\">Ant\u00f4nio da Silva<\/p>\n                                          <\/div>\n                  <\/div>\n              <\/div>\n                              <div class=\"row\">\n                                      <div class=\"col-md-5 mb-4 mb-md-0\">\n                        <img decoding=\"async\" class=\"w-100\" src=\"https:\/\/memo.museudapessoa.org\/sentidos-da-memoria\/wp-content\/uploads\/sites\/26\/2023\/10\/cecilio-elias-netto-e1698253971166.jpg\" alt=\"Cec\u00edlio Elias Netto\" loading=\"lazy\">\n                    <\/div>\n                                    <div class=\"col col align-self-center\">\n                    <div class=\"home-depoiments__depoiment\">\n                      <p>&#8220;Comecei a ler jornais.\r\nMeus professores viam minhas composi\u00e7\u00f5es e algumas mandavam para os jornais publicarem.\r\nA do Dia das M\u00e3es foi um sucesso, a cidade inteira queria me cumprimentar.&#8221;<\/p>\n                      <p class=\"mb-0 bold\">Cec\u00edlio Elias Netto<\/p>\n                                          <\/div>\n                  <\/div>\n              <\/div>\n                              <div class=\"row\">\n                                      <div class=\"col-md-5 mb-4 mb-md-0\">\n                        <img decoding=\"async\" class=\"w-100\" src=\"https:\/\/memo.museudapessoa.org\/sentidos-da-memoria\/wp-content\/uploads\/sites\/26\/2023\/10\/14657352_1109058129189864_749002361791327892_n.jpg\" alt=\"Rosa Landi Schoueri\" loading=\"lazy\">\n                    <\/div>\n                                    <div class=\"col col align-self-center\">\n                    <div class=\"home-depoiments__depoiment\">\n                      <p>&#8220;O bucheiro, homem que vendia mi\u00fados de boi, passava pela rua e tocava a buzina para alertar aos moradores que estava passando com seus produtos.\r\nO gato e o cachorro reconheciam aquele som e sa\u00edam correndo para a rua.&#8221;<\/p>\n                      <p class=\"mb-0 bold\">Rosa Landi Schoueri<\/p>\n                                          <\/div>\n                  <\/div>\n              <\/div>\n                              <div class=\"row\">\n                                      <div class=\"col-md-5 mb-4 mb-md-0\">\n                        <img decoding=\"async\" class=\"w-100\" src=\"https:\/\/memo.museudapessoa.org\/sentidos-da-memoria\/wp-content\/uploads\/sites\/26\/2023\/10\/vlcsnap-2023-10-25-14h43m03s904-732x1024.png\" alt=\"Ana Paula Fran\u00e7a\" loading=\"lazy\">\n                    <\/div>\n                                    <div class=\"col col align-self-center\">\n                    <div class=\"home-depoiments__depoiment\">\n                      <p>&#8220;A gente teve uma roda de conversa esses dias e falamos que n\u00e3o \u00e9 necessariamente por ter muitas mulheres envolvidas que as mulheres s\u00e3o o representativo de poder.&#8221;<\/p>\n                      <p class=\"mb-0 bold\">Ana Paula Fran\u00e7a<\/p>\n                                          <\/div>\n                  <\/div>\n              <\/div>\n                      <\/div>\n        <!-- <div class=\"home-depoiments__nav owl-theme owl-carousel my-md-5 px-5\">\n                              <div class=\"px-md-3 home-depoiments__nav-item\">\n                  <h3 class=\"text-center title-small\">Ana Paula Fran\u00e7a<\/h3>\n                <\/div>\n                      <\/div> -->\n      <\/div>\n    <\/div>\n  <\/div>\n<\/section>\n\n\n\n\n\n<section id=\"logos\" class='footer-logos margin-top-medium margin-bottom-medium padding-top-none padding-bottom-none' style='background-color:rgba(255,255,255,0);' >\n  <div class=\"container\">\n    <div class=\"row justify-content-center\">\n            <div class=\"col-auto mb-5\" style=\"max-width:50%\">\n          <div class=\"row\">\n                        <div class=\"col-12 text-center\">             \n                  <p><b>Oferecimento<\/b><\/p>\n              <\/div>  \n               \n            <div class=\"col \">\n              <div class=\"row justify-content-center\">\n                                  <div class=\"col-auto align-self-center px-4 mb-4\">\n                                            <a target=\"_blank\" href=\"https:\/\/fundacaobunge.org.br\/programas\/centro-de-memoria-bunge\/\">\n                                        <img decoding=\"async\" class=\"footer-logos__image\" src=\"https:\/\/memo.museudapessoa.org\/sentidos-da-memoria\/wp-content\/uploads\/sites\/26\/2023\/10\/centro-de-memoria-bunge.jpg\" alt=\"Centro de Mem\u00f3ria Bunge\" loading=\"lazy\">\n                                            <\/a>\n                                      <\/div>\n                                  <div class=\"col-auto align-self-center px-4 mb-4\">\n                                            <a target=\"_blank\" href=\"https:\/\/fundacaobunge.org.br\/\">\n                                        <img decoding=\"async\" class=\"footer-logos__image\" src=\"https:\/\/memo.museudapessoa.org\/sentidos-da-memoria\/wp-content\/uploads\/sites\/26\/2023\/10\/fundacao-bunge-e1698341717319.jpg\" alt=\"Funda\u00e7\u00e3o Bunge\" loading=\"lazy\">\n                                            <\/a>\n                                      <\/div>\n                              <\/div>\n            <\/div>\n          <\/div>\n        <\/div>\n              <div class=\"col-auto mb-5\" style=\"max-width:50%\">\n          <div class=\"row\">\n                        <div class=\"col-12 text-center\">             \n                  <p><b>Realiza\u00e7\u00e3o<\/b><\/p>\n              <\/div>  \n               \n            <div class=\"col \">\n              <div class=\"row justify-content-center\">\n                                  <div class=\"col-auto align-self-center px-4 mb-4\">\n                                            <a target=\"_blank\" href=\"https:\/\/museudapessoa.org\/\">\n                                        <img decoding=\"async\" class=\"footer-logos__image\" src=\"https:\/\/memo.museudapessoa.org\/sentidos-da-memoria\/wp-content\/uploads\/sites\/26\/2023\/10\/logo-mupe.jpg\" alt=\"Museu da Pessoa\" loading=\"lazy\">\n                                            <\/a>\n                                      <\/div>\n                                  <div class=\"col-auto align-self-center px-4 mb-4\">\n                                            <a target=\"_blank\" href=\"https:\/\/www.nucleosmuseudapessoa.org\/\">\n                                        <img decoding=\"async\" class=\"footer-logos__image\" src=\"https:\/\/memo.museudapessoa.org\/sentidos-da-memoria\/wp-content\/uploads\/sites\/26\/2023\/11\/MP_NUCLEOS_PRETO-e1701378335918-1013x1024.png\" alt=\"N\u00facleos Museu da Pessoa\" loading=\"lazy\">\n                                            <\/a>\n                                      <\/div>\n                                  <div class=\"col-auto align-self-center px-4 mb-4\">\n                                            <a target=\"_blank\" href=\"https:\/\/fundacaobunge.org.br\/\">\n                                        <img decoding=\"async\" class=\"footer-logos__image\" src=\"https:\/\/memo.museudapessoa.org\/sentidos-da-memoria\/wp-content\/uploads\/sites\/26\/2023\/10\/fundacao-bunge-e1698341717319.jpg\" alt=\"Funda\u00e7\u00e3o Bunge\" loading=\"lazy\">\n                                            <\/a>\n                                      <\/div>\n                                  <div class=\"col-auto align-self-center px-4 mb-4\">\n                                            <a target=\"_blank\" href=\"https:\/\/fundacaobunge.org.br\/programas\/centro-de-memoria-bunge\/\">\n                                        <img decoding=\"async\" class=\"footer-logos__image\" src=\"https:\/\/memo.museudapessoa.org\/sentidos-da-memoria\/wp-content\/uploads\/sites\/26\/2023\/10\/centro-de-memoria-bunge.jpg\" alt=\"Centro de Mem\u00f3ria Bunge\" loading=\"lazy\">\n                                            <\/a>\n                                      <\/div>\n                              <\/div>\n            <\/div>\n          <\/div>\n        <\/div>\n            <\/div>\n    <\/div>\n  <\/div>\n<\/section>\n\n","protected":false},"excerpt":{"rendered":"<p>A exposi\u00e7\u00e3o A exposi\u00e7\u00e3o virtual Sentidos da Mem\u00f3ria traz hist\u00f3rias distintas ligadas aos sentidos, que refletem lembran\u00e7as, vontades, saudade e pertencimento. As quatorze hist\u00f3rias foram produzidas por seis N\u00facleos Museu da Pessoa distintos. As hist\u00f3rias aqui encontradas s\u00e3o divididas em&#8230;<\/p>\n","protected":false},"author":1,"featured_media":0,"parent":0,"menu_order":0,"comment_status":"closed","ping_status":"closed","template":"","meta":{"_acf_changed":false,"footnotes":""},"class_list":["post-17","page","type-page","status-publish","hentry"],"acf":[],"yoast_head":"<!-- This site is optimized with the Yoast SEO plugin v23.3 - https:\/\/yoast.com\/wordpress\/plugins\/seo\/ -->\n<title>Home - Sentidos da Mem\u00f3ria<\/title>\n<meta name=\"robots\" content=\"index, follow, max-snippet:-1, max-image-preview:large, max-video-preview:-1\" \/>\n<link rel=\"canonical\" href=\"https:\/\/memo.museudapessoa.org\/sentidos-da-memoria\/\" \/>\n<meta property=\"og:locale\" content=\"pt_BR\" \/>\n<meta property=\"og:type\" content=\"article\" \/>\n<meta property=\"og:title\" content=\"Home - Sentidos da Mem\u00f3ria\" \/>\n<meta property=\"og:description\" content=\"A exposi\u00e7\u00e3o A exposi\u00e7\u00e3o virtual Sentidos da Mem\u00f3ria traz hist\u00f3rias distintas ligadas aos sentidos, que refletem lembran\u00e7as, vontades, saudade e pertencimento. As quatorze hist\u00f3rias foram produzidas por seis N\u00facleos Museu da Pessoa distintos. As hist\u00f3rias aqui encontradas s\u00e3o divididas em...\" \/>\n<meta property=\"og:url\" content=\"https:\/\/memo.museudapessoa.org\/sentidos-da-memoria\/\" \/>\n<meta property=\"og:site_name\" content=\"Sentidos da Mem\u00f3ria\" \/>\n<meta property=\"article:modified_time\" content=\"2023-11-21T14:06:58+00:00\" \/>\n<meta property=\"og:image\" content=\"https:\/\/memo.museudapessoa.org\/sentidos-da-memoria\/wp-content\/uploads\/sites\/26\/2023\/10\/1-transformacao-Denise-Almeida-da-Silva-3-1024x421.png\" \/>\n<meta name=\"twitter:card\" content=\"summary_large_image\" \/>\n<meta name=\"twitter:label1\" content=\"Est. tempo de leitura\" \/>\n\t<meta name=\"twitter:data1\" content=\"1 minuto\" \/>\n<script type=\"application\/ld+json\" class=\"yoast-schema-graph\">{\"@context\":\"https:\/\/schema.org\",\"@graph\":[{\"@type\":\"WebPage\",\"@id\":\"https:\/\/memo.museudapessoa.org\/sentidos-da-memoria\/\",\"url\":\"https:\/\/memo.museudapessoa.org\/sentidos-da-memoria\/\",\"name\":\"Home - Sentidos da Mem\u00f3ria\",\"isPartOf\":{\"@id\":\"https:\/\/memo.museudapessoa.org\/sentidos-da-memoria\/#website\"},\"primaryImageOfPage\":{\"@id\":\"https:\/\/memo.museudapessoa.org\/sentidos-da-memoria\/#primaryimage\"},\"image\":{\"@id\":\"https:\/\/memo.museudapessoa.org\/sentidos-da-memoria\/#primaryimage\"},\"thumbnailUrl\":\"https:\/\/memo.museudapessoa.org\/sentidos-da-memoria\/wp-content\/uploads\/sites\/26\/2023\/10\/1-transformacao-Denise-Almeida-da-Silva-3-1024x421.png\",\"datePublished\":\"2023-10-05T18:24:30+00:00\",\"dateModified\":\"2023-11-21T14:06:58+00:00\",\"breadcrumb\":{\"@id\":\"https:\/\/memo.museudapessoa.org\/sentidos-da-memoria\/#breadcrumb\"},\"inLanguage\":\"pt-BR\",\"potentialAction\":[{\"@type\":\"ReadAction\",\"target\":[\"https:\/\/memo.museudapessoa.org\/sentidos-da-memoria\/\"]}]},{\"@type\":\"ImageObject\",\"inLanguage\":\"pt-BR\",\"@id\":\"https:\/\/memo.museudapessoa.org\/sentidos-da-memoria\/#primaryimage\",\"url\":\"https:\/\/memo.museudapessoa.org\/sentidos-da-memoria\/wp-content\/uploads\/sites\/26\/2023\/10\/1-transformacao-Denise-Almeida-da-Silva-3.png\",\"contentUrl\":\"https:\/\/memo.museudapessoa.org\/sentidos-da-memoria\/wp-content\/uploads\/sites\/26\/2023\/10\/1-transformacao-Denise-Almeida-da-Silva-3.png\",\"width\":6000,\"height\":2464},{\"@type\":\"BreadcrumbList\",\"@id\":\"https:\/\/memo.museudapessoa.org\/sentidos-da-memoria\/#breadcrumb\",\"itemListElement\":[{\"@type\":\"ListItem\",\"position\":1,\"name\":\"Home\",\"item\":\"https:\/\/memo.museudapessoa.org\/sentidos-da-memoria\/\"},{\"@type\":\"ListItem\",\"position\":2,\"name\":\"Home\"}]},{\"@type\":\"WebSite\",\"@id\":\"https:\/\/memo.museudapessoa.org\/sentidos-da-memoria\/#website\",\"url\":\"https:\/\/memo.museudapessoa.org\/sentidos-da-memoria\/\",\"name\":\"Sentidos da Mem\u00f3ria\",\"description\":\"\",\"potentialAction\":[{\"@type\":\"SearchAction\",\"target\":{\"@type\":\"EntryPoint\",\"urlTemplate\":\"https:\/\/memo.museudapessoa.org\/sentidos-da-memoria\/?s={search_term_string}\"},\"query-input\":\"required name=search_term_string\"}],\"inLanguage\":\"pt-BR\"}]}<\/script>\n<!-- \/ Yoast SEO plugin. -->","yoast_head_json":{"title":"Home - Sentidos da Mem\u00f3ria","robots":{"index":"index","follow":"follow","max-snippet":"max-snippet:-1","max-image-preview":"max-image-preview:large","max-video-preview":"max-video-preview:-1"},"canonical":"https:\/\/memo.museudapessoa.org\/sentidos-da-memoria\/","og_locale":"pt_BR","og_type":"article","og_title":"Home - Sentidos da Mem\u00f3ria","og_description":"A exposi\u00e7\u00e3o A exposi\u00e7\u00e3o virtual Sentidos da Mem\u00f3ria traz hist\u00f3rias distintas ligadas aos sentidos, que refletem lembran\u00e7as, vontades, saudade e pertencimento. As quatorze hist\u00f3rias foram produzidas por seis N\u00facleos Museu da Pessoa distintos. As hist\u00f3rias aqui encontradas s\u00e3o divididas em...","og_url":"https:\/\/memo.museudapessoa.org\/sentidos-da-memoria\/","og_site_name":"Sentidos da Mem\u00f3ria","article_modified_time":"2023-11-21T14:06:58+00:00","og_image":[{"url":"https:\/\/memo.museudapessoa.org\/sentidos-da-memoria\/wp-content\/uploads\/sites\/26\/2023\/10\/1-transformacao-Denise-Almeida-da-Silva-3-1024x421.png"}],"twitter_card":"summary_large_image","twitter_misc":{"Est. tempo de leitura":"1 minuto"},"schema":{"@context":"https:\/\/schema.org","@graph":[{"@type":"WebPage","@id":"https:\/\/memo.museudapessoa.org\/sentidos-da-memoria\/","url":"https:\/\/memo.museudapessoa.org\/sentidos-da-memoria\/","name":"Home - Sentidos da Mem\u00f3ria","isPartOf":{"@id":"https:\/\/memo.museudapessoa.org\/sentidos-da-memoria\/#website"},"primaryImageOfPage":{"@id":"https:\/\/memo.museudapessoa.org\/sentidos-da-memoria\/#primaryimage"},"image":{"@id":"https:\/\/memo.museudapessoa.org\/sentidos-da-memoria\/#primaryimage"},"thumbnailUrl":"https:\/\/memo.museudapessoa.org\/sentidos-da-memoria\/wp-content\/uploads\/sites\/26\/2023\/10\/1-transformacao-Denise-Almeida-da-Silva-3-1024x421.png","datePublished":"2023-10-05T18:24:30+00:00","dateModified":"2023-11-21T14:06:58+00:00","breadcrumb":{"@id":"https:\/\/memo.museudapessoa.org\/sentidos-da-memoria\/#breadcrumb"},"inLanguage":"pt-BR","potentialAction":[{"@type":"ReadAction","target":["https:\/\/memo.museudapessoa.org\/sentidos-da-memoria\/"]}]},{"@type":"ImageObject","inLanguage":"pt-BR","@id":"https:\/\/memo.museudapessoa.org\/sentidos-da-memoria\/#primaryimage","url":"https:\/\/memo.museudapessoa.org\/sentidos-da-memoria\/wp-content\/uploads\/sites\/26\/2023\/10\/1-transformacao-Denise-Almeida-da-Silva-3.png","contentUrl":"https:\/\/memo.museudapessoa.org\/sentidos-da-memoria\/wp-content\/uploads\/sites\/26\/2023\/10\/1-transformacao-Denise-Almeida-da-Silva-3.png","width":6000,"height":2464},{"@type":"BreadcrumbList","@id":"https:\/\/memo.museudapessoa.org\/sentidos-da-memoria\/#breadcrumb","itemListElement":[{"@type":"ListItem","position":1,"name":"Home","item":"https:\/\/memo.museudapessoa.org\/sentidos-da-memoria\/"},{"@type":"ListItem","position":2,"name":"Home"}]},{"@type":"WebSite","@id":"https:\/\/memo.museudapessoa.org\/sentidos-da-memoria\/#website","url":"https:\/\/memo.museudapessoa.org\/sentidos-da-memoria\/","name":"Sentidos da Mem\u00f3ria","description":"","potentialAction":[{"@type":"SearchAction","target":{"@type":"EntryPoint","urlTemplate":"https:\/\/memo.museudapessoa.org\/sentidos-da-memoria\/?s={search_term_string}"},"query-input":"required name=search_term_string"}],"inLanguage":"pt-BR"}]}},"_links":{"self":[{"href":"https:\/\/memo.museudapessoa.org\/sentidos-da-memoria\/wp-json\/wp\/v2\/pages\/17"}],"collection":[{"href":"https:\/\/memo.museudapessoa.org\/sentidos-da-memoria\/wp-json\/wp\/v2\/pages"}],"about":[{"href":"https:\/\/memo.museudapessoa.org\/sentidos-da-memoria\/wp-json\/wp\/v2\/types\/page"}],"author":[{"embeddable":true,"href":"https:\/\/memo.museudapessoa.org\/sentidos-da-memoria\/wp-json\/wp\/v2\/users\/1"}],"replies":[{"embeddable":true,"href":"https:\/\/memo.museudapessoa.org\/sentidos-da-memoria\/wp-json\/wp\/v2\/comments?post=17"}],"version-history":[{"count":527,"href":"https:\/\/memo.museudapessoa.org\/sentidos-da-memoria\/wp-json\/wp\/v2\/pages\/17\/revisions"}],"predecessor-version":[{"id":1027,"href":"https:\/\/memo.museudapessoa.org\/sentidos-da-memoria\/wp-json\/wp\/v2\/pages\/17\/revisions\/1027"}],"wp:attachment":[{"href":"https:\/\/memo.museudapessoa.org\/sentidos-da-memoria\/wp-json\/wp\/v2\/media?parent=17"}],"curies":[{"name":"wp","href":"https:\/\/api.w.org\/{rel}","templated":true}]}}