{"id":10,"date":"2023-09-04T21:08:51","date_gmt":"2023-09-05T00:08:51","guid":{"rendered":"https:\/\/memo.museudapessoa.org\/vidas-em-cordel\/blog\/modelo\/modelo-historias\/"},"modified":"2023-09-04T21:08:51","modified_gmt":"2023-09-05T00:08:51","slug":"modelo-historias","status":"publish","type":"model","link":"https:\/\/memo.museudapessoa.org\/vidas-em-cordel\/modelo\/modelo-historias\/","title":{"rendered":"Modelo &#8211; Hist\u00f3rias"},"content":{"rendered":"\n        <section class=\"conteudo\">\n          <div class=\"container\">\n            <div class=\"row\">\n              <div class=\"col-md-12 conteudo content margin-left text-md-left\">\n                \n<h2 id=\"minhas-historias\" class=\"wp-block-heading\">Minhas hist\u00f3rias<\/h2>\n\n              <\/div>\n            <\/div>\n          <\/div>\n        <\/section>\n\n\n        <section class=\"conteudo\">\n          <div class=\"container\">\n            <div class=\"row\">\n              <div class=\"col-md-12 conteudo content margin-left text-md-left\">\n                \n<p>Lorem ipsum dolor sit amet, consectetur adipisicing elit, sed do eiusmod tempor incididunt ut labore et dolore magna aliqua. Ut enim ad minim veniam, quis nostrud exercitation ullamco laboris nisi ut aliquip ex ea commodo consequat. Duis aute irure dolor in reprehenderit in voluptate velit esse cillum dolore eu fugiat nulla pariatur. Excepteur sint occaecat cupidatat non proident, sunt in culpa qui officia deserunt mollit anim id est laborum.<\/p>\n\n              <\/div>\n            <\/div>\n          <\/div>\n        <\/section>\n\n<section id=\"historias\" class=' margin-top-0 margin-bottom-large padding-top-0 padding-bottom-0'>\n  <div class=\"container\">\n    <div class=\"row pb-5 justify-content-center history-category__btns\" role=\"tablist\">\n          <div class=\"col-12\">\n        <h2 class=\"mb-0\">T\u00edtulo do destaque<\/h2>\n      <\/div>\n        <\/div>\n          <div id='titulo-do-destaque' \n      role=\"tabpanel\" aria-labelledby=\"link-categoria-1\" aria-hidden=\"false\"\n      class=\"history-category history-category-titulo-do-destaque item-1 active\"\n          style=\"display:block;\"          >\n          <div class=\"row justify-content-center\">\n                                           <div class=\"col-md-3 history-item mb-5 mb-md-4 wow fadeInUp\" data-wow-delay=\"0.1s\">\n                  <a href=\"javascript:void(0);\">\n                      <picture><source srcset='https:\/\/memo.museudapessoa.org\/app\/_lib\/file\/img\/plataforma-capas-01.jpg' \/>\n\t\t<img  src='https:\/\/memo.museudapessoa.org\/app\/_lib\/file\/img\/plataforma-capas-01.jpg' alt='T\u00edtulo Hist\u00f3ria' loading='lazy' \/><\/picture>                      <p class=\"bold history-item__title mb-0\">\n                            T\u00edtulo Hist\u00f3ria                      <\/p>\n                  <\/a>\n                                 <\/div> \n                             <div class=\"col-md-3 history-item mb-5 mb-md-4 wow fadeInUp\" data-wow-delay=\"0.2s\">\n                  <a href=\"javascript:void(0);\">\n                      <picture><source srcset='https:\/\/memo.museudapessoa.org\/app\/_lib\/file\/img\/plataforma-capas-01.jpg' \/>\n\t\t<img  src='https:\/\/memo.museudapessoa.org\/app\/_lib\/file\/img\/plataforma-capas-01.jpg' alt='T\u00edtulo Hist\u00f3ria' loading='lazy' \/><\/picture>                      <p class=\"bold history-item__title mb-0\">\n                            T\u00edtulo Hist\u00f3ria                      <\/p>\n                  <\/a>\n                                 <\/div> \n                             <div class=\"col-md-3 history-item mb-5 mb-md-4 wow fadeInUp\" data-wow-delay=\"0.3s\">\n                  <a href=\"javascript:void(0);\">\n                      <picture><source srcset='https:\/\/memo.museudapessoa.org\/app\/_lib\/file\/img\/plataforma-capas-01.jpg' \/>\n\t\t<img  src='https:\/\/memo.museudapessoa.org\/app\/_lib\/file\/img\/plataforma-capas-01.jpg' alt='T\u00edtulo Hist\u00f3ria' loading='lazy' \/><\/picture>                      <p class=\"bold history-item__title mb-0\">\n                            T\u00edtulo Hist\u00f3ria                      <\/p>\n                  <\/a>\n                                 <\/div> \n                            <\/div>\n          <\/div>\n      <\/div>\n<\/section>\n","protected":false},"template":"","class_list":["post-10","model","type-model","status-publish","hentry"],"acf":[],"yoast_head":"<!-- This site is optimized with the Yoast SEO plugin v23.3 - https:\/\/yoast.com\/wordpress\/plugins\/seo\/ -->\n<title>Modelo - Hist\u00f3rias | Vidas em Cordel<\/title>\n<meta name=\"robots\" content=\"index, follow, max-snippet:-1, max-image-preview:large, max-video-preview:-1\" \/>\n<link rel=\"canonical\" href=\"https:\/\/memo.museudapessoa.org\/vidas-em-cordel\/modelo\/modelo-historias\/\" \/>\n<meta property=\"og:locale\" content=\"pt_BR\" \/>\n<meta property=\"og:type\" content=\"article\" \/>\n<meta property=\"og:title\" content=\"Modelo - Hist\u00f3rias | Vidas em Cordel\" \/>\n<meta property=\"og:description\" content=\"Minhas hist\u00f3rias Lorem ipsum dolor sit amet, consectetur adipisicing elit, sed do eiusmod tempor incididunt ut labore et dolore magna aliqua. Ut enim ad minim veniam, quis nostrud exercitation ullamco laboris nisi ut aliquip ex ea commodo consequat. Duis aute...\" \/>\n<meta property=\"og:url\" content=\"https:\/\/memo.museudapessoa.org\/vidas-em-cordel\/modelo\/modelo-historias\/\" \/>\n<meta property=\"og:site_name\" content=\"Vidas em Cordel\" \/>\n<meta name=\"twitter:card\" content=\"summary_large_image\" \/>\n<script type=\"application\/ld+json\" class=\"yoast-schema-graph\">{\"@context\":\"https:\/\/schema.org\",\"@graph\":[{\"@type\":\"WebPage\",\"@id\":\"https:\/\/memo.museudapessoa.org\/vidas-em-cordel\/modelo\/modelo-historias\/\",\"url\":\"https:\/\/memo.museudapessoa.org\/vidas-em-cordel\/modelo\/modelo-historias\/\",\"name\":\"Modelo - Hist\u00f3rias | Vidas em Cordel\",\"isPartOf\":{\"@id\":\"https:\/\/memo.museudapessoa.org\/vidas-em-cordel\/#website\"},\"datePublished\":\"2023-09-05T00:08:51+00:00\",\"dateModified\":\"2023-09-05T00:08:51+00:00\",\"breadcrumb\":{\"@id\":\"https:\/\/memo.museudapessoa.org\/vidas-em-cordel\/modelo\/modelo-historias\/#breadcrumb\"},\"inLanguage\":\"pt-BR\",\"potentialAction\":[{\"@type\":\"ReadAction\",\"target\":[\"https:\/\/memo.museudapessoa.org\/vidas-em-cordel\/modelo\/modelo-historias\/\"]}]},{\"@type\":\"BreadcrumbList\",\"@id\":\"https:\/\/memo.museudapessoa.org\/vidas-em-cordel\/modelo\/modelo-historias\/#breadcrumb\",\"itemListElement\":[{\"@type\":\"ListItem\",\"position\":1,\"name\":\"Home\",\"item\":\"https:\/\/memo.museudapessoa.org\/vidas-em-cordel\/\"},{\"@type\":\"ListItem\",\"position\":2,\"name\":\"Modelo &#8211; Hist\u00f3rias\"}]},{\"@type\":\"WebSite\",\"@id\":\"https:\/\/memo.museudapessoa.org\/vidas-em-cordel\/#website\",\"url\":\"https:\/\/memo.museudapessoa.org\/vidas-em-cordel\/\",\"name\":\"Vidas em Cordel\",\"description\":\"Descubra hist\u00f3rias de vida reais transformadas em literatura de cordel. Explore xilogravuras e narrativas aut\u00eanticas na nossa exposi\u00e7\u00e3o virtual realizada pelo Museu da Pessoa\",\"publisher\":{\"@id\":\"https:\/\/memo.museudapessoa.org\/vidas-em-cordel\/#organization\"},\"potentialAction\":[{\"@type\":\"SearchAction\",\"target\":{\"@type\":\"EntryPoint\",\"urlTemplate\":\"https:\/\/memo.museudapessoa.org\/vidas-em-cordel\/?s={search_term_string}\"},\"query-input\":\"required name=search_term_string\"}],\"inLanguage\":\"pt-BR\"},{\"@type\":\"Organization\",\"@id\":\"https:\/\/memo.museudapessoa.org\/vidas-em-cordel\/#organization\",\"name\":\"Vidas em Cordel\",\"url\":\"https:\/\/memo.museudapessoa.org\/vidas-em-cordel\/\",\"logo\":{\"@type\":\"ImageObject\",\"inLanguage\":\"pt-BR\",\"@id\":\"https:\/\/memo.museudapessoa.org\/vidas-em-cordel\/#\/schema\/logo\/image\/\",\"url\":\"https:\/\/memo.museudapessoa.org\/vidas-em-cordel\/wp-content\/uploads\/sites\/25\/2024\/08\/vidas-cordel-pb-1.png\",\"contentUrl\":\"https:\/\/memo.museudapessoa.org\/vidas-em-cordel\/wp-content\/uploads\/sites\/25\/2024\/08\/vidas-cordel-pb-1.png\",\"width\":1290,\"height\":816,\"caption\":\"Vidas em Cordel\"},\"image\":{\"@id\":\"https:\/\/memo.museudapessoa.org\/vidas-em-cordel\/#\/schema\/logo\/image\/\"},\"sameAs\":[\"https:\/\/www.instagram.com\/museudapessoa\/\"]}]}<\/script>\n<!-- \/ Yoast SEO plugin. -->","yoast_head_json":{"title":"Modelo - Hist\u00f3rias | Vidas em Cordel","robots":{"index":"index","follow":"follow","max-snippet":"max-snippet:-1","max-image-preview":"max-image-preview:large","max-video-preview":"max-video-preview:-1"},"canonical":"https:\/\/memo.museudapessoa.org\/vidas-em-cordel\/modelo\/modelo-historias\/","og_locale":"pt_BR","og_type":"article","og_title":"Modelo - Hist\u00f3rias | Vidas em Cordel","og_description":"Minhas hist\u00f3rias Lorem ipsum dolor sit amet, consectetur adipisicing elit, sed do eiusmod tempor incididunt ut labore et dolore magna aliqua. Ut enim ad minim veniam, quis nostrud exercitation ullamco laboris nisi ut aliquip ex ea commodo consequat. Duis aute...","og_url":"https:\/\/memo.museudapessoa.org\/vidas-em-cordel\/modelo\/modelo-historias\/","og_site_name":"Vidas em Cordel","twitter_card":"summary_large_image","schema":{"@context":"https:\/\/schema.org","@graph":[{"@type":"WebPage","@id":"https:\/\/memo.museudapessoa.org\/vidas-em-cordel\/modelo\/modelo-historias\/","url":"https:\/\/memo.museudapessoa.org\/vidas-em-cordel\/modelo\/modelo-historias\/","name":"Modelo - Hist\u00f3rias | Vidas em Cordel","isPartOf":{"@id":"https:\/\/memo.museudapessoa.org\/vidas-em-cordel\/#website"},"datePublished":"2023-09-05T00:08:51+00:00","dateModified":"2023-09-05T00:08:51+00:00","breadcrumb":{"@id":"https:\/\/memo.museudapessoa.org\/vidas-em-cordel\/modelo\/modelo-historias\/#breadcrumb"},"inLanguage":"pt-BR","potentialAction":[{"@type":"ReadAction","target":["https:\/\/memo.museudapessoa.org\/vidas-em-cordel\/modelo\/modelo-historias\/"]}]},{"@type":"BreadcrumbList","@id":"https:\/\/memo.museudapessoa.org\/vidas-em-cordel\/modelo\/modelo-historias\/#breadcrumb","itemListElement":[{"@type":"ListItem","position":1,"name":"Home","item":"https:\/\/memo.museudapessoa.org\/vidas-em-cordel\/"},{"@type":"ListItem","position":2,"name":"Modelo &#8211; Hist\u00f3rias"}]},{"@type":"WebSite","@id":"https:\/\/memo.museudapessoa.org\/vidas-em-cordel\/#website","url":"https:\/\/memo.museudapessoa.org\/vidas-em-cordel\/","name":"Vidas em Cordel","description":"Descubra hist\u00f3rias de vida reais transformadas em literatura de cordel. Explore xilogravuras e narrativas aut\u00eanticas na nossa exposi\u00e7\u00e3o virtual realizada pelo Museu da Pessoa","publisher":{"@id":"https:\/\/memo.museudapessoa.org\/vidas-em-cordel\/#organization"},"potentialAction":[{"@type":"SearchAction","target":{"@type":"EntryPoint","urlTemplate":"https:\/\/memo.museudapessoa.org\/vidas-em-cordel\/?s={search_term_string}"},"query-input":"required name=search_term_string"}],"inLanguage":"pt-BR"},{"@type":"Organization","@id":"https:\/\/memo.museudapessoa.org\/vidas-em-cordel\/#organization","name":"Vidas em Cordel","url":"https:\/\/memo.museudapessoa.org\/vidas-em-cordel\/","logo":{"@type":"ImageObject","inLanguage":"pt-BR","@id":"https:\/\/memo.museudapessoa.org\/vidas-em-cordel\/#\/schema\/logo\/image\/","url":"https:\/\/memo.museudapessoa.org\/vidas-em-cordel\/wp-content\/uploads\/sites\/25\/2024\/08\/vidas-cordel-pb-1.png","contentUrl":"https:\/\/memo.museudapessoa.org\/vidas-em-cordel\/wp-content\/uploads\/sites\/25\/2024\/08\/vidas-cordel-pb-1.png","width":1290,"height":816,"caption":"Vidas em Cordel"},"image":{"@id":"https:\/\/memo.museudapessoa.org\/vidas-em-cordel\/#\/schema\/logo\/image\/"},"sameAs":["https:\/\/www.instagram.com\/museudapessoa\/"]}]}},"_links":{"self":[{"href":"https:\/\/memo.museudapessoa.org\/vidas-em-cordel\/wp-json\/wp\/v2\/model\/10"}],"collection":[{"href":"https:\/\/memo.museudapessoa.org\/vidas-em-cordel\/wp-json\/wp\/v2\/model"}],"about":[{"href":"https:\/\/memo.museudapessoa.org\/vidas-em-cordel\/wp-json\/wp\/v2\/types\/model"}],"wp:attachment":[{"href":"https:\/\/memo.museudapessoa.org\/vidas-em-cordel\/wp-json\/wp\/v2\/media?parent=10"}],"curies":[{"name":"wp","href":"https:\/\/api.w.org\/{rel}","templated":true}]}}

Modelo &#8211; Histórias

<section class="conteudo">
          <div class="container">
            <div class="row">
              <div class="col-md-12 conteudo content margin-left text-md-left">
                
<h2 id="minhas-historias" class="wp-block-heading">Minhas histórias</h2>

              </div>
            </div>
          </div>
        </section>


        <section class="conteudo">
          <div class="container">
            <div class="row">
              <div class="col-md-12 conteudo content margin-left text-md-left">
                
<p>Lorem ipsum dolor sit amet, consectetur adipisicing elit, sed do eiusmod tempor incididunt ut labore et dolore magna aliqua. Ut enim ad minim veniam, quis nostrud exercitation ullamco laboris nisi ut aliquip ex ea commodo consequat. Duis aute irure dolor in reprehenderit in voluptate velit esse cillum dolore eu fugiat nulla pariatur. Excepteur sint occaecat cupidatat non proident, sunt in culpa qui officia deserunt mollit anim id est laborum.</p>

              </div>
            </div>
          </div>
        </section>

<section id="historias" class=' margin-top-0 margin-bottom-large padding-top-0 padding-bottom-0'>
  <div class="container">
    <div class="row pb-5 justify-content-center history-category__btns" role="tablist">
          <div class="col-12">
        <h2 class="mb-0">Título do destaque</h2>
      </div>
        </div>
          <div id='titulo-do-destaque' 
      role="tabpanel" aria-labelledby="link-categoria-1" aria-hidden="false"
      class="history-category history-category-titulo-do-destaque item-1 active"
          style="display:block;"          >
          <div class="row justify-content-center">
                                           <div class="col-md-3 history-item mb-5 mb-md-4 wow fadeInUp" data-wow-delay="0.1s">
                  <a href="javascript:void(0);">
                      <picture><source srcset='https://memo.museudapessoa.org/app/_lib/file/img/plataforma-capas-01.jpg' />
		<img  src='https://memo.museudapessoa.org/app/_lib/file/img/plataforma-capas-01.jpg' alt='Título História' loading='lazy' /></picture>                      <p class="bold history-item__title mb-0">
                            Título História                      </p>
                  </a>
                                 </div> 
                             <div class="col-md-3 history-item mb-5 mb-md-4 wow fadeInUp" data-wow-delay="0.2s">
                  <a href="javascript:void(0);">
                      <picture><source srcset='https://memo.museudapessoa.org/app/_lib/file/img/plataforma-capas-01.jpg' />
		<img  src='https://memo.museudapessoa.org/app/_lib/file/img/plataforma-capas-01.jpg' alt='Título História' loading='lazy' /></picture>                      <p class="bold history-item__title mb-0">
                            Título História                      </p>
                  </a>
                                 </div> 
                             <div class="col-md-3 history-item mb-5 mb-md-4 wow fadeInUp" data-wow-delay="0.3s">
                  <a href="javascript:void(0);">
                      <picture><source srcset='https://memo.museudapessoa.org/app/_lib/file/img/plataforma-capas-01.jpg' />
		<img  src='https://memo.museudapessoa.org/app/_lib/file/img/plataforma-capas-01.jpg' alt='Título História' loading='lazy' /></picture>                      <p class="bold history-item__title mb-0">
                            Título História                      </p>
                  </a>
                                 </div> 
                            </div>
          </div>
      </div>
</section>

<!-- This site is optimized with the Yoast SEO plugin v23.3 - https://yoast.com/wordpress/plugins/seo/ -->
<title>Modelo - Histórias | Vidas em Cordel</title>
<meta name="robots" content="index, follow, max-snippet:-1, max-image-preview:large, max-video-preview:-1" />
<link rel="canonical" href="https://memo.museudapessoa.org/vidas-em-cordel/modelo/modelo-historias/" />
<meta property="og:locale" content="pt_BR" />
<meta property="og:type" content="article" />
<meta property="og:title" content="Modelo - Histórias | Vidas em Cordel" />
<meta property="og:description" content="Minhas histórias Lorem ipsum dolor sit amet, consectetur adipisicing elit, sed do eiusmod tempor incididunt ut labore et dolore magna aliqua. Ut enim ad minim veniam, quis nostrud exercitation ullamco laboris nisi ut aliquip ex ea commodo consequat. Duis aute..." />
<meta property="og:url" content="https://memo.museudapessoa.org/vidas-em-cordel/modelo/modelo-historias/" />
<meta property="og:site_name" content="Vidas em Cordel" />
<meta name="twitter:card" content="summary_large_image" />
<script type="application/ld+json" class="yoast-schema-graph">{"@context":"https://schema.org","@graph":[{"@type":"WebPage","@id":"https://memo.museudapessoa.org/vidas-em-cordel/modelo/modelo-historias/","url":"https://memo.museudapessoa.org/vidas-em-cordel/modelo/modelo-historias/","name":"Modelo - Histórias | Vidas em Cordel","isPartOf":{"@id":"https://memo.museudapessoa.org/vidas-em-cordel/#website"},"datePublished":"2023-09-05T00:08:51+00:00","dateModified":"2023-09-05T00:08:51+00:00","breadcrumb":{"@id":"https://memo.museudapessoa.org/vidas-em-cordel/modelo/modelo-historias/#breadcrumb"},"inLanguage":"pt-BR","potentialAction":[{"@type":"ReadAction","target":["https://memo.museudapessoa.org/vidas-em-cordel/modelo/modelo-historias/"]}]},{"@type":"BreadcrumbList","@id":"https://memo.museudapessoa.org/vidas-em-cordel/modelo/modelo-historias/#breadcrumb","itemListElement":[{"@type":"ListItem","position":1,"name":"Home","item":"https://memo.museudapessoa.org/vidas-em-cordel/"},{"@type":"ListItem","position":2,"name":"Modelo &#8211; Histórias"}]},{"@type":"WebSite","@id":"https://memo.museudapessoa.org/vidas-em-cordel/#website","url":"https://memo.museudapessoa.org/vidas-em-cordel/","name":"Vidas em Cordel","description":"Descubra histórias de vida reais transformadas em literatura de cordel. Explore xilogravuras e narrativas autênticas na nossa exposição virtual realizada pelo Museu da Pessoa","publisher":{"@id":"https://memo.museudapessoa.org/vidas-em-cordel/#organization"},"potentialAction":[{"@type":"SearchAction","target":{"@type":"EntryPoint","urlTemplate":"https://memo.museudapessoa.org/vidas-em-cordel/?s={search_term_string}"},"query-input":"required name=search_term_string"}],"inLanguage":"pt-BR"},{"@type":"Organization","@id":"https://memo.museudapessoa.org/vidas-em-cordel/#organization","name":"Vidas em Cordel","url":"https://memo.museudapessoa.org/vidas-em-cordel/","logo":{"@type":"ImageObject","inLanguage":"pt-BR","@id":"https://memo.museudapessoa.org/vidas-em-cordel/#/schema/logo/image/","url":"https://memo.museudapessoa.org/vidas-em-cordel/wp-content/uploads/sites/25/2024/08/vidas-cordel-pb-1.png","contentUrl":"https://memo.museudapessoa.org/vidas-em-cordel/wp-content/uploads/sites/25/2024/08/vidas-cordel-pb-1.png","width":1290,"height":816,"caption":"Vidas em Cordel"},"image":{"@id":"https://memo.museudapessoa.org/vidas-em-cordel/#/schema/logo/image/"},"sameAs":["https://www.instagram.com/museudapessoa/"]}]}</script>
<!-- / Yoast SEO plugin. -->

Modelo - Histórias | Vidas em Cordel

Minhas histórias Lorem ipsum dolor sit amet, consectetur adipisicing elit, sed do eiusmod tempor incididunt ut labore et dolore magna aliqua. Ut enim ad minim veniam, quis nostrud exercitation ullamco laboris nisi ut aliquip ex ea commodo consequat. Duis aute...

Descubra histórias de vida reais transformadas em literatura de cordel. Explore xilogravuras e narrativas autênticas na nossa exposição virtual realizada pelo Museu da Pessoa
