{"id":11,"date":"2023-10-05T15:26:21","date_gmt":"2023-10-05T18:26:21","guid":{"rendered":"https:\/\/memo.museudapessoa.org\/vidas-em-custura\/historias\/"},"modified":"2024-02-20T13:22:33","modified_gmt":"2024-02-20T16:22:33","slug":"historias","status":"publish","type":"page","link":"https:\/\/memo.museudapessoa.org\/vidas-em-costura\/historias\/","title":{"rendered":"Hist\u00f3rias"},"content":{"rendered":"\n\n<div id=\"destaque-topo\" class='carousel block-header-highlight wow fadeIn  block_32788f5ec29ad94baba077be488026c8 no-nav  margin-top-none margin-bottom-none padding-top-none padding-bottom-none' style='background-color:rgba(255,255,255,0);' data-wow-delay=\"1.5s\" >\n<style>\n    .block_32788f5ec29ad94baba077be488026c8 h2,  .block_32788f5ec29ad94baba077be488026c8 h4, .block_32788f5ec29ad94baba077be488026c8 a, .block_32788f5ec29ad94baba077be488026c8 a h2, .block_32788f5ec29ad94baba077be488026c8 a p, .block_32788f5ec29ad94baba077be488026c8 p{\n      color: #FFF !important;\n  }\n    .block_32788f5ec29ad94baba077be488026c8 .carousel-nav__link.active:after{\n    background-color: #FFF !important;\n  }\n  .block_32788f5ec29ad94baba077be488026c8 .carousel-item__content .arrow svg rect{\n    fill: #FFF !important;\n  }\n<\/style>\n    <div class=\"carousel-item h-100 py-md-5 item-1  active\"\n  role=\"tabpanel\" aria-hidden=\"false\" tabindex=\"0\"\n  >\n      <div class=\"carousel-item__overlay\"\n                \n          style=\"background-color:rgba(0,0,0,0);\"\n                    ><\/div>\n                          <div class=\"parallaxParent carousel-item__image\" >\n                  <div class=\"carousel-item__image-element\" \n                style=\"background-image: url(https:\/\/memo.museudapessoa.org\/vidas-em-costura\/wp-content\/uploads\/sites\/27\/2023\/11\/VDC_HV002_FT011-scaled.jpg);\n                background-position: 46.661458333333336% 58.15625%;\" >\n                  <\/div> \n              <\/div>\n                              <div class=\"container h-100\">\n        <div class=\"row h-100\">\n          <div class=\"col-md-8 col-md-8 align-self-center\">\n            <div class=\"carousel-item__content\">\n                                                                              <\/div>\n          <\/div>\n        <\/div>\n      <\/div>  \n    <\/div>\n          <\/div>\n\n\n<section id=\"historias-categorias\" class=' margin-top-none margin-bottom-none padding-top-medium padding-bottom-small' style='background-color:rgb(222,217,224);'>\n  <div class=\"container\">\n    <div class=\"row pb-5 justify-content-center history-category__btns\" role=\"tablist\">\n          <div role=\"presentation\" class=\"col-auto\">\n        <a id=\"link-categoria-1\" href=\"#tecidos-da-imaginacao\" \n        role=\"tab\" aria-controls=\"categoria-1\" aria-selected=\"true\"\n        class=\"btn btn-category-tecidos-da-imaginacao active\">Tecidos da Imagina\u00e7\u00e3o        <\/a>\n      <\/div>\n            <div role=\"presentation\" class=\"col-auto\">\n        <a id=\"link-categoria-2\" href=\"#hora-do-corte\" \n        role=\"tab\" aria-controls=\"categoria-2\" aria-selected=\"false\"\n        class=\"btn btn-category-hora-do-corte \">Hora do Corte        <\/a>\n      <\/div>\n            <div role=\"presentation\" class=\"col-auto\">\n        <a id=\"link-categoria-3\" href=\"#tramas-do-pensamento\" \n        role=\"tab\" aria-controls=\"categoria-3\" aria-selected=\"false\"\n        class=\"btn btn-category-tramas-do-pensamento \">Tramas do Pensamento        <\/a>\n      <\/div>\n          <\/div>\n          <div id='tecidos-da-imaginacao' \n      role=\"tabpanel\" aria-labelledby=\"link-categoria-1\" aria-hidden=\"false\"\n      class=\"history-category history-category-tecidos-da-imaginacao item-1 active\"\n          style=\"display:block;\"          >\n          <div class=\"row justify-content-center\">\n                              <div class=\"pb-5\">\n                    <p style=\"text-align: center\"><strong>Novos olhares sobre velhos materiais, a suspeita de uma possibilidade, um encontro com o imposs\u00edvel. A moda enquanto cria\u00e7\u00e3o e sugest\u00e3o de novos mundos, novas eras.<\/strong><\/p>\n                <\/div>\n                                           <div class=\"col-md-3 history-item mb-5 mb-md-4 wow fadeInUp\" data-wow-delay=\"0.1s\">\n                  <a href=\"https:\/\/memo.museudapessoa.org\/vidas-em-costura\/historia-detalhe\/47577\/historias\/1\">\n                      <picture><source srcset='https:\/\/memo.museudapessoa.org\/app\/_lib\/file\/img\/thumb\/VDC_HV002_FT009(1).jpg' \/>\n\t\t<img  src='https:\/\/memo.museudapessoa.org\/app\/_lib\/file\/img\/thumb\/VDC_HV002_FT009(1).jpg' alt='\u201cRef\u201d para o mundo' \/><\/picture>                      <p class=\"bold history-item__title mb-0\">\n                            \u201cRef\u201d para o mundo                      <\/p>\n                  <\/a>\n                                      <p class=\"small\">Vicenta Perrotta<\/p>\n                    <!-- <a target=\"_blank\" href=\"https:\/\/museudapessoa.org\/historias\/pessoadetalhe\/?id=80131\" class=\"history-item__char\"><\/a>  -->\n                                 <\/div> \n                             <div class=\"col-md-3 history-item mb-5 mb-md-4 wow fadeInUp\" data-wow-delay=\"0.2s\">\n                  <a href=\"https:\/\/memo.museudapessoa.org\/vidas-em-costura\/historia-detalhe\/47679\/historias\/1\">\n                      <picture><source srcset='https:\/\/memo.museudapessoa.org\/app\/_lib\/file\/img\/thumb\/VDC_HV007_FT006c.jpg' \/>\n\t\t<img  src='https:\/\/memo.museudapessoa.org\/app\/_lib\/file\/img\/thumb\/VDC_HV007_FT006c.jpg' alt='Grito de liberdade' loading='lazy' \/><\/picture>                      <p class=\"bold history-item__title mb-0\">\n                            Grito de liberdade                      <\/p>\n                  <\/a>\n                                      <p class=\"small\">Jum Nakao<\/p>\n                    <!-- <a target=\"_blank\" href=\"https:\/\/museudapessoa.org\/historias\/pessoadetalhe\/?id=80127\" class=\"history-item__char\"><\/a>  -->\n                                 <\/div> \n                             <div class=\"col-md-3 history-item mb-5 mb-md-4 wow fadeInUp\" data-wow-delay=\"0.3s\">\n                  <a href=\"https:\/\/memo.museudapessoa.org\/vidas-em-costura\/historia-detalhe\/47680\/historias\/1\">\n                      <picture><source srcset='https:\/\/memo.museudapessoa.org\/app\/_lib\/file\/img\/thumb\/VDC_HV003_FT005(2).JPG' \/>\n\t\t<img  src='https:\/\/memo.museudapessoa.org\/app\/_lib\/file\/img\/thumb\/VDC_HV003_FT005(2).JPG' alt='O avesso do avesso do avesso' \/><\/picture>                      <p class=\"bold history-item__title mb-0\">\n                            O avesso do avesso do avesso                      <\/p>\n                  <\/a>\n                                      <p class=\"small\">Geraldo Lima<\/p>\n                    <!-- <a target=\"_blank\" href=\"https:\/\/museudapessoa.org\/historias\/pessoadetalhe\/?id=80126\" class=\"history-item__char\"><\/a>  -->\n                                 <\/div> \n                             <div class=\"col-md-3 history-item mb-5 mb-md-4 wow fadeInUp\" data-wow-delay=\"0.4s\">\n                  <a href=\"https:\/\/memo.museudapessoa.org\/vidas-em-costura\/historia-detalhe\/47682\/historias\/1\">\n                      <picture><source srcset='https:\/\/memo.museudapessoa.org\/app\/_lib\/file\/img\/thumb\/lais%20da%20lama.JPG' \/>\n\t\t<img  src='https:\/\/memo.museudapessoa.org\/app\/_lib\/file\/img\/thumb\/lais%20da%20lama.JPG' alt='O que eu sou' loading='lazy' \/><\/picture>                      <p class=\"bold history-item__title mb-0\">\n                            O que eu sou                      <\/p>\n                  <\/a>\n                                      <p class=\"small\">La\u00eds DA LAMA<\/p>\n                    <!-- <a target=\"_blank\" href=\"https:\/\/museudapessoa.org\/historias\/pessoadetalhe\/?id=80123\" class=\"history-item__char\"><\/a>  -->\n                                 <\/div> \n                            <\/div>\n          <\/div>\n          <div id='hora-do-corte' \n      role=\"tabpanel\" aria-labelledby=\"link-categoria-2\" aria-hidden=\"true\"\n      class=\"history-category history-category-hora-do-corte item-2 \"\n                    >\n          <div class=\"row justify-content-center\">\n                              <div class=\"pb-5\">\n                    <p style=\"text-align: center\"><strong>Atrav\u00e9s da moda, a escuta e a costura do respeito. A constru\u00e7\u00e3o das roupas como um abra\u00e7o de corpos negados em sua mera exist\u00eancia.<\/strong><\/p>\n                <\/div>\n                                           <div class=\"col-md-3 history-item mb-5 mb-md-4 wow fadeInUp\" data-wow-delay=\"0.1s\">\n                  <a href=\"https:\/\/memo.museudapessoa.org\/vidas-em-costura\/historia-detalhe\/47683\/historias\/2\">\n                      <picture><source srcset='https:\/\/memo.museudapessoa.org\/app\/_lib\/file\/img\/thumb\/talita.jpg' \/>\n\t\t<img  src='https:\/\/memo.museudapessoa.org\/app\/_lib\/file\/img\/thumb\/talita.jpg' alt='Transmuta\u00e7\u00f5es' loading='lazy' \/><\/picture>                      <p class=\"bold history-item__title mb-0\">\n                            Transmuta\u00e7\u00f5es                      <\/p>\n                  <\/a>\n                                      <p class=\"small\">Talita de Lira<\/p>\n                    <!-- <a target=\"_blank\" href=\"https:\/\/museudapessoa.org\/historias\/pessoadetalhe\/?id=80133\" class=\"history-item__char\"><\/a>  -->\n                                 <\/div> \n                             <div class=\"col-md-3 history-item mb-5 mb-md-4 wow fadeInUp\" data-wow-delay=\"0.2s\">\n                  <a href=\"https:\/\/memo.museudapessoa.org\/vidas-em-costura\/historia-detalhe\/47684\/historias\/2\">\n                      <picture><source srcset='https:\/\/memo.museudapessoa.org\/app\/_lib\/file\/img\/thumb\/2.%20Dani%20em%20palestra%20sobre%20marcas%20pessoais.%20S\u00e3o%20Paulo,%202023c.jpeg' \/>\n\t\t<img  src='https:\/\/memo.museudapessoa.org\/app\/_lib\/file\/img\/thumb\/2.%20Dani%20em%20palestra%20sobre%20marcas%20pessoais.%20S\u00e3o%20Paulo,%202023c.jpeg' alt='Apagadas, invisibilizadas, escondidas' \/><\/picture>                      <p class=\"bold history-item__title mb-0\">\n                            Apagadas, invisibilizadas, escondidas                      <\/p>\n                  <\/a>\n                                      <p class=\"small\">Dani Rudz<\/p>\n                    <!-- <a target=\"_blank\" href=\"https:\/\/museudapessoa.org\/historias\/pessoadetalhe\/?id=80132\" class=\"history-item__char\"><\/a>  -->\n                                 <\/div> \n                             <div class=\"col-md-3 history-item mb-5 mb-md-4 wow fadeInUp\" data-wow-delay=\"0.3s\">\n                  <a href=\"https:\/\/memo.museudapessoa.org\/vidas-em-costura\/historia-detalhe\/47685\/historias\/2\">\n                      <picture><source srcset='https:\/\/memo.museudapessoa.org\/app\/_lib\/file\/img\/thumb\/beatriz%201.jpg' \/>\n\t\t<img  src='https:\/\/memo.museudapessoa.org\/app\/_lib\/file\/img\/thumb\/beatriz%201.jpg' alt='Porque voc\u00ea vai sofrer' loading='lazy' \/><\/picture>                      <p class=\"bold history-item__title mb-0\">\n                            Porque voc\u00ea vai sofrer                      <\/p>\n                  <\/a>\n                                      <p class=\"small\">Beatriz Morales<\/p>\n                    <!-- <a target=\"_blank\" href=\"https:\/\/museudapessoa.org\/historias\/pessoadetalhe\/?id=80134\" class=\"history-item__char\"><\/a>  -->\n                                 <\/div> \n                             <div class=\"col-md-3 history-item mb-5 mb-md-4 wow fadeInUp\" data-wow-delay=\"0.4s\">\n                  <a href=\"https:\/\/memo.museudapessoa.org\/vidas-em-costura\/historia-detalhe\/47686\/historias\/2\">\n                      <picture><source srcset='https:\/\/memo.museudapessoa.org\/app\/_lib\/file\/img\/thumb\/capa%20monica%201(1).jpg' \/>\n\t\t<img  src='https:\/\/memo.museudapessoa.org\/app\/_lib\/file\/img\/thumb\/capa%20monica%201(1).jpg' alt='Aqui ningu\u00e9m \u00e9 um cabide' \/><\/picture>                      <p class=\"bold history-item__title mb-0\">\n                            Aqui ningu\u00e9m \u00e9 um cabide                      <\/p>\n                  <\/a>\n                                      <p class=\"small\">M\u00f4nica Anjos<\/p>\n                    <!-- <a target=\"_blank\" href=\"https:\/\/museudapessoa.org\/historias\/pessoadetalhe\/?id=80129\" class=\"history-item__char\"><\/a>  -->\n                                 <\/div> \n                            <\/div>\n          <\/div>\n          <div id='tramas-do-pensamento' \n      role=\"tabpanel\" aria-labelledby=\"link-categoria-3\" aria-hidden=\"true\"\n      class=\"history-category history-category-tramas-do-pensamento item-3 \"\n                    >\n          <div class=\"row justify-content-center\">\n                              <div class=\"pb-5\">\n                    <p style=\"text-align: center\"><strong>O encontro consigo mesmo, a voz de um e a voz de todos, a procura de caminhos humanos. Dotar novamente as roupas de hist\u00f3rias, atrav\u00e9s de reflex\u00f5es sobre o futuro da moda no Brasil e no mundo.<\/strong><\/p>\n                <\/div>\n                                           <div class=\"col-md-3 history-item mb-5 mb-md-4 wow fadeInUp\" data-wow-delay=\"0.1s\">\n                  <a href=\"https:\/\/memo.museudapessoa.org\/vidas-em-costura\/historia-detalhe\/47687\/historias\/3\">\n                      <picture><source srcset='https:\/\/memo.museudapessoa.org\/app\/_lib\/file\/img\/thumb\/sandro.JPG' \/>\n\t\t<img  src='https:\/\/memo.museudapessoa.org\/app\/_lib\/file\/img\/thumb\/sandro.JPG' alt='N\u00e3o sou her\u00f3i' loading='lazy' \/><\/picture>                      <p class=\"bold history-item__title mb-0\">\n                            N\u00e3o sou her\u00f3i                      <\/p>\n                  <\/a>\n                                      <p class=\"small\">Sandro Freitas<\/p>\n                    <!-- <a target=\"_blank\" href=\"https:\/\/museudapessoa.org\/historias\/pessoadetalhe\/?id=80128\" class=\"history-item__char\"><\/a>  -->\n                                 <\/div> \n                             <div class=\"col-md-3 history-item mb-5 mb-md-4 wow fadeInUp\" data-wow-delay=\"0.2s\">\n                  <a href=\"https:\/\/memo.museudapessoa.org\/vidas-em-costura\/historia-detalhe\/47689\/historias\/3\">\n                      <picture><source srcset='https:\/\/memo.museudapessoa.org\/app\/_lib\/file\/img\/thumb\/andre%20hidalgo%202(3).jpg' \/>\n\t\t<img  src='https:\/\/memo.museudapessoa.org\/app\/_lib\/file\/img\/thumb\/andre%20hidalgo%202(3).jpg' alt='A casa da renova\u00e7\u00e3o' \/><\/picture>                      <p class=\"bold history-item__title mb-0\">\n                            A casa da renova\u00e7\u00e3o                      <\/p>\n                  <\/a>\n                                      <p class=\"small\">Andr\u00e9 Hidalgo<\/p>\n                    <!-- <a target=\"_blank\" href=\"https:\/\/museudapessoa.org\/historias\/pessoadetalhe\/?id=80125\" class=\"history-item__char\"><\/a>  -->\n                                 <\/div> \n                             <div class=\"col-md-3 history-item mb-5 mb-md-4 wow fadeInUp\" data-wow-delay=\"0.3s\">\n                  <a href=\"https:\/\/memo.museudapessoa.org\/vidas-em-costura\/historia-detalhe\/47690\/historias\/3\">\n                      <picture><source srcset='https:\/\/memo.museudapessoa.org\/app\/_lib\/file\/img\/thumb\/fernanda%201(2).jpg' \/>\n\t\t<img  src='https:\/\/memo.museudapessoa.org\/app\/_lib\/file\/img\/thumb\/fernanda%201(2).jpg' alt='De onde veio? Para onde vai?' \/><\/picture>                      <p class=\"bold history-item__title mb-0\">\n                            De onde veio? Para onde vai?                      <\/p>\n                  <\/a>\n                                      <p class=\"small\">Fernanda Simon<\/p>\n                    <!-- <a target=\"_blank\" href=\"https:\/\/museudapessoa.org\/historias\/pessoadetalhe\/?id=80130\" class=\"history-item__char\"><\/a>  -->\n                                 <\/div> \n                             <div class=\"col-md-3 history-item mb-5 mb-md-4 wow fadeInUp\" data-wow-delay=\"0.4s\">\n                  <a href=\"https:\/\/memo.museudapessoa.org\/vidas-em-costura\/historia-detalhe\/47691\/historias\/3\">\n                      <picture><source srcset='https:\/\/memo.museudapessoa.org\/app\/_lib\/file\/img\/thumb\/patricia%20santanna%203.jpg' \/>\n\t\t<img  src='https:\/\/memo.museudapessoa.org\/app\/_lib\/file\/img\/thumb\/patricia%20santanna%203.jpg' alt='Sem Complexo' loading='lazy' \/><\/picture>                      <p class=\"bold history-item__title mb-0\">\n                            Sem Complexo                      <\/p>\n                  <\/a>\n                                      <p class=\"small\">Patr\u00edcia Sant&#8217;Anna<\/p>\n                    <!-- <a target=\"_blank\" href=\"https:\/\/museudapessoa.org\/historias\/pessoadetalhe\/?id=80122\" class=\"history-item__char\"><\/a>  -->\n                                 <\/div> \n                            <\/div>\n          <\/div>\n      <\/div>\n<\/section>\n","protected":false},"excerpt":{"rendered":"","protected":false},"author":1,"featured_media":0,"parent":0,"menu_order":0,"comment_status":"closed","ping_status":"closed","template":"","meta":{"_acf_changed":false,"footnotes":""},"class_list":["post-11","page","type-page","status-publish","hentry"],"acf":[],"yoast_head":"<!-- This site is optimized with the Yoast SEO plugin v23.3 - https:\/\/yoast.com\/wordpress\/plugins\/seo\/ -->\n<title>Hist\u00f3rias - Vidas em Costura<\/title>\n<meta name=\"robots\" content=\"noindex, follow, max-snippet:-1, max-image-preview:large, max-video-preview:-1\" \/>\n<meta property=\"og:locale\" content=\"pt_BR\" \/>\n<meta property=\"og:type\" content=\"article\" \/>\n<meta property=\"og:title\" content=\"Hist\u00f3rias - Vidas em Costura\" \/>\n<meta property=\"og:url\" content=\"https:\/\/memo.museudapessoa.org\/vidas-em-costura\/historias\/\" \/>\n<meta property=\"og:site_name\" content=\"Vidas em Costura\" \/>\n<meta property=\"article:modified_time\" content=\"2024-02-20T16:22:33+00:00\" \/>\n<meta name=\"twitter:card\" content=\"summary_large_image\" \/>\n<script type=\"application\/ld+json\" class=\"yoast-schema-graph\">{\"@context\":\"https:\/\/schema.org\",\"@graph\":[{\"@type\":\"WebPage\",\"@id\":\"https:\/\/memo.museudapessoa.org\/vidas-em-costura\/historias\/\",\"url\":\"https:\/\/memo.museudapessoa.org\/vidas-em-costura\/historias\/\",\"name\":\"Hist\u00f3rias - Vidas em Costura\",\"isPartOf\":{\"@id\":\"https:\/\/memo.museudapessoa.org\/vidas-em-costura\/#website\"},\"datePublished\":\"2023-10-05T18:26:21+00:00\",\"dateModified\":\"2024-02-20T16:22:33+00:00\",\"breadcrumb\":{\"@id\":\"https:\/\/memo.museudapessoa.org\/vidas-em-costura\/historias\/#breadcrumb\"},\"inLanguage\":\"pt-BR\",\"potentialAction\":[{\"@type\":\"ReadAction\",\"target\":[\"https:\/\/memo.museudapessoa.org\/vidas-em-costura\/historias\/\"]}]},{\"@type\":\"BreadcrumbList\",\"@id\":\"https:\/\/memo.museudapessoa.org\/vidas-em-costura\/historias\/#breadcrumb\",\"itemListElement\":[{\"@type\":\"ListItem\",\"position\":1,\"name\":\"Home\",\"item\":\"https:\/\/memo.museudapessoa.org\/vidas-em-costura\/\"},{\"@type\":\"ListItem\",\"position\":2,\"name\":\"Hist\u00f3rias\"}]},{\"@type\":\"WebSite\",\"@id\":\"https:\/\/memo.museudapessoa.org\/vidas-em-costura\/#website\",\"url\":\"https:\/\/memo.museudapessoa.org\/vidas-em-costura\/\",\"name\":\"Vidas em Costura\",\"description\":\"\",\"potentialAction\":[{\"@type\":\"SearchAction\",\"target\":{\"@type\":\"EntryPoint\",\"urlTemplate\":\"https:\/\/memo.museudapessoa.org\/vidas-em-costura\/?s={search_term_string}\"},\"query-input\":\"required name=search_term_string\"}],\"inLanguage\":\"pt-BR\"}]}<\/script>\n<!-- \/ Yoast SEO plugin. -->","yoast_head_json":{"title":"Hist\u00f3rias - Vidas em Costura","robots":{"index":"noindex","follow":"follow","max-snippet":"max-snippet:-1","max-image-preview":"max-image-preview:large","max-video-preview":"max-video-preview:-1"},"og_locale":"pt_BR","og_type":"article","og_title":"Hist\u00f3rias - Vidas em Costura","og_url":"https:\/\/memo.museudapessoa.org\/vidas-em-costura\/historias\/","og_site_name":"Vidas em Costura","article_modified_time":"2024-02-20T16:22:33+00:00","twitter_card":"summary_large_image","schema":{"@context":"https:\/\/schema.org","@graph":[{"@type":"WebPage","@id":"https:\/\/memo.museudapessoa.org\/vidas-em-costura\/historias\/","url":"https:\/\/memo.museudapessoa.org\/vidas-em-costura\/historias\/","name":"Hist\u00f3rias - Vidas em Costura","isPartOf":{"@id":"https:\/\/memo.museudapessoa.org\/vidas-em-costura\/#website"},"datePublished":"2023-10-05T18:26:21+00:00","dateModified":"2024-02-20T16:22:33+00:00","breadcrumb":{"@id":"https:\/\/memo.museudapessoa.org\/vidas-em-costura\/historias\/#breadcrumb"},"inLanguage":"pt-BR","potentialAction":[{"@type":"ReadAction","target":["https:\/\/memo.museudapessoa.org\/vidas-em-costura\/historias\/"]}]},{"@type":"BreadcrumbList","@id":"https:\/\/memo.museudapessoa.org\/vidas-em-costura\/historias\/#breadcrumb","itemListElement":[{"@type":"ListItem","position":1,"name":"Home","item":"https:\/\/memo.museudapessoa.org\/vidas-em-costura\/"},{"@type":"ListItem","position":2,"name":"Hist\u00f3rias"}]},{"@type":"WebSite","@id":"https:\/\/memo.museudapessoa.org\/vidas-em-costura\/#website","url":"https:\/\/memo.museudapessoa.org\/vidas-em-costura\/","name":"Vidas em Costura","description":"","potentialAction":[{"@type":"SearchAction","target":{"@type":"EntryPoint","urlTemplate":"https:\/\/memo.museudapessoa.org\/vidas-em-costura\/?s={search_term_string}"},"query-input":"required name=search_term_string"}],"inLanguage":"pt-BR"}]}},"_links":{"self":[{"href":"https:\/\/memo.museudapessoa.org\/vidas-em-costura\/wp-json\/wp\/v2\/pages\/11"}],"collection":[{"href":"https:\/\/memo.museudapessoa.org\/vidas-em-costura\/wp-json\/wp\/v2\/pages"}],"about":[{"href":"https:\/\/memo.museudapessoa.org\/vidas-em-costura\/wp-json\/wp\/v2\/types\/page"}],"author":[{"embeddable":true,"href":"https:\/\/memo.museudapessoa.org\/vidas-em-costura\/wp-json\/wp\/v2\/users\/1"}],"replies":[{"embeddable":true,"href":"https:\/\/memo.museudapessoa.org\/vidas-em-costura\/wp-json\/wp\/v2\/comments?post=11"}],"version-history":[{"count":300,"href":"https:\/\/memo.museudapessoa.org\/vidas-em-costura\/wp-json\/wp\/v2\/pages\/11\/revisions"}],"predecessor-version":[{"id":1521,"href":"https:\/\/memo.museudapessoa.org\/vidas-em-costura\/wp-json\/wp\/v2\/pages\/11\/revisions\/1521"}],"wp:attachment":[{"href":"https:\/\/memo.museudapessoa.org\/vidas-em-costura\/wp-json\/wp\/v2\/media?parent=11"}],"curies":[{"name":"wp","href":"https:\/\/api.w.org\/{rel}","templated":true}]}}